{"id":94,"date":"2014-08-06T16:20:28","date_gmt":"2014-08-06T16:20:28","guid":{"rendered":"http:\/\/taxhelplaw.com\/SP\/?page_id=94"},"modified":"2022-12-05T03:29:38","modified_gmt":"2022-12-05T03:29:38","slug":"soluciones","status":"publish","type":"page","link":"https:\/\/taxhelplaw.com\/sptax\/soluciones\/","title":{"rendered":"Soluciones"},"content":{"rendered":"<p>&nbsp;<\/p>\n<h6><strong>Pasos de Casos<\/strong><\/h6>\n<p>Nosotros reconocemos que el costo es una preocupaci\u00f3n para los consumidores. Por lo tanto, creamos <strong>Pasos de Casos<\/strong> a seguir para que usted complete, que bajan el costo y proveen soluciones m\u00e1s r\u00e1pidas.<\/p>\n<p><em>Tal vez usted tenga varios problemas con el <a href=\"https:\/\/www.irs.gov\/es\" target=\"_blank\" rel=\"noopener\">IRS<\/a> pero las categor\u00edas de abajo son las m\u00e1s comunes. Encuentre su problema y haga clic. <\/em><em>Si usted ha recibido avisos del IRS recientemente o si ya sabe cu\u00e1l es su problema, haga clic en los botones de abajo para los Pasos de Casos a Seguir para las soluciones.<\/em><\/p>\n<div class=\"one-third first\"><a class=\"maxbutton-28 maxbutton maxbutton-cobros\" href=\"https:\/\/taxhelplaw.com\/sptax\/soluciones\/cobros\/\" data-maxbuttoncounter=\"{&quot;button_id&quot;:&quot;28&quot;,&quot;url&quot;:&quot;https:\\\/\\\/taxhelplaw.com\\\/sptax\\\/soluciones\\\/cobros\\\/&quot;,&quot;check&quot;:&quot;9wT3WSd0&quot;}\" data-maxbuttonpage=\"{&quot;id&quot;:94,&quot;type&quot;:&quot;page&quot;}\"><span class='mb-text' >Cobros<\/span><\/a><\/div>\n<div class=\"one-third\"><a class=\"maxbutton-26 maxbutton maxbutton-errores-de-declaracion\" href=\"https:\/\/taxhelplaw.com\/sptax\/soluciones\/pasos-de-casos-errores-de-declaracion\/\" data-maxbuttoncounter=\"{&quot;button_id&quot;:&quot;26&quot;,&quot;url&quot;:&quot;https:\\\/\\\/taxhelplaw.com\\\/sptax\\\/soluciones\\\/pasos-de-casos-errores-de-declaracion\\\/&quot;,&quot;check&quot;:&quot;jPKPJ2Lc&quot;}\" data-maxbuttonpage=\"{&quot;id&quot;:94,&quot;type&quot;:&quot;page&quot;}\"><span class='mb-text' >Errores de Declaraci\u00f3n<\/span><\/a><\/div>\n<div class=\"one-third\"><a class=\"maxbutton-25 maxbutton maxbutton-auditorias\" href=\"https:\/\/taxhelplaw.com\/sptax\/soluciones\/pasos-de-casos-auditorias\/\" data-maxbuttoncounter=\"{&quot;button_id&quot;:&quot;25&quot;,&quot;url&quot;:&quot;https:\\\/\\\/taxhelplaw.com\\\/sptax\\\/soluciones\\\/pasos-de-casos-auditorias\\\/&quot;,&quot;check&quot;:&quot;_Ub86Ytg&quot;}\" data-maxbuttonpage=\"{&quot;id&quot;:94,&quot;type&quot;:&quot;page&quot;}\"><span class='mb-text' >Auditor\u00edas<\/span><\/a><\/div>\n<p>&nbsp;<\/p>\n<div class=\"one-third first\"><a class=\"maxbutton-24 maxbutton maxbutton-solicitud-de-declaracion\" href=\"https:\/\/taxhelplaw.com\/sptax\/soluciones\/pasos-de-casos-solicitud-de-declaracion\/\" data-maxbuttoncounter=\"{&quot;button_id&quot;:&quot;24&quot;,&quot;url&quot;:&quot;https:\\\/\\\/taxhelplaw.com\\\/sptax\\\/soluciones\\\/pasos-de-casos-solicitud-de-declaracion\\\/&quot;,&quot;check&quot;:&quot;suFDIKPy&quot;}\" data-maxbuttonpage=\"{&quot;id&quot;:94,&quot;type&quot;:&quot;page&quot;}\"><span class='mb-text' >Solicitud de Declaraci\u00f3n<\/span><\/a><\/div>\n<div class=\"one-third\"><a class=\"maxbutton-23 maxbutton maxbutton-negocios\" href=\"https:\/\/taxhelplaw.com\/sptax\/soluciones\/impuestos-de-negocio\/\" data-maxbuttoncounter=\"{&quot;button_id&quot;:&quot;23&quot;,&quot;url&quot;:&quot;https:\\\/\\\/taxhelplaw.com\\\/sptax\\\/soluciones\\\/impuestos-de-negocio\\\/&quot;,&quot;check&quot;:&quot;4cSq5HaK&quot;}\" data-maxbuttonpage=\"{&quot;id&quot;:94,&quot;type&quot;:&quot;page&quot;}\"><span class='mb-text' >Negocios<\/span><\/a><\/div>\n<div class=\"one-third\"><a class=\"maxbutton-22 maxbutton maxbutton-documentos-perdidos\" href=\"https:\/\/taxhelplaw.com\/sptax\/soluciones\/pasos-de-casos-documentos-perdidos\/\" data-maxbuttoncounter=\"{&quot;button_id&quot;:&quot;22&quot;,&quot;url&quot;:&quot;https:\\\/\\\/taxhelplaw.com\\\/sptax\\\/soluciones\\\/pasos-de-casos-documentos-perdidos\\\/&quot;,&quot;check&quot;:&quot;VoHge-Z2&quot;}\" data-maxbuttonpage=\"{&quot;id&quot;:94,&quot;type&quot;:&quot;page&quot;}\"><span class='mb-text' >Documentos Perdidos<\/span><\/a><\/div>\n<p>&nbsp;<\/p>\n<div class=\"one-third first\"><a class=\"maxbutton-21 maxbutton maxbutton-apelaciones\" href=\"https:\/\/taxhelplaw.com\/sptax\/soluciones\/pasos-de-casos-apelaciones-del-irs\/\" data-maxbuttoncounter=\"{&quot;button_id&quot;:&quot;21&quot;,&quot;url&quot;:&quot;https:\\\/\\\/taxhelplaw.com\\\/sptax\\\/soluciones\\\/pasos-de-casos-apelaciones-del-irs\\\/&quot;,&quot;check&quot;:&quot;WrTcdvZk&quot;}\" data-maxbuttonpage=\"{&quot;id&quot;:94,&quot;type&quot;:&quot;page&quot;}\"><span class='mb-text' >Apelaciones<\/span><\/a><\/div>\n<div class=\"one-third\"><a class=\"maxbutton-20 maxbutton maxbutton-casos-de-corte\" href=\"https:\/\/taxhelplaw.com\/sptax\/soluciones\/pasos-de-casos-corte\/\" data-maxbuttoncounter=\"{&quot;button_id&quot;:&quot;20&quot;,&quot;url&quot;:&quot;https:\\\/\\\/taxhelplaw.com\\\/sptax\\\/soluciones\\\/pasos-de-casos-corte\\\/&quot;,&quot;check&quot;:&quot;Oya0L8Oy&quot;}\" data-maxbuttonpage=\"{&quot;id&quot;:94,&quot;type&quot;:&quot;page&quot;}\"><span class='mb-text' >Casos de Corte<\/span><\/a><\/div>\n<div class=\"one-third\"><a class=\"maxbutton-19 maxbutton maxbutton-multas-e-intereses\" href=\"https:\/\/taxhelplaw.com\/sptax\/soluciones\/pasos-de-casos-multas-e-intereses\/\" data-maxbuttoncounter=\"{&quot;button_id&quot;:&quot;19&quot;,&quot;url&quot;:&quot;https:\\\/\\\/taxhelplaw.com\\\/sptax\\\/soluciones\\\/pasos-de-casos-multas-e-intereses\\\/&quot;,&quot;check&quot;:&quot;53xtMW-x&quot;}\" data-maxbuttonpage=\"{&quot;id&quot;:94,&quot;type&quot;:&quot;page&quot;}\"><span class='mb-text' >Multas e Intereses<\/span><\/a><\/div>\n<p>&nbsp;<\/p>\n<div class=\"one-third first\"><a class=\"maxbutton-18 maxbutton maxbutton-prorrogas\" href=\"https:\/\/taxhelplaw.com\/sptax\/soluciones\/pasos-de-casos-prorrogas\/\" data-maxbuttoncounter=\"{&quot;button_id&quot;:&quot;18&quot;,&quot;url&quot;:&quot;https:\\\/\\\/taxhelplaw.com\\\/sptax\\\/soluciones\\\/pasos-de-casos-prorrogas\\\/&quot;,&quot;check&quot;:&quot;QNxymA5K&quot;}\" data-maxbuttonpage=\"{&quot;id&quot;:94,&quot;type&quot;:&quot;page&quot;}\"><span class='mb-text' >Pr\u00f3rrogas<\/span><\/a><\/div>\n<div class=\"one-third\"><a class=\"maxbutton-16 maxbutton maxbutton-procesos-penales\" href=\"https:\/\/taxhelplaw.com\/sptax\/soluciones\/pasos-de-casos-procesos-penales\/\" data-maxbuttoncounter=\"{&quot;button_id&quot;:&quot;16&quot;,&quot;url&quot;:&quot;https:\\\/\\\/taxhelplaw.com\\\/sptax\\\/soluciones\\\/pasos-de-casos-procesos-penales\\\/&quot;,&quot;check&quot;:&quot;z3FFqleD&quot;}\" data-maxbuttonpage=\"{&quot;id&quot;:94,&quot;type&quot;:&quot;page&quot;}\"><span class='mb-text' >Procesos Penales<\/span><\/a><\/div>\n<div class=\"one-third\"><a class=\"maxbutton-15 maxbutton maxbutton-otros-problemas\" href=\"https:\/\/taxhelplaw.com\/sptax\/soluciones\/pasos-de-casos-otros-problemas\/\" data-maxbuttoncounter=\"{&quot;button_id&quot;:&quot;15&quot;,&quot;url&quot;:&quot;https:\\\/\\\/taxhelplaw.com\\\/sptax\\\/soluciones\\\/pasos-de-casos-otros-problemas\\\/&quot;,&quot;check&quot;:&quot;9LhL_tyW&quot;}\" data-maxbuttonpage=\"{&quot;id&quot;:94,&quot;type&quot;:&quot;page&quot;}\"><span class='mb-text' >Otros Problemas<\/span><\/a><\/div>\n<p>&nbsp;<\/p>\n<div class=\"one-third first\"><a class=\"maxbutton-14 maxbutton maxbutton-problemas-de-colorado\" href=\"https:\/\/taxhelplaw.com\/sptax\/soluciones\/pasos-de-casos-problemas-con-impuestos-en-colorado\/\" data-maxbuttoncounter=\"{&quot;button_id&quot;:&quot;14&quot;,&quot;url&quot;:&quot;https:\\\/\\\/taxhelplaw.com\\\/sptax\\\/soluciones\\\/pasos-de-casos-problemas-con-impuestos-en-colorado\\\/&quot;,&quot;check&quot;:&quot;U2eQkXdF&quot;}\" data-maxbuttonpage=\"{&quot;id&quot;:94,&quot;type&quot;:&quot;page&quot;}\"><span class='mb-text' >Problemas de Colorado<\/span><\/a><\/div>\n<div class=\"one-third\"><\/div>\n<div class=\"one-third\"><\/div>\n<div><\/div>\n<div><\/div>\n<p>&nbsp;<br \/>\n&nbsp;<br \/>\n&nbsp;<br \/>\n&nbsp;<\/p>\n<h6 style=\"text-align: left;\"><span style=\"color: #808080;\">TaxHelpLaw ofrece sus servicios en Colorado Springs<\/span><\/h6>\n<p><span style=\"color: #808080;\">y el \u00e1rea frontal de las Monta\u00f1as Rocosas incluyendo Manitou Springs, Fountain, Widefield, Briargate, Cascade, Chipita Park, Woodland Park, Security, Peyton, Cimarron Hills, Black Forest, Pueblo, Ft Carson, Security, Widefield, Fountain, Penrose, Fremont County, Limon, Simla, Ramah, Calhan, Kit Carson, Eads, Haswell, Sheridan Lake, Avondale, Boone, Olney Springs, Fowler, Manzanola, Ordway, Sugar City, Cheraw, Cheyenne Wells, Genoa, Arriba, Flagler, Seibert, Vona, Stratton, Burlington, Hugo, Victor, Cripple Creek, Green Mountain Falls, Northgate, Old Colorado City, Cascade, Stratmoor, Stratmoor Hills, Broadmore, Florissant, Briargate, Gleneagle, y Monument.<\/span><\/p>\n<h6><span style=\"color: #808080;\">TaxHelpLaw tambi\u00e9n ofrece sus servicios en el \u00e1rea de Pueblo<\/span><\/h6>\n<p><span style=\"color: #808080;\">incluyendo Pueblo West, Florence, Ca\u00f1on City, Salida, Colorado City, Walsenburg, Trinidad, Alamosa, La Junta, Rocky Ford, Las Animas, Lamar, Syracuse, Lakin, Garden City, Springfield, Monte Vista, Del Norte, Center, Fountain Valley, Fountain, Manitou Springs, Fountain, Avondale, Boone, Fowler, Manzanola, Lathrop, Fort Garland, San Luis, Rye, Cotopaxi, Poncha Springs, Hartsel, Lake George, Florissant, Woodland Park, Huerfano, Widefield, Penrose, Cascade, Security, Peyton, Pueblo, Ft Carson, Security, Fremont County, Limon, Simla, Ramah, Calhan, Kit Carson, Eads, Haswell, Sheridan Lake, Avondale, Boone, Olney Springs, Fowler, Manzanola, Ordway, Sugar City, Cheraw, Cheyenne Wells, Genoa, Arriba, Flagler, Seibert, Vona, Stratton, Burlington, Hugo, Victor, Cripple Creek, y Green Mountain Falls.<\/span><\/p>\n<p><a href=\"https:\/\/taxhelplaw.com\/sptax\/sample-page-2\/contactenos\/\"><img loading=\"lazy\" decoding=\"async\" class=\"aligncenter size-full wp-image-3464\" title=\"Soluciones para los problemas m\u00e1s comunes con el IRS\" src=\"https:\/\/taxhelplaw.com\/sptax\/wp-content\/uploads\/2022\/01\/taxhelpenespanol.jpg\" alt=\" Soluciones para los problemas m\u00e1s comunes con el IRS. Abogado de derecho fiscal en Colorado Springs. Abogado de impuestos en Colorado Springs\" width=\"300\" height=\"101\" \/><\/a><\/p>\n","protected":false},"excerpt":{"rendered":"<p>&nbsp; Pasos de Casos Nosotros reconocemos que el costo es una preocupaci\u00f3n para los consumidores. Por lo tanto, creamos Pasos de Casos a seguir para que usted complete, que bajan el costo y proveen soluciones m\u00e1s r\u00e1pidas. Tal vez usted tenga varios problemas con el IRS pero las categor\u00edas de abajo son las m\u00e1s comunes. [&hellip;]<\/p>\n","protected":false},"author":1,"featured_media":0,"parent":0,"menu_order":4,"comment_status":"closed","ping_status":"closed","template":"","meta":{"_genesis_hide_title":false,"_genesis_hide_breadcrumbs":false,"_genesis_hide_singular_image":false,"_genesis_hide_footer_widgets":false,"_genesis_custom_body_class":"","_genesis_custom_post_class":"","_genesis_layout":"full-width-content","footnotes":""},"class_list":{"0":"post-94","1":"page","2":"type-page","3":"status-publish","5":"entry"},"yoast_head":"<!-- This site is optimized with the Yoast SEO Premium plugin v27.0 (Yoast SEO v27.4) - https:\/\/yoast.com\/product\/yoast-seo-premium-wordpress\/ -->\n<title>Soluciones del abogado de derecho fiscal - TaxHelpLaw<\/title>\n<meta name=\"description\" content=\"Los problemas m\u00e1s comunes con el IRS. Siga los pasos para solucionar su problema de impuestos. Estamos aqu\u00ed para ayudarlo.\" \/>\n<meta name=\"robots\" content=\"index, follow, max-snippet:-1, max-image-preview:large, max-video-preview:-1\" \/>\n<link rel=\"canonical\" href=\"https:\/\/taxhelplaw.com\/sptax\/soluciones\/\" \/>\n<meta property=\"og:locale\" content=\"es_MX\" \/>\n<meta property=\"og:type\" content=\"article\" \/>\n<meta property=\"og:title\" content=\"Soluciones\" \/>\n<meta property=\"og:description\" content=\"Los problemas m\u00e1s comunes con el IRS. Siga los pasos para solucionar su problema de impuestos. Estamos aqu\u00ed para ayudarlo.\" \/>\n<meta property=\"og:url\" content=\"https:\/\/taxhelplaw.com\/sptax\/soluciones\/\" \/>\n<meta property=\"og:site_name\" content=\"J. David Hopkins, JD LLM\" \/>\n<meta property=\"article:modified_time\" content=\"2022-12-05T03:29:38+00:00\" \/>\n<meta property=\"og:image\" content=\"https:\/\/taxhelplaw.com\/sptax\/wp-content\/uploads\/2022\/01\/taxhelpenespanol.jpg\" \/>\n<meta name=\"twitter:card\" content=\"summary_large_image\" \/>\n<meta name=\"twitter:label1\" content=\"Tiempo de lectura\" \/>\n\t<meta name=\"twitter:data1\" content=\"2 minutos\" \/>\n<script type=\"application\/ld+json\" class=\"yoast-schema-graph\">{\"@context\":\"https:\\\/\\\/schema.org\",\"@graph\":[{\"@type\":\"WebPage\",\"@id\":\"https:\\\/\\\/taxhelplaw.com\\\/sptax\\\/soluciones\\\/\",\"url\":\"https:\\\/\\\/taxhelplaw.com\\\/sptax\\\/soluciones\\\/\",\"name\":\"Soluciones del abogado de derecho fiscal - TaxHelpLaw\",\"isPartOf\":{\"@id\":\"https:\\\/\\\/taxhelplaw.com\\\/sptax\\\/#website\"},\"primaryImageOfPage\":{\"@id\":\"https:\\\/\\\/taxhelplaw.com\\\/sptax\\\/soluciones\\\/#primaryimage\"},\"image\":{\"@id\":\"https:\\\/\\\/taxhelplaw.com\\\/sptax\\\/soluciones\\\/#primaryimage\"},\"thumbnailUrl\":\"https:\\\/\\\/taxhelplaw.com\\\/sptax\\\/wp-content\\\/uploads\\\/2022\\\/01\\\/taxhelpenespanol.jpg\",\"datePublished\":\"2014-08-06T16:20:28+00:00\",\"dateModified\":\"2022-12-05T03:29:38+00:00\",\"description\":\"Los problemas m\u00e1s comunes con el IRS. Siga los pasos para solucionar su problema de impuestos. Estamos aqu\u00ed para ayudarlo.\",\"breadcrumb\":{\"@id\":\"https:\\\/\\\/taxhelplaw.com\\\/sptax\\\/soluciones\\\/#breadcrumb\"},\"inLanguage\":\"es\",\"potentialAction\":[{\"@type\":\"ReadAction\",\"target\":[\"https:\\\/\\\/taxhelplaw.com\\\/sptax\\\/soluciones\\\/\"]}]},{\"@type\":\"ImageObject\",\"inLanguage\":\"es\",\"@id\":\"https:\\\/\\\/taxhelplaw.com\\\/sptax\\\/soluciones\\\/#primaryimage\",\"url\":\"https:\\\/\\\/taxhelplaw.com\\\/sptax\\\/wp-content\\\/uploads\\\/2022\\\/01\\\/taxhelpenespanol.jpg\",\"contentUrl\":\"https:\\\/\\\/taxhelplaw.com\\\/sptax\\\/wp-content\\\/uploads\\\/2022\\\/01\\\/taxhelpenespanol.jpg\",\"width\":300,\"height\":101},{\"@type\":\"BreadcrumbList\",\"@id\":\"https:\\\/\\\/taxhelplaw.com\\\/sptax\\\/soluciones\\\/#breadcrumb\",\"itemListElement\":[{\"@type\":\"ListItem\",\"position\":1,\"name\":\"Home\",\"item\":\"https:\\\/\\\/taxhelplaw.com\\\/sptax\\\/\"},{\"@type\":\"ListItem\",\"position\":2,\"name\":\"Soluciones\"}]},{\"@type\":\"WebSite\",\"@id\":\"https:\\\/\\\/taxhelplaw.com\\\/sptax\\\/#website\",\"url\":\"https:\\\/\\\/taxhelplaw.com\\\/sptax\\\/\",\"name\":\"J. David Hopkins, JD LLM\",\"description\":\"Maestr\u00eda en Derecho Tributario\",\"publisher\":{\"@id\":\"https:\\\/\\\/taxhelplaw.com\\\/sptax\\\/#organization\"},\"alternateName\":\"TaxHelpLaw en Espa\u00f1ol\",\"potentialAction\":[{\"@type\":\"SearchAction\",\"target\":{\"@type\":\"EntryPoint\",\"urlTemplate\":\"https:\\\/\\\/taxhelplaw.com\\\/sptax\\\/?s={search_term_string}\"},\"query-input\":{\"@type\":\"PropertyValueSpecification\",\"valueRequired\":true,\"valueName\":\"search_term_string\"}}],\"inLanguage\":\"es\"},{\"@type\":\"Organization\",\"@id\":\"https:\\\/\\\/taxhelplaw.com\\\/sptax\\\/#organization\",\"name\":\"TaxHelp, Inc.\",\"url\":\"https:\\\/\\\/taxhelplaw.com\\\/sptax\\\/\",\"logo\":{\"@type\":\"ImageObject\",\"inLanguage\":\"es\",\"@id\":\"https:\\\/\\\/taxhelplaw.com\\\/sptax\\\/#\\\/schema\\\/logo\\\/image\\\/\",\"url\":\"https:\\\/\\\/taxhelplaw.com\\\/sptax\\\/wp-content\\\/uploads\\\/2022\\\/01\\\/taxhelpenespanol.jpg\",\"contentUrl\":\"https:\\\/\\\/taxhelplaw.com\\\/sptax\\\/wp-content\\\/uploads\\\/2022\\\/01\\\/taxhelpenespanol.jpg\",\"width\":300,\"height\":101,\"caption\":\"TaxHelp, Inc.\"},\"image\":{\"@id\":\"https:\\\/\\\/taxhelplaw.com\\\/sptax\\\/#\\\/schema\\\/logo\\\/image\\\/\"}}]}<\/script>\n<!-- \/ Yoast SEO Premium plugin. -->","yoast_head_json":{"title":"Soluciones del abogado de derecho fiscal - TaxHelpLaw","description":"Los problemas m\u00e1s comunes con el IRS. Siga los pasos para solucionar su problema de impuestos. Estamos aqu\u00ed para ayudarlo.","robots":{"index":"index","follow":"follow","max-snippet":"max-snippet:-1","max-image-preview":"max-image-preview:large","max-video-preview":"max-video-preview:-1"},"canonical":"https:\/\/taxhelplaw.com\/sptax\/soluciones\/","og_locale":"es_MX","og_type":"article","og_title":"Soluciones","og_description":"Los problemas m\u00e1s comunes con el IRS. Siga los pasos para solucionar su problema de impuestos. Estamos aqu\u00ed para ayudarlo.","og_url":"https:\/\/taxhelplaw.com\/sptax\/soluciones\/","og_site_name":"J. David Hopkins, JD LLM","article_modified_time":"2022-12-05T03:29:38+00:00","og_image":[{"url":"https:\/\/taxhelplaw.com\/sptax\/wp-content\/uploads\/2022\/01\/taxhelpenespanol.jpg","type":"","width":"","height":""}],"twitter_card":"summary_large_image","twitter_misc":{"Tiempo de lectura":"2 minutos"},"schema":{"@context":"https:\/\/schema.org","@graph":[{"@type":"WebPage","@id":"https:\/\/taxhelplaw.com\/sptax\/soluciones\/","url":"https:\/\/taxhelplaw.com\/sptax\/soluciones\/","name":"Soluciones del abogado de derecho fiscal - TaxHelpLaw","isPartOf":{"@id":"https:\/\/taxhelplaw.com\/sptax\/#website"},"primaryImageOfPage":{"@id":"https:\/\/taxhelplaw.com\/sptax\/soluciones\/#primaryimage"},"image":{"@id":"https:\/\/taxhelplaw.com\/sptax\/soluciones\/#primaryimage"},"thumbnailUrl":"https:\/\/taxhelplaw.com\/sptax\/wp-content\/uploads\/2022\/01\/taxhelpenespanol.jpg","datePublished":"2014-08-06T16:20:28+00:00","dateModified":"2022-12-05T03:29:38+00:00","description":"Los problemas m\u00e1s comunes con el IRS. Siga los pasos para solucionar su problema de impuestos. Estamos aqu\u00ed para ayudarlo.","breadcrumb":{"@id":"https:\/\/taxhelplaw.com\/sptax\/soluciones\/#breadcrumb"},"inLanguage":"es","potentialAction":[{"@type":"ReadAction","target":["https:\/\/taxhelplaw.com\/sptax\/soluciones\/"]}]},{"@type":"ImageObject","inLanguage":"es","@id":"https:\/\/taxhelplaw.com\/sptax\/soluciones\/#primaryimage","url":"https:\/\/taxhelplaw.com\/sptax\/wp-content\/uploads\/2022\/01\/taxhelpenespanol.jpg","contentUrl":"https:\/\/taxhelplaw.com\/sptax\/wp-content\/uploads\/2022\/01\/taxhelpenespanol.jpg","width":300,"height":101},{"@type":"BreadcrumbList","@id":"https:\/\/taxhelplaw.com\/sptax\/soluciones\/#breadcrumb","itemListElement":[{"@type":"ListItem","position":1,"name":"Home","item":"https:\/\/taxhelplaw.com\/sptax\/"},{"@type":"ListItem","position":2,"name":"Soluciones"}]},{"@type":"WebSite","@id":"https:\/\/taxhelplaw.com\/sptax\/#website","url":"https:\/\/taxhelplaw.com\/sptax\/","name":"J. David Hopkins, JD LLM","description":"Maestr\u00eda en Derecho Tributario","publisher":{"@id":"https:\/\/taxhelplaw.com\/sptax\/#organization"},"alternateName":"TaxHelpLaw en Espa\u00f1ol","potentialAction":[{"@type":"SearchAction","target":{"@type":"EntryPoint","urlTemplate":"https:\/\/taxhelplaw.com\/sptax\/?s={search_term_string}"},"query-input":{"@type":"PropertyValueSpecification","valueRequired":true,"valueName":"search_term_string"}}],"inLanguage":"es"},{"@type":"Organization","@id":"https:\/\/taxhelplaw.com\/sptax\/#organization","name":"TaxHelp, Inc.","url":"https:\/\/taxhelplaw.com\/sptax\/","logo":{"@type":"ImageObject","inLanguage":"es","@id":"https:\/\/taxhelplaw.com\/sptax\/#\/schema\/logo\/image\/","url":"https:\/\/taxhelplaw.com\/sptax\/wp-content\/uploads\/2022\/01\/taxhelpenespanol.jpg","contentUrl":"https:\/\/taxhelplaw.com\/sptax\/wp-content\/uploads\/2022\/01\/taxhelpenespanol.jpg","width":300,"height":101,"caption":"TaxHelp, Inc."},"image":{"@id":"https:\/\/taxhelplaw.com\/sptax\/#\/schema\/logo\/image\/"}}]}},"jetpack_sharing_enabled":true,"_links":{"self":[{"href":"https:\/\/taxhelplaw.com\/sptax\/wp-json\/wp\/v2\/pages\/94","targetHints":{"allow":["GET"]}}],"collection":[{"href":"https:\/\/taxhelplaw.com\/sptax\/wp-json\/wp\/v2\/pages"}],"about":[{"href":"https:\/\/taxhelplaw.com\/sptax\/wp-json\/wp\/v2\/types\/page"}],"author":[{"embeddable":true,"href":"https:\/\/taxhelplaw.com\/sptax\/wp-json\/wp\/v2\/users\/1"}],"replies":[{"embeddable":true,"href":"https:\/\/taxhelplaw.com\/sptax\/wp-json\/wp\/v2\/comments?post=94"}],"version-history":[{"count":25,"href":"https:\/\/taxhelplaw.com\/sptax\/wp-json\/wp\/v2\/pages\/94\/revisions"}],"predecessor-version":[{"id":4705,"href":"https:\/\/taxhelplaw.com\/sptax\/wp-json\/wp\/v2\/pages\/94\/revisions\/4705"}],"wp:attachment":[{"href":"https:\/\/taxhelplaw.com\/sptax\/wp-json\/wp\/v2\/media?parent=94"}],"curies":[{"name":"wp","href":"https:\/\/api.w.org\/{rel}","templated":true}]}}