{"id":562,"date":"2015-02-08T07:05:02","date_gmt":"2015-02-08T07:05:02","guid":{"rendered":"http:\/\/taxhelplaw.com\/sp\/?page_id=562"},"modified":"2023-03-28T15:35:35","modified_gmt":"2023-03-28T15:35:35","slug":"aviso-cp297","status":"publish","type":"page","link":"https:\/\/taxhelplaw.com\/sptax\/soluciones\/impuestos-de-negocio\/aviso-cp297\/","title":{"rendered":"Aviso CP297"},"content":{"rendered":"<p>El <a href=\"https:\/\/www.irs.gov\/es\/individuals\/understanding-your-irs-notice-or-letter\" target=\"_blank\" rel=\"noopener\">IRS<\/a> usa el Aviso CP297C para avisarle de su intenci\u00f3n de aplicar un embargo. Este aviso es URGENTE ya que en 30 d\u00edas pueden tomar posesi\u00f3n de toda la propiedad del negocio. Es el mismo aviso que el <a title=\"Aviso CP90\" target=\"_blank\" href=\"\/\/taxhelplaw.com\/sptax\/soluciones\/cobros\/aviso-cp90\/\" rel=\"noopener\"><span style=\"color: #0000ff;\">CP90<\/span><\/a> que env\u00edan a los individuos. (<em>Vea<\/em> versiones Avisos <span style=\"color: #0000ff;\"><a style=\"color: #0000ff;\" title=\"CP297\" href=\"\/sptax\/wp-content\/uploads\/2015\/02\/AvisoCP297-1.jpg\" class=\"popup\" rel=\"noopener\">CP297<\/a><\/span> y <a title=\"Aviso CP297A\" href=\"\/sptax\/wp-content\/uploads\/2015\/02\/AvisoCP297A-1.jpg\" class=\"popup\" rel=\"noopener\"><span style=\"color: #0000ff;\">CP297A<\/span><\/a>)<\/p>\n<p>El prop\u00f3sito de este aviso es informarle que el IRS va a tomar sus pagos federales, a los que el negocio tiene derecho. Sin embargo, porque es un Aviso de intenci\u00f3n de aplicar un embargo (como exige la ley), el IRS puede apoderarse de cualquier propiedad.<\/p>\n<p>Su reacci\u00f3n depender\u00e1 del tipo de impuesto involucrado y si el negocio est\u00e1 abierto y quiere permanecer abierto. Si el impuesto es de retenci\u00f3n del empleado, el due\u00f1o del negocio estar\u00e1 interesado en pagar el impuesto ya que es personalmente responsable por la parte del impuesto que tiene que ver con la Multa por recuperaci\u00f3n del fondo fiduciario. Si el negocio ya no est\u00e1 abierto, el due\u00f1o tendr\u00e1 que enfrentar al IRS personalmente. Vea los Pasos de Casos a seguir para <a title=\"Pasos de Casos \u2013 Impuestos de Negocio\" target=\"_blank\" href=\"\/\/taxhelplaw.com\/sptax\/soluciones\/impuestos-de-negocio\/\" rel=\"noopener\"><span style=\"color: #0000ff;\">Impuestos de negocios<\/span><\/a> y <a title=\"Pasos de Casos \u2013 Cobros\" target=\"_blank\" href=\"\/\/taxhelplaw.com\/sptax\/soluciones\/cobros\/\" rel=\"noopener\"><span style=\"color: #0000ff;\">Cobros<\/span><\/a>.<\/p>\n<p>Si las cartas del IRS que usted recibe vienen del Centro de cobros automatizado, es m\u00e1s dif\u00edcil que se apoderen de su propiedad. Un funcionario de cobro de impuestos local puede apoderarse de su propiedad m\u00e1s f\u00e1cilmente. Parece que no pero puede ser ventajoso que uno de estos funcionarios est\u00e9 ocup\u00e1ndose de su caso.<\/p>\n<p>El IRS primero toma los blancos f\u00e1ciles, como por ejemplo las cuentas <a title=\"Formulario 668-A(c)\" target=\"_blank\" href=\"\/\/taxhelplaw.com\/sptax\/soluciones\/cobros\/formulario-668-ac\/\" rel=\"noopener\"><span style=\"color: #0000ff;\">bancarias<\/span><\/a>, si usted no responde de manera correcta y con los formularios apropiados. Luego, las cuentas por cobrar, lo que puede ser terrible para un negocio ya que los clientes van a enterarse que el negocio est\u00e1 en problemas con el IRS. Los funcionarios del IRS tienen la autoridad de cerrar un negocio.<\/p>\n<p>Hay que actuar r\u00e1pidamente para impedir el contacto del IRS con los clientes del negocio y para prevenir embargos de la propiedad del negocio, as\u00ed tambi\u00e9n como de las cuentas bancarias del negocio.<\/p>\n<p>A veces hay que presentar una declaraci\u00f3n de impuesto y reunir informaci\u00f3n financiera, lo cual puede ser complicado pero no imposible.<\/p>\n<p>Lo m\u00e1s seguro es que tenga que completar el Formulario <a title=\"Formulario 433-B\" href=\"\/\/www.irs.gov\/pub\/irs-pdf\/f433bsp.pdf\" class=\"popup\" rel=\"noopener\"><span style=\"color: #0000ff;\">433-B<\/span><\/a>, el cual expondr\u00e1 los ingresos y bienes de la empresa. \u00a1Tome nuestro \u201cWebinar\u201d para aprender trucos y trampitas para completar este formulario!<\/p>\n<p>Por favor vea los <a title=\"Pasos de Casos \u2013 Cobros\" target=\"_blank\" href=\"\/\/taxhelplaw.com\/sptax\/soluciones\/cobros\/\" rel=\"noopener\"><span style=\"color: #0000ff;\">Pasos a Pasos<\/span><\/a> a seguir para el Aviso CP297C y vea a nuestro abogado, el Lic. Hopkins, en Colorado Springs o Pueblo, antes de continuar con su caso.<\/p>\n<div class=\"one-half first\">\n<h6>Versi\u00f3n en ingl\u00e9s:<\/h6>\n<\/div>\n<div class=\"one-half\"><a href=\"\/sptax\/wp-content\/uploads\/2015\/02\/Aviso-CP297C-1.jpg\" class=\"popup\">Notice CP297C<\/a><\/div>\n<p>&nbsp;<\/p>\n<div>\n<h6>Nuestra traducci\u00f3n al espa\u00f1ol:<\/h6>\n<\/div>\n<p><a title=\"Pasos de Casos \u2013 Cobros\" href=\"\/\/taxhelplaw.com\/sptax\/soluciones\/cobros\/\"><img loading=\"lazy\" decoding=\"async\" class=\"alignleft size-full wp-image-1106\" src=\"https:\/\/taxhelplaw.com\/sptax\/wp-content\/uploads\/2023\/03\/Avisocp297cenespanol.jpg\" alt=\"Aviso CP297C\" width=\"1246\" height=\"1666\" \/><\/a><\/p>\n<p><a href=\"https:\/\/taxhelplaw.com\/sptax\/sample-page-2\/contactenos\/\"><img loading=\"lazy\" decoding=\"async\" class=\"aligncenter size-full wp-image-3464\" title=\"Aviso CP615 del IRS\" src=\"https:\/\/taxhelplaw.com\/sptax\/wp-content\/uploads\/2022\/01\/taxhelpenespanol.jpg\" alt=\"Aviso CP615 del IRS. Abogado de derecho fiscal en Colorado Springs. Abogado de impuestos en Colorado Springs\" width=\"300\" height=\"101\" \/><\/a><\/p>\n","protected":false},"excerpt":{"rendered":"<p>El IRS usa el Aviso CP297C para avisarle de su intenci\u00f3n de aplicar un embargo. Este aviso es URGENTE ya que en 30 d\u00edas pueden tomar posesi\u00f3n de toda la propiedad del negocio. Es el mismo aviso que el CP90 que env\u00edan a los individuos. (Vea versiones Avisos CP297 y CP297A) El prop\u00f3sito de este [&hellip;]<\/p>\n","protected":false},"author":1,"featured_media":0,"parent":294,"menu_order":14,"comment_status":"closed","ping_status":"closed","template":"","meta":{"_genesis_hide_title":false,"_genesis_hide_breadcrumbs":false,"_genesis_hide_singular_image":false,"_genesis_hide_footer_widgets":false,"_genesis_custom_body_class":"","_genesis_custom_post_class":"","_genesis_layout":"","footnotes":""},"class_list":{"0":"post-562","1":"page","2":"type-page","3":"status-publish","5":"entry"},"yoast_head":"<!-- This site is optimized with the Yoast SEO Premium plugin v27.0 (Yoast SEO v27.4) - https:\/\/yoast.com\/product\/yoast-seo-premium-wordpress\/ -->\n<title>IRS Aviso CP297 Intenci\u00f3n de aplicar un embargo<\/title>\n<meta name=\"description\" content=\"Si tiene preguntas acerca del Aviso CP297, p\u00f3ngase en contacto con nuestro abogado de impuestos quien resolver\u00e1 sus problemas con el IRS.\" \/>\n<meta name=\"robots\" content=\"index, follow, max-snippet:-1, max-image-preview:large, max-video-preview:-1\" \/>\n<link rel=\"canonical\" href=\"https:\/\/taxhelplaw.com\/sptax\/soluciones\/impuestos-de-negocio\/aviso-cp297\/\" \/>\n<meta property=\"og:locale\" content=\"es_MX\" \/>\n<meta property=\"og:type\" content=\"article\" \/>\n<meta property=\"og:title\" content=\"Aviso CP297\" \/>\n<meta property=\"og:description\" content=\"Si tiene preguntas acerca del Aviso CP297, p\u00f3ngase en contacto con nuestro abogado de impuestos quien resolver\u00e1 sus problemas con el IRS.\" \/>\n<meta property=\"og:url\" content=\"https:\/\/taxhelplaw.com\/sptax\/soluciones\/impuestos-de-negocio\/aviso-cp297\/\" \/>\n<meta property=\"og:site_name\" content=\"J. David Hopkins, JD LLM\" \/>\n<meta property=\"article:modified_time\" content=\"2023-03-28T15:35:35+00:00\" \/>\n<meta property=\"og:image\" content=\"https:\/\/taxhelplaw.com\/sptax\/wp-content\/uploads\/2023\/03\/Avisocp297cenespanol.jpg\" \/>\n<meta name=\"twitter:card\" content=\"summary_large_image\" \/>\n<meta name=\"twitter:label1\" content=\"Tiempo de lectura\" \/>\n\t<meta name=\"twitter:data1\" content=\"3 minutos\" \/>\n<script type=\"application\/ld+json\" class=\"yoast-schema-graph\">{\"@context\":\"https:\\\/\\\/schema.org\",\"@graph\":[{\"@type\":\"WebPage\",\"@id\":\"https:\\\/\\\/taxhelplaw.com\\\/sptax\\\/soluciones\\\/impuestos-de-negocio\\\/aviso-cp297\\\/\",\"url\":\"https:\\\/\\\/taxhelplaw.com\\\/sptax\\\/soluciones\\\/impuestos-de-negocio\\\/aviso-cp297\\\/\",\"name\":\"IRS Aviso CP297 Intenci\u00f3n de aplicar un embargo\",\"isPartOf\":{\"@id\":\"https:\\\/\\\/taxhelplaw.com\\\/sptax\\\/#website\"},\"primaryImageOfPage\":{\"@id\":\"https:\\\/\\\/taxhelplaw.com\\\/sptax\\\/soluciones\\\/impuestos-de-negocio\\\/aviso-cp297\\\/#primaryimage\"},\"image\":{\"@id\":\"https:\\\/\\\/taxhelplaw.com\\\/sptax\\\/soluciones\\\/impuestos-de-negocio\\\/aviso-cp297\\\/#primaryimage\"},\"thumbnailUrl\":\"https:\\\/\\\/taxhelplaw.com\\\/sptax\\\/wp-content\\\/uploads\\\/2023\\\/03\\\/Avisocp297cenespanol.jpg\",\"datePublished\":\"2015-02-08T07:05:02+00:00\",\"dateModified\":\"2023-03-28T15:35:35+00:00\",\"description\":\"Si tiene preguntas acerca del Aviso CP297, p\u00f3ngase en contacto con nuestro abogado de impuestos quien resolver\u00e1 sus problemas con el IRS.\",\"breadcrumb\":{\"@id\":\"https:\\\/\\\/taxhelplaw.com\\\/sptax\\\/soluciones\\\/impuestos-de-negocio\\\/aviso-cp297\\\/#breadcrumb\"},\"inLanguage\":\"es\",\"potentialAction\":[{\"@type\":\"ReadAction\",\"target\":[\"https:\\\/\\\/taxhelplaw.com\\\/sptax\\\/soluciones\\\/impuestos-de-negocio\\\/aviso-cp297\\\/\"]}]},{\"@type\":\"ImageObject\",\"inLanguage\":\"es\",\"@id\":\"https:\\\/\\\/taxhelplaw.com\\\/sptax\\\/soluciones\\\/impuestos-de-negocio\\\/aviso-cp297\\\/#primaryimage\",\"url\":\"https:\\\/\\\/taxhelplaw.com\\\/sptax\\\/wp-content\\\/uploads\\\/2023\\\/03\\\/Avisocp297cenespanol.jpg\",\"contentUrl\":\"https:\\\/\\\/taxhelplaw.com\\\/sptax\\\/wp-content\\\/uploads\\\/2023\\\/03\\\/Avisocp297cenespanol.jpg\",\"width\":1284,\"height\":1662},{\"@type\":\"BreadcrumbList\",\"@id\":\"https:\\\/\\\/taxhelplaw.com\\\/sptax\\\/soluciones\\\/impuestos-de-negocio\\\/aviso-cp297\\\/#breadcrumb\",\"itemListElement\":[{\"@type\":\"ListItem\",\"position\":1,\"name\":\"Home\",\"item\":\"https:\\\/\\\/taxhelplaw.com\\\/sptax\\\/\"},{\"@type\":\"ListItem\",\"position\":2,\"name\":\"Soluciones\",\"item\":\"https:\\\/\\\/taxhelplaw.com\\\/sptax\\\/soluciones\\\/\"},{\"@type\":\"ListItem\",\"position\":3,\"name\":\"Impuestos de Negocios\",\"item\":\"https:\\\/\\\/taxhelplaw.com\\\/sptax\\\/soluciones\\\/impuestos-de-negocio\\\/\"},{\"@type\":\"ListItem\",\"position\":4,\"name\":\"Aviso CP297\"}]},{\"@type\":\"WebSite\",\"@id\":\"https:\\\/\\\/taxhelplaw.com\\\/sptax\\\/#website\",\"url\":\"https:\\\/\\\/taxhelplaw.com\\\/sptax\\\/\",\"name\":\"J. David Hopkins, JD LLM\",\"description\":\"Maestr\u00eda en Derecho Tributario\",\"publisher\":{\"@id\":\"https:\\\/\\\/taxhelplaw.com\\\/sptax\\\/#organization\"},\"alternateName\":\"TaxHelpLaw en Espa\u00f1ol\",\"potentialAction\":[{\"@type\":\"SearchAction\",\"target\":{\"@type\":\"EntryPoint\",\"urlTemplate\":\"https:\\\/\\\/taxhelplaw.com\\\/sptax\\\/?s={search_term_string}\"},\"query-input\":{\"@type\":\"PropertyValueSpecification\",\"valueRequired\":true,\"valueName\":\"search_term_string\"}}],\"inLanguage\":\"es\"},{\"@type\":\"Organization\",\"@id\":\"https:\\\/\\\/taxhelplaw.com\\\/sptax\\\/#organization\",\"name\":\"TaxHelp, Inc.\",\"url\":\"https:\\\/\\\/taxhelplaw.com\\\/sptax\\\/\",\"logo\":{\"@type\":\"ImageObject\",\"inLanguage\":\"es\",\"@id\":\"https:\\\/\\\/taxhelplaw.com\\\/sptax\\\/#\\\/schema\\\/logo\\\/image\\\/\",\"url\":\"https:\\\/\\\/taxhelplaw.com\\\/sptax\\\/wp-content\\\/uploads\\\/2022\\\/01\\\/taxhelpenespanol.jpg\",\"contentUrl\":\"https:\\\/\\\/taxhelplaw.com\\\/sptax\\\/wp-content\\\/uploads\\\/2022\\\/01\\\/taxhelpenespanol.jpg\",\"width\":300,\"height\":101,\"caption\":\"TaxHelp, Inc.\"},\"image\":{\"@id\":\"https:\\\/\\\/taxhelplaw.com\\\/sptax\\\/#\\\/schema\\\/logo\\\/image\\\/\"}}]}<\/script>\n<!-- \/ Yoast SEO Premium plugin. -->","yoast_head_json":{"title":"IRS Aviso CP297 Intenci\u00f3n de aplicar un embargo","description":"Si tiene preguntas acerca del Aviso CP297, p\u00f3ngase en contacto con nuestro abogado de impuestos quien resolver\u00e1 sus problemas con el IRS.","robots":{"index":"index","follow":"follow","max-snippet":"max-snippet:-1","max-image-preview":"max-image-preview:large","max-video-preview":"max-video-preview:-1"},"canonical":"https:\/\/taxhelplaw.com\/sptax\/soluciones\/impuestos-de-negocio\/aviso-cp297\/","og_locale":"es_MX","og_type":"article","og_title":"Aviso CP297","og_description":"Si tiene preguntas acerca del Aviso CP297, p\u00f3ngase en contacto con nuestro abogado de impuestos quien resolver\u00e1 sus problemas con el IRS.","og_url":"https:\/\/taxhelplaw.com\/sptax\/soluciones\/impuestos-de-negocio\/aviso-cp297\/","og_site_name":"J. David Hopkins, JD LLM","article_modified_time":"2023-03-28T15:35:35+00:00","og_image":[{"url":"https:\/\/taxhelplaw.com\/sptax\/wp-content\/uploads\/2023\/03\/Avisocp297cenespanol.jpg","type":"","width":"","height":""}],"twitter_card":"summary_large_image","twitter_misc":{"Tiempo de lectura":"3 minutos"},"schema":{"@context":"https:\/\/schema.org","@graph":[{"@type":"WebPage","@id":"https:\/\/taxhelplaw.com\/sptax\/soluciones\/impuestos-de-negocio\/aviso-cp297\/","url":"https:\/\/taxhelplaw.com\/sptax\/soluciones\/impuestos-de-negocio\/aviso-cp297\/","name":"IRS Aviso CP297 Intenci\u00f3n de aplicar un embargo","isPartOf":{"@id":"https:\/\/taxhelplaw.com\/sptax\/#website"},"primaryImageOfPage":{"@id":"https:\/\/taxhelplaw.com\/sptax\/soluciones\/impuestos-de-negocio\/aviso-cp297\/#primaryimage"},"image":{"@id":"https:\/\/taxhelplaw.com\/sptax\/soluciones\/impuestos-de-negocio\/aviso-cp297\/#primaryimage"},"thumbnailUrl":"https:\/\/taxhelplaw.com\/sptax\/wp-content\/uploads\/2023\/03\/Avisocp297cenespanol.jpg","datePublished":"2015-02-08T07:05:02+00:00","dateModified":"2023-03-28T15:35:35+00:00","description":"Si tiene preguntas acerca del Aviso CP297, p\u00f3ngase en contacto con nuestro abogado de impuestos quien resolver\u00e1 sus problemas con el IRS.","breadcrumb":{"@id":"https:\/\/taxhelplaw.com\/sptax\/soluciones\/impuestos-de-negocio\/aviso-cp297\/#breadcrumb"},"inLanguage":"es","potentialAction":[{"@type":"ReadAction","target":["https:\/\/taxhelplaw.com\/sptax\/soluciones\/impuestos-de-negocio\/aviso-cp297\/"]}]},{"@type":"ImageObject","inLanguage":"es","@id":"https:\/\/taxhelplaw.com\/sptax\/soluciones\/impuestos-de-negocio\/aviso-cp297\/#primaryimage","url":"https:\/\/taxhelplaw.com\/sptax\/wp-content\/uploads\/2023\/03\/Avisocp297cenespanol.jpg","contentUrl":"https:\/\/taxhelplaw.com\/sptax\/wp-content\/uploads\/2023\/03\/Avisocp297cenespanol.jpg","width":1284,"height":1662},{"@type":"BreadcrumbList","@id":"https:\/\/taxhelplaw.com\/sptax\/soluciones\/impuestos-de-negocio\/aviso-cp297\/#breadcrumb","itemListElement":[{"@type":"ListItem","position":1,"name":"Home","item":"https:\/\/taxhelplaw.com\/sptax\/"},{"@type":"ListItem","position":2,"name":"Soluciones","item":"https:\/\/taxhelplaw.com\/sptax\/soluciones\/"},{"@type":"ListItem","position":3,"name":"Impuestos de Negocios","item":"https:\/\/taxhelplaw.com\/sptax\/soluciones\/impuestos-de-negocio\/"},{"@type":"ListItem","position":4,"name":"Aviso CP297"}]},{"@type":"WebSite","@id":"https:\/\/taxhelplaw.com\/sptax\/#website","url":"https:\/\/taxhelplaw.com\/sptax\/","name":"J. David Hopkins, JD LLM","description":"Maestr\u00eda en Derecho Tributario","publisher":{"@id":"https:\/\/taxhelplaw.com\/sptax\/#organization"},"alternateName":"TaxHelpLaw en Espa\u00f1ol","potentialAction":[{"@type":"SearchAction","target":{"@type":"EntryPoint","urlTemplate":"https:\/\/taxhelplaw.com\/sptax\/?s={search_term_string}"},"query-input":{"@type":"PropertyValueSpecification","valueRequired":true,"valueName":"search_term_string"}}],"inLanguage":"es"},{"@type":"Organization","@id":"https:\/\/taxhelplaw.com\/sptax\/#organization","name":"TaxHelp, Inc.","url":"https:\/\/taxhelplaw.com\/sptax\/","logo":{"@type":"ImageObject","inLanguage":"es","@id":"https:\/\/taxhelplaw.com\/sptax\/#\/schema\/logo\/image\/","url":"https:\/\/taxhelplaw.com\/sptax\/wp-content\/uploads\/2022\/01\/taxhelpenespanol.jpg","contentUrl":"https:\/\/taxhelplaw.com\/sptax\/wp-content\/uploads\/2022\/01\/taxhelpenespanol.jpg","width":300,"height":101,"caption":"TaxHelp, Inc."},"image":{"@id":"https:\/\/taxhelplaw.com\/sptax\/#\/schema\/logo\/image\/"}}]}},"jetpack_sharing_enabled":true,"_links":{"self":[{"href":"https:\/\/taxhelplaw.com\/sptax\/wp-json\/wp\/v2\/pages\/562","targetHints":{"allow":["GET"]}}],"collection":[{"href":"https:\/\/taxhelplaw.com\/sptax\/wp-json\/wp\/v2\/pages"}],"about":[{"href":"https:\/\/taxhelplaw.com\/sptax\/wp-json\/wp\/v2\/types\/page"}],"author":[{"embeddable":true,"href":"https:\/\/taxhelplaw.com\/sptax\/wp-json\/wp\/v2\/users\/1"}],"replies":[{"embeddable":true,"href":"https:\/\/taxhelplaw.com\/sptax\/wp-json\/wp\/v2\/comments?post=562"}],"version-history":[{"count":8,"href":"https:\/\/taxhelplaw.com\/sptax\/wp-json\/wp\/v2\/pages\/562\/revisions"}],"predecessor-version":[{"id":7665,"href":"https:\/\/taxhelplaw.com\/sptax\/wp-json\/wp\/v2\/pages\/562\/revisions\/7665"}],"up":[{"embeddable":true,"href":"https:\/\/taxhelplaw.com\/sptax\/wp-json\/wp\/v2\/pages\/294"}],"wp:attachment":[{"href":"https:\/\/taxhelplaw.com\/sptax\/wp-json\/wp\/v2\/media?parent=562"}],"curies":[{"name":"wp","href":"https:\/\/api.w.org\/{rel}","templated":true}]}}