{"id":467,"date":"2015-02-08T04:25:30","date_gmt":"2015-02-08T04:25:30","guid":{"rendered":"http:\/\/taxhelplaw.com\/sp\/?page_id=467"},"modified":"2022-12-02T18:49:14","modified_gmt":"2022-12-02T18:49:14","slug":"aviso-cp701","status":"publish","type":"page","link":"https:\/\/taxhelplaw.com\/sptax\/soluciones\/pasos-de-casos-otros-problemas\/aviso-cp701\/","title":{"rendered":"Aviso CP701"},"content":{"rendered":"<p>El IRS tiene varias versiones del Aviso CP701 (<em>vea<\/em> los ejemplos abajo). Este aviso le comunica que han recibido el Formulario <a class=\"popup\" title=\"Formulario 14039\" href=\"\/\/www.irs.gov\/pub\/irs-pdf\/f14039sp.pdf\" target=\"_blank\" rel=\"noopener\"><strong>14039<\/strong><\/a>, u otro similar, que usted les envi\u00f3 declarando que ha sido v\u00edctima de robo de identidad. Este aviso se recibe al comienzo de un caso de robo de identidad y es muy parecido a la Carta <a title=\"Carta 5073C\" href=\"\/\/taxhelplaw.com\/sptax\/soluciones\/pasos-de-casos-otros-problemas\/carta-5073c\/\" target=\"_blank\" rel=\"noopener\"><strong>5073C<\/strong><\/a>. El hom\u00f3logo de Aviso CP701 es Aviso CP01 en ingl\u00e9s.<\/p>\n<p>El Aviso CP701 le comunica que el IRS ha verificado su demanda por robo de identidad y le han asignado un n\u00famero personal de identificaci\u00f3n para proteger su identidad. Este n\u00famero se usa en el rinc\u00f3n derecho inferior de la segunda p\u00e1gina de su pr\u00f3xima declaraci\u00f3n de impuesto \u2013 Formulario <a class=\"popup\" title=\"Formulario 1040\" href=\"https:\/\/www.irs.gov\/pub\/irs-pdf\/f1040sp.pdf\"><strong>1040<\/strong><\/a>.<\/p>\n<p>A menudo, la primera indicaci\u00f3n de que hay un problema es cuando usted recibe una <span style=\"text-decoration: underline;\">factura<\/span> del IRS, o todav\u00eda peor, una carta amenaz\u00e1ndolo con un embargo (por ejemplo, <a title=\"Aviso CP604\" href=\"\/\/taxhelplaw.com\/sptax\/soluciones\/cobros\/aviso-cp604\/\" target=\"_blank\" rel=\"noopener\"><strong>CP604<\/strong><\/a>). Si usted llama al IRS, le dir\u00e1n que hay dos o m\u00e1s declaraciones de impuestos presentadas o documentos fraudulentos en su caso. Se puede tratar de un simple error de otro contribuyente o del IRS. A veces un n\u00famero de seguridad social se usa con intenciones fraudulentas.<\/p>\n<p>Si usted es v\u00edctima de robo de identidad, siga los consejos del IRS, reporte su caso a la polic\u00eda local, sus bancos, compa\u00f1\u00edas de tarjetas de cr\u00e9dito, etc.<\/p>\n<p>Si usted ha recibido el Aviso CP701 y necesita ayuda, por favor vea los <a title=\"Otros Problemas\" href=\"\/\/taxhelplaw.com\/sptax\/soluciones\/pasos-de-casos-otros-problemas\/\"><strong>Pasos de Casos<\/strong><\/a> y contacte a nuestro abogado fiscal, el Lic. Hopkins.<\/p>\n<table>\n<tbody>\n<tr>\n<td><a class=\"popup\" title=\"Aviso CP701A\" href=\"\/sptax\/wp-content\/uploads\/2015\/02\/Aviso-CP01A-1.jpg\" target=\"_blank\" rel=\"noopener\"><strong><span style=\"color: #0000ff;\">CP01A<\/span><\/strong><\/a><\/td>\n<td><a class=\"popup\" title=\"Aviso CP701B\" href=\"https:\/\/taxhelplaw.com\/sptax\/wp-content\/uploads\/2022\/01\/cp701b_spanish.jpg\" target=\"_blank\" rel=\"noopener\"><strong><span style=\"color: #0000ff;\">CP701B<\/span><\/strong><\/a><\/td>\n<td><a class=\"popup\" title=\"Aviso CP701E\" href=\"https:\/\/taxhelplaw.com\/sptax\/wp-content\/uploads\/2022\/01\/cp701e_spanish.jpg\" target=\"_blank\" rel=\"noopener\"><strong><span style=\"color: #0000ff;\">CP701E<\/span><\/strong><\/a><\/td>\n<td><a class=\"popup\" title=\"Aviso CP01F\" href=\"\/sptax\/wp-content\/uploads\/2015\/02\/Aviso-CP01F-1.jpg\" target=\"_blank\" rel=\"noopener\"><span style=\"color: #0000ff;\"><strong>CP01F<\/strong><\/span><\/a><\/td>\n<td><span style=\"color: #0000ff;\"><strong><a class=\"popup\" style=\"color: #0000ff;\" title=\"Aviso CP01H\" href=\"\/sptax\/wp-content\/uploads\/2015\/02\/Aviso-CP01H-1.jpg\" target=\"_blank\" rel=\"noopener\">CP01H<\/a><\/strong><\/span><\/td>\n<td><a class=\"popup\" title=\"Aviso CP701S\" href=\"https:\/\/taxhelplaw.com\/sptax\/wp-content\/uploads\/2022\/01\/cp701s_spanish.jpg\" target=\"_blank\" rel=\"noopener\"><strong><span style=\"color: #0000ff;\">CP701S<\/span><\/strong><\/a><\/td>\n<\/tr>\n<\/tbody>\n<\/table>\n<p><a title=\"Pasos de Casos \u2013 Otros Problemas\" href=\"\/\/taxhelplaw.com\/sptax\/soluciones\/pasos-de-casos-otros-problemas\/\"><img loading=\"lazy\" decoding=\"async\" class=\"alignleft size-full wp-image-1205\" src=\"https:\/\/taxhelplaw.com\/sptax\/wp-content\/uploads\/2022\/01\/cp701c_spanish.jpg\" alt=\"Aviso CP01\" width=\"1248\" height=\"1666\" \/><\/a><\/p>\n<p><a href=\"https:\/\/taxhelplaw.com\/sptax\/sample-page-2\/contactenos\/\"><img loading=\"lazy\" decoding=\"async\" class=\"aligncenter size-full wp-image-3464\" title=\"Aviso CP701 del IRS\" src=\"https:\/\/taxhelplaw.com\/sptax\/wp-content\/uploads\/2022\/01\/taxhelpenespanol.jpg\" alt=\"Aviso CP01 del IRS. Abogado de derecho fiscal en Colorado Springs. Abogado de impuestos en Colorado Springs\" width=\"300\" height=\"101\" \/><\/a><\/p>\n","protected":false},"excerpt":{"rendered":"<p>El IRS tiene varias versiones del Aviso CP701 (vea los ejemplos abajo). Este aviso le comunica que han recibido el Formulario 14039, u otro similar, que usted les envi\u00f3 declarando que ha sido v\u00edctima de robo de identidad. Este aviso se recibe al comienzo de un caso de robo de identidad y es muy parecido [&hellip;]<\/p>\n","protected":false},"author":1,"featured_media":0,"parent":275,"menu_order":33,"comment_status":"closed","ping_status":"closed","template":"","meta":{"_genesis_hide_title":false,"_genesis_hide_breadcrumbs":false,"_genesis_hide_singular_image":false,"_genesis_hide_footer_widgets":false,"_genesis_custom_body_class":"","_genesis_custom_post_class":"","_genesis_layout":"","footnotes":""},"class_list":{"0":"post-467","1":"page","2":"type-page","3":"status-publish","5":"entry"},"yoast_head":"<!-- This site is optimized with the Yoast SEO Premium plugin v27.0 (Yoast SEO v27.3) - https:\/\/yoast.com\/product\/yoast-seo-premium-wordpress\/ -->\n<title>Aviso CP701. Sobre su robo de identidad - TaxHelpLaw<\/title>\n<meta name=\"description\" content=\"Aviso CP701 del IRS: hay varias versiones de este aviso. Siga los consejos del IRS y contacte al Lic. Hopkins.\" \/>\n<meta name=\"robots\" content=\"index, follow, max-snippet:-1, max-image-preview:large, max-video-preview:-1\" \/>\n<link rel=\"canonical\" href=\"https:\/\/taxhelplaw.com\/sptax\/soluciones\/pasos-de-casos-otros-problemas\/aviso-cp701\/\" \/>\n<meta property=\"og:locale\" content=\"es_MX\" \/>\n<meta property=\"og:type\" content=\"article\" \/>\n<meta property=\"og:title\" content=\"Aviso CP701\" \/>\n<meta property=\"og:description\" content=\"Aviso CP701 del IRS: hay varias versiones de este aviso. Siga los consejos del IRS y contacte al Lic. Hopkins.\" \/>\n<meta property=\"og:url\" content=\"https:\/\/taxhelplaw.com\/sptax\/soluciones\/pasos-de-casos-otros-problemas\/aviso-cp701\/\" \/>\n<meta property=\"og:site_name\" content=\"J. David Hopkins, JD LLM\" \/>\n<meta property=\"article:modified_time\" content=\"2022-12-02T18:49:14+00:00\" \/>\n<meta property=\"og:image\" content=\"https:\/\/taxhelplaw.com\/sptax\/wp-content\/uploads\/2022\/01\/cp701c_spanish.jpg\" \/>\n<meta name=\"twitter:card\" content=\"summary_large_image\" \/>\n<meta name=\"twitter:label1\" content=\"Tiempo de lectura\" \/>\n\t<meta name=\"twitter:data1\" content=\"2 minutos\" \/>\n<script type=\"application\/ld+json\" class=\"yoast-schema-graph\">{\"@context\":\"https:\\\/\\\/schema.org\",\"@graph\":[{\"@type\":\"WebPage\",\"@id\":\"https:\\\/\\\/taxhelplaw.com\\\/sptax\\\/soluciones\\\/pasos-de-casos-otros-problemas\\\/aviso-cp701\\\/\",\"url\":\"https:\\\/\\\/taxhelplaw.com\\\/sptax\\\/soluciones\\\/pasos-de-casos-otros-problemas\\\/aviso-cp701\\\/\",\"name\":\"Aviso CP701. Sobre su robo de identidad - TaxHelpLaw\",\"isPartOf\":{\"@id\":\"https:\\\/\\\/taxhelplaw.com\\\/sptax\\\/#website\"},\"primaryImageOfPage\":{\"@id\":\"https:\\\/\\\/taxhelplaw.com\\\/sptax\\\/soluciones\\\/pasos-de-casos-otros-problemas\\\/aviso-cp701\\\/#primaryimage\"},\"image\":{\"@id\":\"https:\\\/\\\/taxhelplaw.com\\\/sptax\\\/soluciones\\\/pasos-de-casos-otros-problemas\\\/aviso-cp701\\\/#primaryimage\"},\"thumbnailUrl\":\"https:\\\/\\\/taxhelplaw.com\\\/sptax\\\/wp-content\\\/uploads\\\/2022\\\/01\\\/cp701c_spanish.jpg\",\"datePublished\":\"2015-02-08T04:25:30+00:00\",\"dateModified\":\"2022-12-02T18:49:14+00:00\",\"description\":\"Aviso CP701 del IRS: hay varias versiones de este aviso. Siga los consejos del IRS y contacte al Lic. Hopkins.\",\"breadcrumb\":{\"@id\":\"https:\\\/\\\/taxhelplaw.com\\\/sptax\\\/soluciones\\\/pasos-de-casos-otros-problemas\\\/aviso-cp701\\\/#breadcrumb\"},\"inLanguage\":\"es\",\"potentialAction\":[{\"@type\":\"ReadAction\",\"target\":[\"https:\\\/\\\/taxhelplaw.com\\\/sptax\\\/soluciones\\\/pasos-de-casos-otros-problemas\\\/aviso-cp701\\\/\"]}]},{\"@type\":\"ImageObject\",\"inLanguage\":\"es\",\"@id\":\"https:\\\/\\\/taxhelplaw.com\\\/sptax\\\/soluciones\\\/pasos-de-casos-otros-problemas\\\/aviso-cp701\\\/#primaryimage\",\"url\":\"https:\\\/\\\/taxhelplaw.com\\\/sptax\\\/wp-content\\\/uploads\\\/2022\\\/01\\\/cp701c_spanish.jpg\",\"contentUrl\":\"https:\\\/\\\/taxhelplaw.com\\\/sptax\\\/wp-content\\\/uploads\\\/2022\\\/01\\\/cp701c_spanish.jpg\",\"width\":1700,\"height\":2200},{\"@type\":\"BreadcrumbList\",\"@id\":\"https:\\\/\\\/taxhelplaw.com\\\/sptax\\\/soluciones\\\/pasos-de-casos-otros-problemas\\\/aviso-cp701\\\/#breadcrumb\",\"itemListElement\":[{\"@type\":\"ListItem\",\"position\":1,\"name\":\"Home\",\"item\":\"https:\\\/\\\/taxhelplaw.com\\\/sptax\\\/\"},{\"@type\":\"ListItem\",\"position\":2,\"name\":\"Soluciones\",\"item\":\"https:\\\/\\\/taxhelplaw.com\\\/sptax\\\/soluciones\\\/\"},{\"@type\":\"ListItem\",\"position\":3,\"name\":\"Otros Problemas\",\"item\":\"https:\\\/\\\/taxhelplaw.com\\\/sptax\\\/soluciones\\\/pasos-de-casos-otros-problemas\\\/\"},{\"@type\":\"ListItem\",\"position\":4,\"name\":\"Aviso CP701\"}]},{\"@type\":\"WebSite\",\"@id\":\"https:\\\/\\\/taxhelplaw.com\\\/sptax\\\/#website\",\"url\":\"https:\\\/\\\/taxhelplaw.com\\\/sptax\\\/\",\"name\":\"J. David Hopkins, JD LLM\",\"description\":\"Maestr\u00eda en Derecho Tributario\",\"publisher\":{\"@id\":\"https:\\\/\\\/taxhelplaw.com\\\/sptax\\\/#organization\"},\"alternateName\":\"TaxHelpLaw en Espa\u00f1ol\",\"potentialAction\":[{\"@type\":\"SearchAction\",\"target\":{\"@type\":\"EntryPoint\",\"urlTemplate\":\"https:\\\/\\\/taxhelplaw.com\\\/sptax\\\/?s={search_term_string}\"},\"query-input\":{\"@type\":\"PropertyValueSpecification\",\"valueRequired\":true,\"valueName\":\"search_term_string\"}}],\"inLanguage\":\"es\"},{\"@type\":\"Organization\",\"@id\":\"https:\\\/\\\/taxhelplaw.com\\\/sptax\\\/#organization\",\"name\":\"TaxHelp, Inc.\",\"url\":\"https:\\\/\\\/taxhelplaw.com\\\/sptax\\\/\",\"logo\":{\"@type\":\"ImageObject\",\"inLanguage\":\"es\",\"@id\":\"https:\\\/\\\/taxhelplaw.com\\\/sptax\\\/#\\\/schema\\\/logo\\\/image\\\/\",\"url\":\"https:\\\/\\\/taxhelplaw.com\\\/sptax\\\/wp-content\\\/uploads\\\/2022\\\/01\\\/taxhelpenespanol.jpg\",\"contentUrl\":\"https:\\\/\\\/taxhelplaw.com\\\/sptax\\\/wp-content\\\/uploads\\\/2022\\\/01\\\/taxhelpenespanol.jpg\",\"width\":300,\"height\":101,\"caption\":\"TaxHelp, Inc.\"},\"image\":{\"@id\":\"https:\\\/\\\/taxhelplaw.com\\\/sptax\\\/#\\\/schema\\\/logo\\\/image\\\/\"}}]}<\/script>\n<!-- \/ Yoast SEO Premium plugin. -->","yoast_head_json":{"title":"Aviso CP701. Sobre su robo de identidad - TaxHelpLaw","description":"Aviso CP701 del IRS: hay varias versiones de este aviso. Siga los consejos del IRS y contacte al Lic. Hopkins.","robots":{"index":"index","follow":"follow","max-snippet":"max-snippet:-1","max-image-preview":"max-image-preview:large","max-video-preview":"max-video-preview:-1"},"canonical":"https:\/\/taxhelplaw.com\/sptax\/soluciones\/pasos-de-casos-otros-problemas\/aviso-cp701\/","og_locale":"es_MX","og_type":"article","og_title":"Aviso CP701","og_description":"Aviso CP701 del IRS: hay varias versiones de este aviso. Siga los consejos del IRS y contacte al Lic. Hopkins.","og_url":"https:\/\/taxhelplaw.com\/sptax\/soluciones\/pasos-de-casos-otros-problemas\/aviso-cp701\/","og_site_name":"J. David Hopkins, JD LLM","article_modified_time":"2022-12-02T18:49:14+00:00","og_image":[{"url":"https:\/\/taxhelplaw.com\/sptax\/wp-content\/uploads\/2022\/01\/cp701c_spanish.jpg","type":"","width":"","height":""}],"twitter_card":"summary_large_image","twitter_misc":{"Tiempo de lectura":"2 minutos"},"schema":{"@context":"https:\/\/schema.org","@graph":[{"@type":"WebPage","@id":"https:\/\/taxhelplaw.com\/sptax\/soluciones\/pasos-de-casos-otros-problemas\/aviso-cp701\/","url":"https:\/\/taxhelplaw.com\/sptax\/soluciones\/pasos-de-casos-otros-problemas\/aviso-cp701\/","name":"Aviso CP701. Sobre su robo de identidad - TaxHelpLaw","isPartOf":{"@id":"https:\/\/taxhelplaw.com\/sptax\/#website"},"primaryImageOfPage":{"@id":"https:\/\/taxhelplaw.com\/sptax\/soluciones\/pasos-de-casos-otros-problemas\/aviso-cp701\/#primaryimage"},"image":{"@id":"https:\/\/taxhelplaw.com\/sptax\/soluciones\/pasos-de-casos-otros-problemas\/aviso-cp701\/#primaryimage"},"thumbnailUrl":"https:\/\/taxhelplaw.com\/sptax\/wp-content\/uploads\/2022\/01\/cp701c_spanish.jpg","datePublished":"2015-02-08T04:25:30+00:00","dateModified":"2022-12-02T18:49:14+00:00","description":"Aviso CP701 del IRS: hay varias versiones de este aviso. Siga los consejos del IRS y contacte al Lic. Hopkins.","breadcrumb":{"@id":"https:\/\/taxhelplaw.com\/sptax\/soluciones\/pasos-de-casos-otros-problemas\/aviso-cp701\/#breadcrumb"},"inLanguage":"es","potentialAction":[{"@type":"ReadAction","target":["https:\/\/taxhelplaw.com\/sptax\/soluciones\/pasos-de-casos-otros-problemas\/aviso-cp701\/"]}]},{"@type":"ImageObject","inLanguage":"es","@id":"https:\/\/taxhelplaw.com\/sptax\/soluciones\/pasos-de-casos-otros-problemas\/aviso-cp701\/#primaryimage","url":"https:\/\/taxhelplaw.com\/sptax\/wp-content\/uploads\/2022\/01\/cp701c_spanish.jpg","contentUrl":"https:\/\/taxhelplaw.com\/sptax\/wp-content\/uploads\/2022\/01\/cp701c_spanish.jpg","width":1700,"height":2200},{"@type":"BreadcrumbList","@id":"https:\/\/taxhelplaw.com\/sptax\/soluciones\/pasos-de-casos-otros-problemas\/aviso-cp701\/#breadcrumb","itemListElement":[{"@type":"ListItem","position":1,"name":"Home","item":"https:\/\/taxhelplaw.com\/sptax\/"},{"@type":"ListItem","position":2,"name":"Soluciones","item":"https:\/\/taxhelplaw.com\/sptax\/soluciones\/"},{"@type":"ListItem","position":3,"name":"Otros Problemas","item":"https:\/\/taxhelplaw.com\/sptax\/soluciones\/pasos-de-casos-otros-problemas\/"},{"@type":"ListItem","position":4,"name":"Aviso CP701"}]},{"@type":"WebSite","@id":"https:\/\/taxhelplaw.com\/sptax\/#website","url":"https:\/\/taxhelplaw.com\/sptax\/","name":"J. David Hopkins, JD LLM","description":"Maestr\u00eda en Derecho Tributario","publisher":{"@id":"https:\/\/taxhelplaw.com\/sptax\/#organization"},"alternateName":"TaxHelpLaw en Espa\u00f1ol","potentialAction":[{"@type":"SearchAction","target":{"@type":"EntryPoint","urlTemplate":"https:\/\/taxhelplaw.com\/sptax\/?s={search_term_string}"},"query-input":{"@type":"PropertyValueSpecification","valueRequired":true,"valueName":"search_term_string"}}],"inLanguage":"es"},{"@type":"Organization","@id":"https:\/\/taxhelplaw.com\/sptax\/#organization","name":"TaxHelp, Inc.","url":"https:\/\/taxhelplaw.com\/sptax\/","logo":{"@type":"ImageObject","inLanguage":"es","@id":"https:\/\/taxhelplaw.com\/sptax\/#\/schema\/logo\/image\/","url":"https:\/\/taxhelplaw.com\/sptax\/wp-content\/uploads\/2022\/01\/taxhelpenespanol.jpg","contentUrl":"https:\/\/taxhelplaw.com\/sptax\/wp-content\/uploads\/2022\/01\/taxhelpenespanol.jpg","width":300,"height":101,"caption":"TaxHelp, Inc."},"image":{"@id":"https:\/\/taxhelplaw.com\/sptax\/#\/schema\/logo\/image\/"}}]}},"jetpack_sharing_enabled":true,"_links":{"self":[{"href":"https:\/\/taxhelplaw.com\/sptax\/wp-json\/wp\/v2\/pages\/467","targetHints":{"allow":["GET"]}}],"collection":[{"href":"https:\/\/taxhelplaw.com\/sptax\/wp-json\/wp\/v2\/pages"}],"about":[{"href":"https:\/\/taxhelplaw.com\/sptax\/wp-json\/wp\/v2\/types\/page"}],"author":[{"embeddable":true,"href":"https:\/\/taxhelplaw.com\/sptax\/wp-json\/wp\/v2\/users\/1"}],"replies":[{"embeddable":true,"href":"https:\/\/taxhelplaw.com\/sptax\/wp-json\/wp\/v2\/comments?post=467"}],"version-history":[{"count":12,"href":"https:\/\/taxhelplaw.com\/sptax\/wp-json\/wp\/v2\/pages\/467\/revisions"}],"predecessor-version":[{"id":4565,"href":"https:\/\/taxhelplaw.com\/sptax\/wp-json\/wp\/v2\/pages\/467\/revisions\/4565"}],"up":[{"embeddable":true,"href":"https:\/\/taxhelplaw.com\/sptax\/wp-json\/wp\/v2\/pages\/275"}],"wp:attachment":[{"href":"https:\/\/taxhelplaw.com\/sptax\/wp-json\/wp\/v2\/media?parent=467"}],"curies":[{"name":"wp","href":"https:\/\/api.w.org\/{rel}","templated":true}]}}