{"id":318,"date":"2015-02-07T21:27:38","date_gmt":"2015-02-07T21:27:38","guid":{"rendered":"http:\/\/taxhelplaw.com\/sp\/?page_id=318"},"modified":"2023-03-10T06:50:25","modified_gmt":"2023-03-10T06:50:25","slug":"formulario-4549","status":"publish","type":"page","link":"https:\/\/taxhelplaw.com\/sptax\/soluciones\/pasos-de-casos-auditorias\/formulario-4549\/","title":{"rendered":"Formulario 4549"},"content":{"rendered":"<p>El IRS le informa sobre los resultados de la auditor\u00eda en el Formulario 4549. Tambi\u00e9n usan el Formulario <a title=\"Formulario 4549A\" href=\"\/sptax\/wp-content\/uploads\/2015\/02\/Form4549-A-1.jpg\" target=\"_blank\" rel=\"noopener\"><span style=\"color: #0000ff;\">4549-A<\/span><\/a> y el Formulario <a title=\"Formulario 4549E\" href=\"\/sptax\/wp-content\/uploads\/2015\/02\/Form-4549E-1.jpg\" target=\"_blank\" rel=\"noopener\"><span style=\"color: #0000ff;\">4549-E<\/span><\/a> (<em>Vea<\/em> los ejemplos de abajo).<\/p>\n<p>Aceptar y firmar este documento tiene implicaciones legales as\u00ed que por favor NO firme la segunda p\u00e1gina si no est\u00e1 de acuerdo. No es una factura entonces \u00a1No se de por vencido! Dependiendo de su rapidez en contestar podr\u00edamos solicitar una revision de este Formulario, o si no podemos apelar o ir al tribunal tributario.<\/p>\n<p>Sus opciones son: 1) pagar la factura, 2) obtener mas evidencia o leyes para respaldar el caso, 3) <a title=\"Formulario 12009\" href=\"\/sptax\/wp-content\/uploads\/2015\/02\/f12009-1.pdf\"><span style=\"color: #0000ff;\">apelar<\/span><\/a> al gerente del agente, 4) apelar al IRS, o 5) esperar a que le envien el <a title=\"Carta 3219 y Carta 531 \u2013 Aviso de Deficiencia\" href=\"\/\/taxhelplaw.com\/sptax\/soluciones\/pasos-de-casos-auditorias\/carta-3219-y-carta-531-aviso-de-deficiencia\/\"><span style=\"color: #0000ff;\">Aviso de deficiencia<\/span><\/a> y reclamar en el tribunal tributario. Vea los Pasos de Casos a seguir - <a title=\"Pasos de Casos \u2013 Apelaciones del IRS\" href=\"\/\/taxhelplaw.com\/sptax\/soluciones\/pasos-de-casos-apelaciones-del-irs\/\"><span style=\"color: #0000ff;\">Apelaciones<\/span><\/a> del IRS o Pasos de Casos - Procesos <a title=\"Pasos de Casos \u2013 Corte\" href=\"\/\/taxhelplaw.com\/sptax\/soluciones\/pasos-de-casos-corte\/\"><span style=\"color: #0000ff;\">judiciales<\/span><\/a>.<\/p>\n<p>Si usted est\u00e1 de acuerdo con los c\u00e1lculos del Formulario 4549, f\u00edrmelo y env\u00edelo por correo certificado al agente del IRS cuya direcci\u00f3n est\u00e1 en la segunda p\u00e1gina o en la Carta <span style=\"color: #0000ff;\"><a style=\"color: #0000ff;\" title=\"Cartas 525, 692 y 1912\" href=\"\/\/taxhelplaw.com\/sptax\/soluciones\/pasos-de-casos-auditorias\/cartas-525-692-1912\/\">692<\/a><\/span> o <a title=\"Cartas 525, 692 y 1912\" href=\"\/\/taxhelplaw.com\/sptax\/soluciones\/pasos-de-casos-auditorias\/cartas-525-692-1912\/\"><span style=\"color: #0000ff;\">1912<\/span><\/a>, si las ha recibido. Tambi\u00e9n les puede enviar dinero, pero si no puede pagar la suma total, el IRS le env\u00eda una factura con instrucciones.<\/p>\n<p>Si usted no responde al Formulario 4549, el IRS le env\u00eda un Aviso de deficiencia. Esto le da 90 d\u00edas para reclamar en el tribunal tributario. Si usted no presenta una demanda, el IRS le enviar\u00e1 una factura por sus impuestos. El tribunal tributario es, a menudo, la mejor elecci\u00f3n.<\/p>\n<p>Generalmente usted tiene 3 a\u00f1os para ser auditado por el IRS. Si se est\u00e1 acabando el tiempo, probablemente le van a pedir que firme una pr\u00f3rroga (Formulario <a class=\"popup\" title=\"Formulario 872\" href=\"\/sptax\/wp-content\/uploads\/2015\/02\/Form-872-1.pdf\" target=\"_blank\" rel=\"noopener\"><span style=\"color: #0000ff;\">872<\/span><\/a>) asi pueden continuar examin\u00e1ndolo. Por\u00a0 favor no firme este documento sin ayuda legal, nosotros generalmente no le otorgamos pr\u00f3rrogas al IRS.<\/p>\n<p>Ya que una auditor\u00eda es un proceso legal, la gu\u00eda de un abogado es muy importante. Tenemos <a title=\"Pasos de Casos \u2013 Auditorias\" href=\"\/\/taxhelplaw.com\/sptax\/soluciones\/pasos-de-casos-auditorias\/\" target=\"_blank\" rel=\"noopener\"><span style=\"color: #0000ff;\">Pasos de Casos<\/span><\/a> a seguir para preparar los documentos necesarios para la cita confidencial con el abogado. \u00c9l es su defensor y le preparar\u00e1 un Plan de Acci\u00f3n para sus necesidades espec\u00edficas.<\/p>\n<p>Alguien tiene que poner sus documentos en orden o el IRS los rechazar\u00e1. Lo puede hacer usted mismo o pagarle a un contador p\u00fablico, tenedor de libros o un abogado. La raz\u00f3n m\u00e1s com\u00fan por la cual los contribuyentes pierden sus casos contra el IRS es falta de prueba y organizaci\u00f3n.<\/p>\n<p><span style=\"text-decoration: underline;\">Prep\u00e1rese solo<\/span>: Si quiere prepararse para el <a href=\"https:\/\/www.irs.gov\/es\/businesses\/small-businesses-self-employed\/irs-audits\" target=\"_blank\" rel=\"noopener\">IRS<\/a> y ahorrar dinero, se puede hacer miembro de <a href=\"https:\/\/taxhelplaw.com\/sptax\/autodefensa-contra-una-auditoria-del-irs\/\" target=\"_blank\" rel=\"noopener\"><span style=\"color: #0000ff;\">TaxHelpLaw.com<\/span><\/a> donde le mostramos con texto, audio y video c\u00f3mo organizar todos sus expedientes. \u00a1H\u00e1galo usted mismo y ahorre mucho tiempo y dinero!<\/p>\n<p>Es buena idea que usted mismo prepare sus expedientes ya que usted conoce sus asuntos y puede obtener los documentos y tabular los gastos m\u00e1s eficientemente.<\/p>\n<p><span style=\"text-decoration: underline;\">Consulte a un abogado<\/span>: Si usted ha recibido el Formulario 4549 y se prepara solo, igual deber\u00eda conseguir ayuda legal. Para ayudar a prepararlo para una cita productiva con el abogado, hemos creado estos <a title=\"Pasos de Casos \u2013 Auditorias\" href=\"\/\/taxhelplaw.com\/sptax\/soluciones\/pasos-de-casos-auditorias\/\"><span style=\"color: #0000ff;\">Pasos de Casos<\/span><\/a> a seguir. Usted ahorrar\u00e1 tiempo y dinero si junta todos los documentos que el abogado necesita. El Lic. Hopkins le preparar\u00e1 un <strong>Plan de Acci\u00f3n<\/strong> usando t\u00e1cticas espec\u00edficas para su caso.<\/p>\n<div class=\"one-half first\">\n<h6>Versi\u00f3n en ingl\u00e9s:<\/h6>\n<\/div>\n<div class=\"one-half\"><a href=\"\/sptax\/wp-content\/uploads\/2015\/02\/Form4549-1.jpg\" class=\"popup\">Form 4549<\/a><\/div>\n<p>&nbsp;<\/p>\n<div>\n<h6>Nuestra traducci\u00f3n al espa\u00f1ol:<\/h6>\n<\/div>\n<p><a title=\"Pasos de Casos \u2013 Auditorias\" href=\"\/\/taxhelplaw.com\/sptax\/soluciones\/pasos-de-casos-auditorias\/\"><img loading=\"lazy\" decoding=\"async\" class=\"alignleft size-full wp-image-319\" src=\"https:\/\/taxhelplaw.com\/sptax\/wp-content\/uploads\/2023\/03\/Form4549enespanol.jpg\" alt=\"Form4549\" width=\"1243\" height=\"1662\" \/><\/a><\/p>\n<p><a href=\"https:\/\/taxhelplaw.com\/sptax\/sample-page-2\/contactenos\/\"><img loading=\"lazy\" decoding=\"async\" class=\"aligncenter size-full wp-image-3464\" title=\"Formulario 4549 del IRS\" src=\"https:\/\/taxhelplaw.com\/sptax\/wp-content\/uploads\/2022\/01\/taxhelpenespanol.jpg\" alt=\"Formulario 4549 del IRS Abogado de derecho fiscal en Colorado Springs. Abogado de impuestos en Colorado Springs\" width=\"300\" height=\"101\" \/><\/a><\/p>\n","protected":false},"excerpt":{"rendered":"<p>El IRS le informa sobre los resultados de la auditor\u00eda en el Formulario 4549. Tambi\u00e9n usan el Formulario 4549-A y el Formulario 4549-E (Vea los ejemplos de abajo). Aceptar y firmar este documento tiene implicaciones legales as\u00ed que por favor NO firme la segunda p\u00e1gina si no est\u00e1 de acuerdo. No es una factura entonces [&hellip;]<\/p>\n","protected":false},"author":1,"featured_media":0,"parent":164,"menu_order":5,"comment_status":"closed","ping_status":"closed","template":"","meta":{"_genesis_hide_title":false,"_genesis_hide_breadcrumbs":false,"_genesis_hide_singular_image":false,"_genesis_hide_footer_widgets":false,"_genesis_custom_body_class":"","_genesis_custom_post_class":"","_genesis_layout":"","footnotes":""},"class_list":{"0":"post-318","1":"page","2":"type-page","3":"status-publish","5":"entry"},"yoast_head":"<!-- This site is optimized with the Yoast SEO Premium plugin v27.0 (Yoast SEO v27.4) - https:\/\/yoast.com\/product\/yoast-seo-premium-wordpress\/ -->\n<title>Formulario 4549 del IRS. Auditor\u00edas \u00a1No se de por vencido! - TaxHelpLaw<\/title>\n<meta name=\"description\" content=\"El IRS le informa sobre los resultados de la auditor\u00eda en el Formulario 4549. No firme si no est\u00e1 de acuerdo.\" \/>\n<meta name=\"robots\" content=\"index, follow, max-snippet:-1, max-image-preview:large, max-video-preview:-1\" \/>\n<link rel=\"canonical\" href=\"https:\/\/taxhelplaw.com\/sptax\/soluciones\/pasos-de-casos-auditorias\/formulario-4549\/\" \/>\n<meta property=\"og:locale\" content=\"es_MX\" \/>\n<meta property=\"og:type\" content=\"article\" \/>\n<meta property=\"og:title\" content=\"Formulario 4549\" \/>\n<meta property=\"og:description\" content=\"El IRS le informa sobre los resultados de la auditor\u00eda en el Formulario 4549. No firme si no est\u00e1 de acuerdo.\" \/>\n<meta property=\"og:url\" content=\"https:\/\/taxhelplaw.com\/sptax\/soluciones\/pasos-de-casos-auditorias\/formulario-4549\/\" \/>\n<meta property=\"og:site_name\" content=\"J. David Hopkins, JD LLM\" \/>\n<meta property=\"article:modified_time\" content=\"2023-03-10T06:50:25+00:00\" \/>\n<meta property=\"og:image\" content=\"https:\/\/taxhelplaw.com\/sptax\/wp-content\/uploads\/2023\/03\/Form4549enespanol.jpg\" \/>\n<meta name=\"twitter:card\" content=\"summary_large_image\" \/>\n<meta name=\"twitter:label1\" content=\"Tiempo de lectura\" \/>\n\t<meta name=\"twitter:data1\" content=\"3 minutos\" \/>\n<script type=\"application\/ld+json\" class=\"yoast-schema-graph\">{\"@context\":\"https:\\\/\\\/schema.org\",\"@graph\":[{\"@type\":\"WebPage\",\"@id\":\"https:\\\/\\\/taxhelplaw.com\\\/sptax\\\/soluciones\\\/pasos-de-casos-auditorias\\\/formulario-4549\\\/\",\"url\":\"https:\\\/\\\/taxhelplaw.com\\\/sptax\\\/soluciones\\\/pasos-de-casos-auditorias\\\/formulario-4549\\\/\",\"name\":\"Formulario 4549 del IRS. Auditor\u00edas \u00a1No se de por vencido! - TaxHelpLaw\",\"isPartOf\":{\"@id\":\"https:\\\/\\\/taxhelplaw.com\\\/sptax\\\/#website\"},\"primaryImageOfPage\":{\"@id\":\"https:\\\/\\\/taxhelplaw.com\\\/sptax\\\/soluciones\\\/pasos-de-casos-auditorias\\\/formulario-4549\\\/#primaryimage\"},\"image\":{\"@id\":\"https:\\\/\\\/taxhelplaw.com\\\/sptax\\\/soluciones\\\/pasos-de-casos-auditorias\\\/formulario-4549\\\/#primaryimage\"},\"thumbnailUrl\":\"https:\\\/\\\/taxhelplaw.com\\\/sptax\\\/wp-content\\\/uploads\\\/2023\\\/03\\\/Form4549enespanol.jpg\",\"datePublished\":\"2015-02-07T21:27:38+00:00\",\"dateModified\":\"2023-03-10T06:50:25+00:00\",\"description\":\"El IRS le informa sobre los resultados de la auditor\u00eda en el Formulario 4549. No firme si no est\u00e1 de acuerdo.\",\"breadcrumb\":{\"@id\":\"https:\\\/\\\/taxhelplaw.com\\\/sptax\\\/soluciones\\\/pasos-de-casos-auditorias\\\/formulario-4549\\\/#breadcrumb\"},\"inLanguage\":\"es\",\"potentialAction\":[{\"@type\":\"ReadAction\",\"target\":[\"https:\\\/\\\/taxhelplaw.com\\\/sptax\\\/soluciones\\\/pasos-de-casos-auditorias\\\/formulario-4549\\\/\"]}]},{\"@type\":\"ImageObject\",\"inLanguage\":\"es\",\"@id\":\"https:\\\/\\\/taxhelplaw.com\\\/sptax\\\/soluciones\\\/pasos-de-casos-auditorias\\\/formulario-4549\\\/#primaryimage\",\"url\":\"https:\\\/\\\/taxhelplaw.com\\\/sptax\\\/wp-content\\\/uploads\\\/2023\\\/03\\\/Form4549enespanol.jpg\",\"contentUrl\":\"https:\\\/\\\/taxhelplaw.com\\\/sptax\\\/wp-content\\\/uploads\\\/2023\\\/03\\\/Form4549enespanol.jpg\",\"width\":1275,\"height\":1754},{\"@type\":\"BreadcrumbList\",\"@id\":\"https:\\\/\\\/taxhelplaw.com\\\/sptax\\\/soluciones\\\/pasos-de-casos-auditorias\\\/formulario-4549\\\/#breadcrumb\",\"itemListElement\":[{\"@type\":\"ListItem\",\"position\":1,\"name\":\"Home\",\"item\":\"https:\\\/\\\/taxhelplaw.com\\\/sptax\\\/\"},{\"@type\":\"ListItem\",\"position\":2,\"name\":\"Soluciones\",\"item\":\"https:\\\/\\\/taxhelplaw.com\\\/sptax\\\/soluciones\\\/\"},{\"@type\":\"ListItem\",\"position\":3,\"name\":\"Auditor\u00edas\",\"item\":\"https:\\\/\\\/taxhelplaw.com\\\/sptax\\\/soluciones\\\/pasos-de-casos-auditorias\\\/\"},{\"@type\":\"ListItem\",\"position\":4,\"name\":\"Formulario 4549\"}]},{\"@type\":\"WebSite\",\"@id\":\"https:\\\/\\\/taxhelplaw.com\\\/sptax\\\/#website\",\"url\":\"https:\\\/\\\/taxhelplaw.com\\\/sptax\\\/\",\"name\":\"J. David Hopkins, JD LLM\",\"description\":\"Maestr\u00eda en Derecho Tributario\",\"publisher\":{\"@id\":\"https:\\\/\\\/taxhelplaw.com\\\/sptax\\\/#organization\"},\"alternateName\":\"TaxHelpLaw en Espa\u00f1ol\",\"potentialAction\":[{\"@type\":\"SearchAction\",\"target\":{\"@type\":\"EntryPoint\",\"urlTemplate\":\"https:\\\/\\\/taxhelplaw.com\\\/sptax\\\/?s={search_term_string}\"},\"query-input\":{\"@type\":\"PropertyValueSpecification\",\"valueRequired\":true,\"valueName\":\"search_term_string\"}}],\"inLanguage\":\"es\"},{\"@type\":\"Organization\",\"@id\":\"https:\\\/\\\/taxhelplaw.com\\\/sptax\\\/#organization\",\"name\":\"TaxHelp, Inc.\",\"url\":\"https:\\\/\\\/taxhelplaw.com\\\/sptax\\\/\",\"logo\":{\"@type\":\"ImageObject\",\"inLanguage\":\"es\",\"@id\":\"https:\\\/\\\/taxhelplaw.com\\\/sptax\\\/#\\\/schema\\\/logo\\\/image\\\/\",\"url\":\"https:\\\/\\\/taxhelplaw.com\\\/sptax\\\/wp-content\\\/uploads\\\/2022\\\/01\\\/taxhelpenespanol.jpg\",\"contentUrl\":\"https:\\\/\\\/taxhelplaw.com\\\/sptax\\\/wp-content\\\/uploads\\\/2022\\\/01\\\/taxhelpenespanol.jpg\",\"width\":300,\"height\":101,\"caption\":\"TaxHelp, Inc.\"},\"image\":{\"@id\":\"https:\\\/\\\/taxhelplaw.com\\\/sptax\\\/#\\\/schema\\\/logo\\\/image\\\/\"}}]}<\/script>\n<!-- \/ Yoast SEO Premium plugin. -->","yoast_head_json":{"title":"Formulario 4549 del IRS. Auditor\u00edas \u00a1No se de por vencido! - TaxHelpLaw","description":"El IRS le informa sobre los resultados de la auditor\u00eda en el Formulario 4549. No firme si no est\u00e1 de acuerdo.","robots":{"index":"index","follow":"follow","max-snippet":"max-snippet:-1","max-image-preview":"max-image-preview:large","max-video-preview":"max-video-preview:-1"},"canonical":"https:\/\/taxhelplaw.com\/sptax\/soluciones\/pasos-de-casos-auditorias\/formulario-4549\/","og_locale":"es_MX","og_type":"article","og_title":"Formulario 4549","og_description":"El IRS le informa sobre los resultados de la auditor\u00eda en el Formulario 4549. No firme si no est\u00e1 de acuerdo.","og_url":"https:\/\/taxhelplaw.com\/sptax\/soluciones\/pasos-de-casos-auditorias\/formulario-4549\/","og_site_name":"J. David Hopkins, JD LLM","article_modified_time":"2023-03-10T06:50:25+00:00","og_image":[{"url":"https:\/\/taxhelplaw.com\/sptax\/wp-content\/uploads\/2023\/03\/Form4549enespanol.jpg","type":"","width":"","height":""}],"twitter_card":"summary_large_image","twitter_misc":{"Tiempo de lectura":"3 minutos"},"schema":{"@context":"https:\/\/schema.org","@graph":[{"@type":"WebPage","@id":"https:\/\/taxhelplaw.com\/sptax\/soluciones\/pasos-de-casos-auditorias\/formulario-4549\/","url":"https:\/\/taxhelplaw.com\/sptax\/soluciones\/pasos-de-casos-auditorias\/formulario-4549\/","name":"Formulario 4549 del IRS. Auditor\u00edas \u00a1No se de por vencido! - TaxHelpLaw","isPartOf":{"@id":"https:\/\/taxhelplaw.com\/sptax\/#website"},"primaryImageOfPage":{"@id":"https:\/\/taxhelplaw.com\/sptax\/soluciones\/pasos-de-casos-auditorias\/formulario-4549\/#primaryimage"},"image":{"@id":"https:\/\/taxhelplaw.com\/sptax\/soluciones\/pasos-de-casos-auditorias\/formulario-4549\/#primaryimage"},"thumbnailUrl":"https:\/\/taxhelplaw.com\/sptax\/wp-content\/uploads\/2023\/03\/Form4549enespanol.jpg","datePublished":"2015-02-07T21:27:38+00:00","dateModified":"2023-03-10T06:50:25+00:00","description":"El IRS le informa sobre los resultados de la auditor\u00eda en el Formulario 4549. No firme si no est\u00e1 de acuerdo.","breadcrumb":{"@id":"https:\/\/taxhelplaw.com\/sptax\/soluciones\/pasos-de-casos-auditorias\/formulario-4549\/#breadcrumb"},"inLanguage":"es","potentialAction":[{"@type":"ReadAction","target":["https:\/\/taxhelplaw.com\/sptax\/soluciones\/pasos-de-casos-auditorias\/formulario-4549\/"]}]},{"@type":"ImageObject","inLanguage":"es","@id":"https:\/\/taxhelplaw.com\/sptax\/soluciones\/pasos-de-casos-auditorias\/formulario-4549\/#primaryimage","url":"https:\/\/taxhelplaw.com\/sptax\/wp-content\/uploads\/2023\/03\/Form4549enespanol.jpg","contentUrl":"https:\/\/taxhelplaw.com\/sptax\/wp-content\/uploads\/2023\/03\/Form4549enespanol.jpg","width":1275,"height":1754},{"@type":"BreadcrumbList","@id":"https:\/\/taxhelplaw.com\/sptax\/soluciones\/pasos-de-casos-auditorias\/formulario-4549\/#breadcrumb","itemListElement":[{"@type":"ListItem","position":1,"name":"Home","item":"https:\/\/taxhelplaw.com\/sptax\/"},{"@type":"ListItem","position":2,"name":"Soluciones","item":"https:\/\/taxhelplaw.com\/sptax\/soluciones\/"},{"@type":"ListItem","position":3,"name":"Auditor\u00edas","item":"https:\/\/taxhelplaw.com\/sptax\/soluciones\/pasos-de-casos-auditorias\/"},{"@type":"ListItem","position":4,"name":"Formulario 4549"}]},{"@type":"WebSite","@id":"https:\/\/taxhelplaw.com\/sptax\/#website","url":"https:\/\/taxhelplaw.com\/sptax\/","name":"J. David Hopkins, JD LLM","description":"Maestr\u00eda en Derecho Tributario","publisher":{"@id":"https:\/\/taxhelplaw.com\/sptax\/#organization"},"alternateName":"TaxHelpLaw en Espa\u00f1ol","potentialAction":[{"@type":"SearchAction","target":{"@type":"EntryPoint","urlTemplate":"https:\/\/taxhelplaw.com\/sptax\/?s={search_term_string}"},"query-input":{"@type":"PropertyValueSpecification","valueRequired":true,"valueName":"search_term_string"}}],"inLanguage":"es"},{"@type":"Organization","@id":"https:\/\/taxhelplaw.com\/sptax\/#organization","name":"TaxHelp, Inc.","url":"https:\/\/taxhelplaw.com\/sptax\/","logo":{"@type":"ImageObject","inLanguage":"es","@id":"https:\/\/taxhelplaw.com\/sptax\/#\/schema\/logo\/image\/","url":"https:\/\/taxhelplaw.com\/sptax\/wp-content\/uploads\/2022\/01\/taxhelpenespanol.jpg","contentUrl":"https:\/\/taxhelplaw.com\/sptax\/wp-content\/uploads\/2022\/01\/taxhelpenespanol.jpg","width":300,"height":101,"caption":"TaxHelp, Inc."},"image":{"@id":"https:\/\/taxhelplaw.com\/sptax\/#\/schema\/logo\/image\/"}}]}},"jetpack_sharing_enabled":false,"_links":{"self":[{"href":"https:\/\/taxhelplaw.com\/sptax\/wp-json\/wp\/v2\/pages\/318","targetHints":{"allow":["GET"]}}],"collection":[{"href":"https:\/\/taxhelplaw.com\/sptax\/wp-json\/wp\/v2\/pages"}],"about":[{"href":"https:\/\/taxhelplaw.com\/sptax\/wp-json\/wp\/v2\/types\/page"}],"author":[{"embeddable":true,"href":"https:\/\/taxhelplaw.com\/sptax\/wp-json\/wp\/v2\/users\/1"}],"replies":[{"embeddable":true,"href":"https:\/\/taxhelplaw.com\/sptax\/wp-json\/wp\/v2\/comments?post=318"}],"version-history":[{"count":10,"href":"https:\/\/taxhelplaw.com\/sptax\/wp-json\/wp\/v2\/pages\/318\/revisions"}],"predecessor-version":[{"id":7512,"href":"https:\/\/taxhelplaw.com\/sptax\/wp-json\/wp\/v2\/pages\/318\/revisions\/7512"}],"up":[{"embeddable":true,"href":"https:\/\/taxhelplaw.com\/sptax\/wp-json\/wp\/v2\/pages\/164"}],"wp:attachment":[{"href":"https:\/\/taxhelplaw.com\/sptax\/wp-json\/wp\/v2\/media?parent=318"}],"curies":[{"name":"wp","href":"https:\/\/api.w.org\/{rel}","templated":true}]}}