{"id":292,"date":"2015-02-08T00:15:21","date_gmt":"2015-02-08T00:15:21","guid":{"rendered":"http:\/\/taxhelplaw.com\/sp\/?page_id=292"},"modified":"2023-03-06T03:28:59","modified_gmt":"2023-03-06T03:28:59","slug":"colorado-estado-de-cuenta","status":"publish","type":"page","link":"https:\/\/taxhelplaw.com\/sptax\/soluciones\/pasos-de-casos-problemas-con-impuestos-en-colorado\/colorado-estado-de-cuenta\/","title":{"rendered":"Colorado &#8211; Estado de Cuenta"},"content":{"rendered":"<p>Igual que el <a href=\"https:\/\/taxhelplaw.com\/sptax\/wp-content\/uploads\/2023\/03\/Summary.en_.espanol-scaled.jpg\" class=\"popup\">resumen<\/a> de su cuenta que el estado puede enviarle, esta carta (Estado de cuenta) muestra la cantidad que se debe en impuestos, las penalidades, los intereses y el balance. Pero no asuma que el c\u00e1lculo de inter\u00e9s es correcto.\u00a0La cantidad pudo haber aumentado entre el momento que la carta fue enviada y recibida. Tambi\u00e9n el ciclo de calcular el inter\u00e9s funciona en intervalos y puede ser que todo no haya sido calculado.<\/p>\n<p>Puede haber cr\u00e9ditos o adiciones que no aparecen en esta carta. F\u00edjese que usted est\u00e9 de acuerdo con las cantidades. Hay varios cr\u00e9ditos disponible en Colorado que no hay en la declaraci\u00f3n federal. <a title=\"Cr\u00e9ditos en Colorado\" href=\"https:\/\/tax.colorado.gov\/credit-subtraction-forms\" class=\"popup\"><span style=\"color: #0000ff;\">Aqu\u00ed<\/a> est\u00e1 una p\u00e1gina web del estado de Colorado que indica los varios cr\u00e9ditos. Se puede elegir la opci\u00f3n para traducirla en espa\u00f1ol por utilizar el bot\u00f3n en el rinc\u00f3n arriba a la derecha.<\/p>\n<p>Muchas veces este documento viene con el <a title=\"Aviso de Determinaci\u00f3n de Colorado\" href=\"https:\/\/taxhelplaw.com\/sptax\/soluciones\/pasos-de-casos-problemas-con-impuestos-en-colorado\/colorado-aviso-de-determinacion-final-y-demanda-de-pago\/\"><span style=\"color: #0000ff;\">Aviso de Determinaci\u00f3n<\/span><\/a> o <a title=\"Aviso de Determinaci\u00f3n de Colorado\" href=\"https:\/\/taxhelplaw.com\/sptax\/soluciones\/pasos-de-casos-problemas-con-impuestos-en-colorado\/colorado-gravamen-y-embargos\/\"><span style=\"color: #0000ff;\">Embargo<\/span><\/a> de Colorado. Usted tiene que responder a cada una de las cartas y cada una de las aserciones del estado con evidencia, no solo con protestas.<\/p>\n<p>Para hacerlo, tendr\u00e1 que comparar su declaraci\u00f3n con las cartas del estado para discernir cu\u00e1l es el problema y qu\u00e9 evidencias tendr\u00e1 que recoger.<\/p>\n<p>Si usted no responde a tiempo y adecuadamente, perder\u00e1 el caso. Mucha gente no responde porque no sabe c\u00f3mo hacerlo \u00a1TaxHelpLaw le mostrar\u00e1 los pasos!<\/p>\n<p>Haga clic para los <a title=\"Pasos de Casos \u2013 Problemas con impuestos en Colorado\" href=\"\/\/taxhelplaw.com\/sptax\/soluciones\/pasos-de-casos-problemas-con-impuestos-en-colorado\/\"><span style=\"color: #0000ff;\">Pasos de Casos<\/span><\/a> a seguir para el Estado de cuenta en Colorado.<\/p>\n<div class=\"one-half first\">\n<h6>Versi\u00f3n en ingl\u00e9s:<\/h6>\n<\/div>\n<div class=\"one-half\"><a href=\"\/sptax\/wp-content\/uploads\/2015\/02\/Colorado-Account-Statement-1.jpg\" class=\"popup\">Account - CO<\/a><\/div>\n<p>&nbsp;<\/p>\n<div>\n<h6>Nuestra traducci\u00f3n al espa\u00f1ol:<\/h6>\n<\/div>\n<p><a title=\"Pasos de Casos \u2013 Problemas con impuestos en Colorado\" href=\"\/\/taxhelplaw.com\/sptax\/soluciones\/pasos-de-casos-problemas-con-impuestos-en-colorado\/\"><img loading=\"lazy\" decoding=\"async\" class=\"alignleft size-full wp-image-384\" src=\"https:\/\/taxhelplaw.com\/sptax\/wp-content\/uploads\/2023\/03\/AccountStatement.en_.espanol-scaled.jpg\" alt=\"Colorado-Account-Statement\" width=\"1248\" height=\"1667\" \/><\/a><\/p>\n<p><a href=\"https:\/\/taxhelplaw.com\/sptax\/sample-page-2\/contactenos\/\"><img loading=\"lazy\" decoding=\"async\" class=\"aligncenter size-full wp-image-3464\" title=\"Colorado \u2013 Estado de Cuenta\" src=\"https:\/\/taxhelplaw.com\/sptax\/wp-content\/uploads\/2022\/01\/taxhelpenespanol.jpg\" alt=\"Colorado \u2013 Estado de Cuenta. Abogado de derecho fiscal en Colorado Springs. Abogado de impuestos en Colorado Springs\" width=\"300\" height=\"101\" \/><\/a><\/p>\n","protected":false},"excerpt":{"rendered":"<p>Igual que el resumen de su cuenta que el estado puede enviarle, esta carta (Estado de cuenta) muestra la cantidad que se debe en impuestos, las penalidades, los intereses y el balance. Pero no asuma que el c\u00e1lculo de inter\u00e9s es correcto.\u00a0La cantidad pudo haber aumentado entre el momento que la carta fue enviada y [&hellip;]<\/p>\n","protected":false},"author":1,"featured_media":0,"parent":273,"menu_order":4,"comment_status":"closed","ping_status":"closed","template":"","meta":{"_genesis_hide_title":false,"_genesis_hide_breadcrumbs":false,"_genesis_hide_singular_image":false,"_genesis_hide_footer_widgets":false,"_genesis_custom_body_class":"","_genesis_custom_post_class":"","_genesis_layout":"","footnotes":""},"class_list":{"0":"post-292","1":"page","2":"type-page","3":"status-publish","5":"entry"},"yoast_head":"<!-- This site is optimized with the Yoast SEO Premium plugin v27.0 (Yoast SEO v27.4) - https:\/\/yoast.com\/product\/yoast-seo-premium-wordpress\/ -->\n<title>Estado de Cuenta - J. David Hopkins, JD LLM<\/title>\n<meta name=\"description\" content=\"Colorado \u2013 Estado de Cuenta: mucha gente no responde porque no sabe c\u00f3mo hacerlo \u00a1TaxHelpLaw le mostrar\u00e1 los pasos!\" \/>\n<meta name=\"robots\" content=\"index, follow, max-snippet:-1, max-image-preview:large, max-video-preview:-1\" \/>\n<link rel=\"canonical\" href=\"https:\/\/taxhelplaw.com\/sptax\/soluciones\/pasos-de-casos-problemas-con-impuestos-en-colorado\/colorado-estado-de-cuenta\/\" \/>\n<meta property=\"og:locale\" content=\"es_MX\" \/>\n<meta property=\"og:type\" content=\"article\" \/>\n<meta property=\"og:title\" content=\"Colorado - Estado de Cuenta\" \/>\n<meta property=\"og:description\" content=\"Colorado \u2013 Estado de Cuenta: mucha gente no responde porque no sabe c\u00f3mo hacerlo \u00a1TaxHelpLaw le mostrar\u00e1 los pasos!\" \/>\n<meta property=\"og:url\" content=\"https:\/\/taxhelplaw.com\/sptax\/soluciones\/pasos-de-casos-problemas-con-impuestos-en-colorado\/colorado-estado-de-cuenta\/\" \/>\n<meta property=\"og:site_name\" content=\"J. David Hopkins, JD LLM\" \/>\n<meta property=\"article:modified_time\" content=\"2023-03-06T03:28:59+00:00\" \/>\n<meta property=\"og:image\" content=\"https:\/\/taxhelplaw.com\/sptax\/wp-content\/uploads\/2023\/03\/AccountStatement.en_.espanol-scaled.jpg\" \/>\n<meta name=\"twitter:card\" content=\"summary_large_image\" \/>\n<meta name=\"twitter:label1\" content=\"Tiempo de lectura\" \/>\n\t<meta name=\"twitter:data1\" content=\"2 minutos\" \/>\n<script type=\"application\/ld+json\" class=\"yoast-schema-graph\">{\"@context\":\"https:\\\/\\\/schema.org\",\"@graph\":[{\"@type\":\"WebPage\",\"@id\":\"https:\\\/\\\/taxhelplaw.com\\\/sptax\\\/soluciones\\\/pasos-de-casos-problemas-con-impuestos-en-colorado\\\/colorado-estado-de-cuenta\\\/\",\"url\":\"https:\\\/\\\/taxhelplaw.com\\\/sptax\\\/soluciones\\\/pasos-de-casos-problemas-con-impuestos-en-colorado\\\/colorado-estado-de-cuenta\\\/\",\"name\":\"Estado de Cuenta - J. David Hopkins, JD LLM\",\"isPartOf\":{\"@id\":\"https:\\\/\\\/taxhelplaw.com\\\/sptax\\\/#website\"},\"primaryImageOfPage\":{\"@id\":\"https:\\\/\\\/taxhelplaw.com\\\/sptax\\\/soluciones\\\/pasos-de-casos-problemas-con-impuestos-en-colorado\\\/colorado-estado-de-cuenta\\\/#primaryimage\"},\"image\":{\"@id\":\"https:\\\/\\\/taxhelplaw.com\\\/sptax\\\/soluciones\\\/pasos-de-casos-problemas-con-impuestos-en-colorado\\\/colorado-estado-de-cuenta\\\/#primaryimage\"},\"thumbnailUrl\":\"https:\\\/\\\/taxhelplaw.com\\\/sptax\\\/wp-content\\\/uploads\\\/2023\\\/03\\\/AccountStatement.en_.espanol-scaled.jpg\",\"datePublished\":\"2015-02-08T00:15:21+00:00\",\"dateModified\":\"2023-03-06T03:28:59+00:00\",\"description\":\"Colorado \u2013 Estado de Cuenta: mucha gente no responde porque no sabe c\u00f3mo hacerlo \u00a1TaxHelpLaw le mostrar\u00e1 los pasos!\",\"breadcrumb\":{\"@id\":\"https:\\\/\\\/taxhelplaw.com\\\/sptax\\\/soluciones\\\/pasos-de-casos-problemas-con-impuestos-en-colorado\\\/colorado-estado-de-cuenta\\\/#breadcrumb\"},\"inLanguage\":\"es\",\"potentialAction\":[{\"@type\":\"ReadAction\",\"target\":[\"https:\\\/\\\/taxhelplaw.com\\\/sptax\\\/soluciones\\\/pasos-de-casos-problemas-con-impuestos-en-colorado\\\/colorado-estado-de-cuenta\\\/\"]}]},{\"@type\":\"ImageObject\",\"inLanguage\":\"es\",\"@id\":\"https:\\\/\\\/taxhelplaw.com\\\/sptax\\\/soluciones\\\/pasos-de-casos-problemas-con-impuestos-en-colorado\\\/colorado-estado-de-cuenta\\\/#primaryimage\",\"url\":\"https:\\\/\\\/taxhelplaw.com\\\/sptax\\\/wp-content\\\/uploads\\\/2023\\\/03\\\/AccountStatement.en_.espanol-scaled.jpg\",\"contentUrl\":\"https:\\\/\\\/taxhelplaw.com\\\/sptax\\\/wp-content\\\/uploads\\\/2023\\\/03\\\/AccountStatement.en_.espanol-scaled.jpg\",\"width\":1891,\"height\":2560},{\"@type\":\"BreadcrumbList\",\"@id\":\"https:\\\/\\\/taxhelplaw.com\\\/sptax\\\/soluciones\\\/pasos-de-casos-problemas-con-impuestos-en-colorado\\\/colorado-estado-de-cuenta\\\/#breadcrumb\",\"itemListElement\":[{\"@type\":\"ListItem\",\"position\":1,\"name\":\"Home\",\"item\":\"https:\\\/\\\/taxhelplaw.com\\\/sptax\\\/\"},{\"@type\":\"ListItem\",\"position\":2,\"name\":\"Soluciones\",\"item\":\"https:\\\/\\\/taxhelplaw.com\\\/sptax\\\/soluciones\\\/\"},{\"@type\":\"ListItem\",\"position\":3,\"name\":\"El estado de Colorado\",\"item\":\"https:\\\/\\\/taxhelplaw.com\\\/sptax\\\/soluciones\\\/pasos-de-casos-problemas-con-impuestos-en-colorado\\\/\"},{\"@type\":\"ListItem\",\"position\":4,\"name\":\"Colorado &#8211; Estado de Cuenta\"}]},{\"@type\":\"WebSite\",\"@id\":\"https:\\\/\\\/taxhelplaw.com\\\/sptax\\\/#website\",\"url\":\"https:\\\/\\\/taxhelplaw.com\\\/sptax\\\/\",\"name\":\"J. David Hopkins, JD LLM\",\"description\":\"Maestr\u00eda en Derecho Tributario\",\"publisher\":{\"@id\":\"https:\\\/\\\/taxhelplaw.com\\\/sptax\\\/#organization\"},\"alternateName\":\"TaxHelpLaw en Espa\u00f1ol\",\"potentialAction\":[{\"@type\":\"SearchAction\",\"target\":{\"@type\":\"EntryPoint\",\"urlTemplate\":\"https:\\\/\\\/taxhelplaw.com\\\/sptax\\\/?s={search_term_string}\"},\"query-input\":{\"@type\":\"PropertyValueSpecification\",\"valueRequired\":true,\"valueName\":\"search_term_string\"}}],\"inLanguage\":\"es\"},{\"@type\":\"Organization\",\"@id\":\"https:\\\/\\\/taxhelplaw.com\\\/sptax\\\/#organization\",\"name\":\"TaxHelp, Inc.\",\"url\":\"https:\\\/\\\/taxhelplaw.com\\\/sptax\\\/\",\"logo\":{\"@type\":\"ImageObject\",\"inLanguage\":\"es\",\"@id\":\"https:\\\/\\\/taxhelplaw.com\\\/sptax\\\/#\\\/schema\\\/logo\\\/image\\\/\",\"url\":\"https:\\\/\\\/taxhelplaw.com\\\/sptax\\\/wp-content\\\/uploads\\\/2022\\\/01\\\/taxhelpenespanol.jpg\",\"contentUrl\":\"https:\\\/\\\/taxhelplaw.com\\\/sptax\\\/wp-content\\\/uploads\\\/2022\\\/01\\\/taxhelpenespanol.jpg\",\"width\":300,\"height\":101,\"caption\":\"TaxHelp, Inc.\"},\"image\":{\"@id\":\"https:\\\/\\\/taxhelplaw.com\\\/sptax\\\/#\\\/schema\\\/logo\\\/image\\\/\"}}]}<\/script>\n<!-- \/ Yoast SEO Premium plugin. -->","yoast_head_json":{"title":"Estado de Cuenta - J. David Hopkins, JD LLM","description":"Colorado \u2013 Estado de Cuenta: mucha gente no responde porque no sabe c\u00f3mo hacerlo \u00a1TaxHelpLaw le mostrar\u00e1 los pasos!","robots":{"index":"index","follow":"follow","max-snippet":"max-snippet:-1","max-image-preview":"max-image-preview:large","max-video-preview":"max-video-preview:-1"},"canonical":"https:\/\/taxhelplaw.com\/sptax\/soluciones\/pasos-de-casos-problemas-con-impuestos-en-colorado\/colorado-estado-de-cuenta\/","og_locale":"es_MX","og_type":"article","og_title":"Colorado - Estado de Cuenta","og_description":"Colorado \u2013 Estado de Cuenta: mucha gente no responde porque no sabe c\u00f3mo hacerlo \u00a1TaxHelpLaw le mostrar\u00e1 los pasos!","og_url":"https:\/\/taxhelplaw.com\/sptax\/soluciones\/pasos-de-casos-problemas-con-impuestos-en-colorado\/colorado-estado-de-cuenta\/","og_site_name":"J. David Hopkins, JD LLM","article_modified_time":"2023-03-06T03:28:59+00:00","og_image":[{"url":"https:\/\/taxhelplaw.com\/sptax\/wp-content\/uploads\/2023\/03\/AccountStatement.en_.espanol-scaled.jpg","type":"","width":"","height":""}],"twitter_card":"summary_large_image","twitter_misc":{"Tiempo de lectura":"2 minutos"},"schema":{"@context":"https:\/\/schema.org","@graph":[{"@type":"WebPage","@id":"https:\/\/taxhelplaw.com\/sptax\/soluciones\/pasos-de-casos-problemas-con-impuestos-en-colorado\/colorado-estado-de-cuenta\/","url":"https:\/\/taxhelplaw.com\/sptax\/soluciones\/pasos-de-casos-problemas-con-impuestos-en-colorado\/colorado-estado-de-cuenta\/","name":"Estado de Cuenta - J. David Hopkins, JD LLM","isPartOf":{"@id":"https:\/\/taxhelplaw.com\/sptax\/#website"},"primaryImageOfPage":{"@id":"https:\/\/taxhelplaw.com\/sptax\/soluciones\/pasos-de-casos-problemas-con-impuestos-en-colorado\/colorado-estado-de-cuenta\/#primaryimage"},"image":{"@id":"https:\/\/taxhelplaw.com\/sptax\/soluciones\/pasos-de-casos-problemas-con-impuestos-en-colorado\/colorado-estado-de-cuenta\/#primaryimage"},"thumbnailUrl":"https:\/\/taxhelplaw.com\/sptax\/wp-content\/uploads\/2023\/03\/AccountStatement.en_.espanol-scaled.jpg","datePublished":"2015-02-08T00:15:21+00:00","dateModified":"2023-03-06T03:28:59+00:00","description":"Colorado \u2013 Estado de Cuenta: mucha gente no responde porque no sabe c\u00f3mo hacerlo \u00a1TaxHelpLaw le mostrar\u00e1 los pasos!","breadcrumb":{"@id":"https:\/\/taxhelplaw.com\/sptax\/soluciones\/pasos-de-casos-problemas-con-impuestos-en-colorado\/colorado-estado-de-cuenta\/#breadcrumb"},"inLanguage":"es","potentialAction":[{"@type":"ReadAction","target":["https:\/\/taxhelplaw.com\/sptax\/soluciones\/pasos-de-casos-problemas-con-impuestos-en-colorado\/colorado-estado-de-cuenta\/"]}]},{"@type":"ImageObject","inLanguage":"es","@id":"https:\/\/taxhelplaw.com\/sptax\/soluciones\/pasos-de-casos-problemas-con-impuestos-en-colorado\/colorado-estado-de-cuenta\/#primaryimage","url":"https:\/\/taxhelplaw.com\/sptax\/wp-content\/uploads\/2023\/03\/AccountStatement.en_.espanol-scaled.jpg","contentUrl":"https:\/\/taxhelplaw.com\/sptax\/wp-content\/uploads\/2023\/03\/AccountStatement.en_.espanol-scaled.jpg","width":1891,"height":2560},{"@type":"BreadcrumbList","@id":"https:\/\/taxhelplaw.com\/sptax\/soluciones\/pasos-de-casos-problemas-con-impuestos-en-colorado\/colorado-estado-de-cuenta\/#breadcrumb","itemListElement":[{"@type":"ListItem","position":1,"name":"Home","item":"https:\/\/taxhelplaw.com\/sptax\/"},{"@type":"ListItem","position":2,"name":"Soluciones","item":"https:\/\/taxhelplaw.com\/sptax\/soluciones\/"},{"@type":"ListItem","position":3,"name":"El estado de Colorado","item":"https:\/\/taxhelplaw.com\/sptax\/soluciones\/pasos-de-casos-problemas-con-impuestos-en-colorado\/"},{"@type":"ListItem","position":4,"name":"Colorado &#8211; Estado de Cuenta"}]},{"@type":"WebSite","@id":"https:\/\/taxhelplaw.com\/sptax\/#website","url":"https:\/\/taxhelplaw.com\/sptax\/","name":"J. David Hopkins, JD LLM","description":"Maestr\u00eda en Derecho Tributario","publisher":{"@id":"https:\/\/taxhelplaw.com\/sptax\/#organization"},"alternateName":"TaxHelpLaw en Espa\u00f1ol","potentialAction":[{"@type":"SearchAction","target":{"@type":"EntryPoint","urlTemplate":"https:\/\/taxhelplaw.com\/sptax\/?s={search_term_string}"},"query-input":{"@type":"PropertyValueSpecification","valueRequired":true,"valueName":"search_term_string"}}],"inLanguage":"es"},{"@type":"Organization","@id":"https:\/\/taxhelplaw.com\/sptax\/#organization","name":"TaxHelp, Inc.","url":"https:\/\/taxhelplaw.com\/sptax\/","logo":{"@type":"ImageObject","inLanguage":"es","@id":"https:\/\/taxhelplaw.com\/sptax\/#\/schema\/logo\/image\/","url":"https:\/\/taxhelplaw.com\/sptax\/wp-content\/uploads\/2022\/01\/taxhelpenespanol.jpg","contentUrl":"https:\/\/taxhelplaw.com\/sptax\/wp-content\/uploads\/2022\/01\/taxhelpenespanol.jpg","width":300,"height":101,"caption":"TaxHelp, Inc."},"image":{"@id":"https:\/\/taxhelplaw.com\/sptax\/#\/schema\/logo\/image\/"}}]}},"jetpack_sharing_enabled":true,"_links":{"self":[{"href":"https:\/\/taxhelplaw.com\/sptax\/wp-json\/wp\/v2\/pages\/292","targetHints":{"allow":["GET"]}}],"collection":[{"href":"https:\/\/taxhelplaw.com\/sptax\/wp-json\/wp\/v2\/pages"}],"about":[{"href":"https:\/\/taxhelplaw.com\/sptax\/wp-json\/wp\/v2\/types\/page"}],"author":[{"embeddable":true,"href":"https:\/\/taxhelplaw.com\/sptax\/wp-json\/wp\/v2\/users\/1"}],"replies":[{"embeddable":true,"href":"https:\/\/taxhelplaw.com\/sptax\/wp-json\/wp\/v2\/comments?post=292"}],"version-history":[{"count":15,"href":"https:\/\/taxhelplaw.com\/sptax\/wp-json\/wp\/v2\/pages\/292\/revisions"}],"predecessor-version":[{"id":7493,"href":"https:\/\/taxhelplaw.com\/sptax\/wp-json\/wp\/v2\/pages\/292\/revisions\/7493"}],"up":[{"embeddable":true,"href":"https:\/\/taxhelplaw.com\/sptax\/wp-json\/wp\/v2\/pages\/273"}],"wp:attachment":[{"href":"https:\/\/taxhelplaw.com\/sptax\/wp-json\/wp\/v2\/media?parent=292"}],"curies":[{"name":"wp","href":"https:\/\/api.w.org\/{rel}","templated":true}]}}