{"id":287,"date":"2015-02-08T00:21:06","date_gmt":"2015-02-08T00:21:06","guid":{"rendered":"http:\/\/taxhelplaw.com\/sp\/?page_id=287"},"modified":"2023-03-06T01:42:04","modified_gmt":"2023-03-06T01:42:04","slug":"colorado-aviso-de-determinacion-final-y-demanda-de-pago","status":"publish","type":"page","link":"https:\/\/taxhelplaw.com\/sptax\/soluciones\/pasos-de-casos-problemas-con-impuestos-en-colorado\/colorado-aviso-de-determinacion-final-y-demanda-de-pago\/","title":{"rendered":"Colorado &#8211; Aviso de Determinaci\u00f3n final y Demanda de pago"},"content":{"rendered":"<p>El estado de Colorado usa el aviso \"Determinaci\u00f3n final y Demanda de pago\" para notificarle que exigen cobro porque usted no ha respondido adecuadamente al <a title=\"Colorado \u2013 Aviso de deficienc\u00eda\" href=\"\/\/taxhelplaw.com\/sptax\/soluciones\/pasos-de-casos-problemas-con-impuestos-en-colorado\/colorado-aviso-de-deficiencia\/\"><span style=\"color: #0000ff;\">Aviso de deficiencia<\/span><\/a>.<\/p>\n<p>Muchas veces no se responde al Aviso de deficiencia porque nunca se recibi\u00f3 y no se sabe c\u00f3mo responder. Pero su situaci\u00f3n no es irreversible, \u00a1TaxHelpLaw le mostrar\u00e1 c\u00f3mo hacerlo!<\/p>\n<h6>Si usted est\u00e1 de acuerdo con los cambios<\/h6>\n<p>Si los cambios parecen correctos, tendr\u00e1 que pagar la factura. Si no tiene el dinero, puede pagar a plazos. Esencialmente, tendr\u00e1 que revelar su situaci\u00f3n econ\u00f3mica al estado de Colorado y pedir un acuerdo. Generalmente, el estado quiere recaudar el impuesto en tres a\u00f1os.<\/p>\n<h6>Si no est\u00e1 de acuerdo con los cambios<\/h6>\n<p>Debido a que la determinaci\u00f3n del estado es una decisi\u00f3n final, tendr\u00e1 que recoger todas las evidencias, formularios y sus declaraciones y crear un caso indiscutible. Primero, tiene que presentar su evidencia contundente y luego tratar de convencer al estado de cambiar la decisi\u00f3n anterior. Ellos pueden resistirse a reabrir un caso cerrado, especialmente sin evidencia relevante, precisa y fehaciente.<\/p>\n<p>La ley de impuestos del Estado de Colorado es un proceso legal en su contra, por lo tanto se recomienda el asesoramiento de un abogado fiscal aunque usted contin\u00fae s\u00f3lo\/a con su caso.<\/p>\n<p>Haga clic para los <span style=\"color: #0000ff;\"><a style=\"color: #0000ff;\" title=\"Pasos de Casos \u2013 Problemas con impuestos en Colorado\" href=\"\/\/taxhelplaw.com\/sptax\/soluciones\/pasos-de-casos-problemas-con-impuestos-en-colorado\/\">Pasos de Casos<\/a><\/span> a seguir para el Aviso de Determinaci\u00f3n Final y Demanda de Pago.<\/p>\n<div class=\"one-half first\">\n<h6>Versi\u00f3n en ingl\u00e9s:<\/h6>\n<\/div>\n<div class=\"one-half\"><a href=\"\/sptax\/wp-content\/uploads\/2015\/02\/Final-Determination-Demand-1.jpg\" class=\"popup\">Determination<\/a><\/div>\n<p>&nbsp;<\/p>\n<div>\n<h6>Nuestra traducci\u00f3n al espa\u00f1ol:<\/h6>\n<\/div>\n<p><a title=\"Pasos de Casos \u2013 Problemas con impuestos en Colorado\" href=\"\/\/taxhelplaw.com\/sptax\/soluciones\/pasos-de-casos-problemas-con-impuestos-en-colorado\/\"><img loading=\"lazy\" decoding=\"async\" class=\"alignleft size-full wp-image-387\" src=\"https:\/\/taxhelplaw.com\/sptax\/wp-content\/uploads\/2023\/03\/FinalDetermination-Demand-en.espanol-scaled.jpg\" alt=\"Final-Determination-Demand\" width=\"1248\" height=\"1667\" \/><\/a><\/p>\n<p><a href=\"https:\/\/taxhelplaw.com\/sptax\/sample-page-2\/contactenos\/\"><img loading=\"lazy\" decoding=\"async\" class=\"aligncenter size-full wp-image-3464\" title=\"Determinaci\u00f3n final y Demanda de pago\" src=\"https:\/\/taxhelplaw.com\/sptax\/wp-content\/uploads\/2022\/01\/taxhelpenespanol.jpg\" alt=\"Determinaci\u00f3n final y Demanda de pago. Abogado de derecho fiscal en Colorado Springs. Abogado de impuestos en Colorado Springs\" width=\"300\" height=\"101\" \/><\/a><\/p>\n","protected":false},"excerpt":{"rendered":"<p>El estado de Colorado usa el aviso &#8220;Determinaci\u00f3n final y Demanda de pago&#8221; para notificarle que exigen cobro porque usted no ha respondido adecuadamente al Aviso de deficiencia. Muchas veces no se responde al Aviso de deficiencia porque nunca se recibi\u00f3 y no se sabe c\u00f3mo responder. Pero su situaci\u00f3n no es irreversible, \u00a1TaxHelpLaw le [&hellip;]<\/p>\n","protected":false},"author":1,"featured_media":0,"parent":273,"menu_order":2,"comment_status":"closed","ping_status":"closed","template":"","meta":{"_genesis_hide_title":false,"_genesis_hide_breadcrumbs":false,"_genesis_hide_singular_image":false,"_genesis_hide_footer_widgets":false,"_genesis_custom_body_class":"","_genesis_custom_post_class":"","_genesis_layout":"","footnotes":""},"class_list":{"0":"post-287","1":"page","2":"type-page","3":"status-publish","5":"entry"},"yoast_head":"<!-- This site is optimized with the Yoast SEO Premium plugin v27.0 (Yoast SEO v27.3) - https:\/\/yoast.com\/product\/yoast-seo-premium-wordpress\/ -->\n<title>Determinaci\u00f3n final y Demanda de pago - J. David Hopkins, JD LLM<\/title>\n<meta name=\"description\" content=\"Determinaci\u00f3n final y Demanda de pago: su situaci\u00f3n no es irreversible, \u00a1TaxHelpLaw le mostrar\u00e1 c\u00f3mo hacerlo!\" \/>\n<meta name=\"robots\" content=\"index, follow, max-snippet:-1, max-image-preview:large, max-video-preview:-1\" \/>\n<link rel=\"canonical\" href=\"https:\/\/taxhelplaw.com\/sptax\/soluciones\/pasos-de-casos-problemas-con-impuestos-en-colorado\/colorado-aviso-de-determinacion-final-y-demanda-de-pago\/\" \/>\n<meta property=\"og:locale\" content=\"es_MX\" \/>\n<meta property=\"og:type\" content=\"article\" \/>\n<meta property=\"og:title\" content=\"Colorado - Aviso de Determinaci\u00f3n final y Demanda de pago\" \/>\n<meta property=\"og:description\" content=\"Determinaci\u00f3n final y Demanda de pago: su situaci\u00f3n no es irreversible, \u00a1TaxHelpLaw le mostrar\u00e1 c\u00f3mo hacerlo!\" \/>\n<meta property=\"og:url\" content=\"https:\/\/taxhelplaw.com\/sptax\/soluciones\/pasos-de-casos-problemas-con-impuestos-en-colorado\/colorado-aviso-de-determinacion-final-y-demanda-de-pago\/\" \/>\n<meta property=\"og:site_name\" content=\"J. David Hopkins, JD LLM\" \/>\n<meta property=\"article:modified_time\" content=\"2023-03-06T01:42:04+00:00\" \/>\n<meta property=\"og:image\" content=\"https:\/\/taxhelplaw.com\/sptax\/wp-content\/uploads\/2023\/03\/FinalDetermination-Demand-en.espanol-scaled.jpg\" \/>\n<meta name=\"twitter:card\" content=\"summary_large_image\" \/>\n<meta name=\"twitter:label1\" content=\"Tiempo de lectura\" \/>\n\t<meta name=\"twitter:data1\" content=\"2 minutos\" \/>\n<script type=\"application\/ld+json\" class=\"yoast-schema-graph\">{\"@context\":\"https:\\\/\\\/schema.org\",\"@graph\":[{\"@type\":\"WebPage\",\"@id\":\"https:\\\/\\\/taxhelplaw.com\\\/sptax\\\/soluciones\\\/pasos-de-casos-problemas-con-impuestos-en-colorado\\\/colorado-aviso-de-determinacion-final-y-demanda-de-pago\\\/\",\"url\":\"https:\\\/\\\/taxhelplaw.com\\\/sptax\\\/soluciones\\\/pasos-de-casos-problemas-con-impuestos-en-colorado\\\/colorado-aviso-de-determinacion-final-y-demanda-de-pago\\\/\",\"name\":\"Determinaci\u00f3n final y Demanda de pago - J. David Hopkins, JD LLM\",\"isPartOf\":{\"@id\":\"https:\\\/\\\/taxhelplaw.com\\\/sptax\\\/#website\"},\"primaryImageOfPage\":{\"@id\":\"https:\\\/\\\/taxhelplaw.com\\\/sptax\\\/soluciones\\\/pasos-de-casos-problemas-con-impuestos-en-colorado\\\/colorado-aviso-de-determinacion-final-y-demanda-de-pago\\\/#primaryimage\"},\"image\":{\"@id\":\"https:\\\/\\\/taxhelplaw.com\\\/sptax\\\/soluciones\\\/pasos-de-casos-problemas-con-impuestos-en-colorado\\\/colorado-aviso-de-determinacion-final-y-demanda-de-pago\\\/#primaryimage\"},\"thumbnailUrl\":\"https:\\\/\\\/taxhelplaw.com\\\/sptax\\\/wp-content\\\/uploads\\\/2023\\\/03\\\/FinalDetermination-Demand-en.espanol-scaled.jpg\",\"datePublished\":\"2015-02-08T00:21:06+00:00\",\"dateModified\":\"2023-03-06T01:42:04+00:00\",\"description\":\"Determinaci\u00f3n final y Demanda de pago: su situaci\u00f3n no es irreversible, \u00a1TaxHelpLaw le mostrar\u00e1 c\u00f3mo hacerlo!\",\"breadcrumb\":{\"@id\":\"https:\\\/\\\/taxhelplaw.com\\\/sptax\\\/soluciones\\\/pasos-de-casos-problemas-con-impuestos-en-colorado\\\/colorado-aviso-de-determinacion-final-y-demanda-de-pago\\\/#breadcrumb\"},\"inLanguage\":\"es\",\"potentialAction\":[{\"@type\":\"ReadAction\",\"target\":[\"https:\\\/\\\/taxhelplaw.com\\\/sptax\\\/soluciones\\\/pasos-de-casos-problemas-con-impuestos-en-colorado\\\/colorado-aviso-de-determinacion-final-y-demanda-de-pago\\\/\"]}]},{\"@type\":\"ImageObject\",\"inLanguage\":\"es\",\"@id\":\"https:\\\/\\\/taxhelplaw.com\\\/sptax\\\/soluciones\\\/pasos-de-casos-problemas-con-impuestos-en-colorado\\\/colorado-aviso-de-determinacion-final-y-demanda-de-pago\\\/#primaryimage\",\"url\":\"https:\\\/\\\/taxhelplaw.com\\\/sptax\\\/wp-content\\\/uploads\\\/2023\\\/03\\\/FinalDetermination-Demand-en.espanol-scaled.jpg\",\"contentUrl\":\"https:\\\/\\\/taxhelplaw.com\\\/sptax\\\/wp-content\\\/uploads\\\/2023\\\/03\\\/FinalDetermination-Demand-en.espanol-scaled.jpg\",\"width\":1891,\"height\":2560},{\"@type\":\"BreadcrumbList\",\"@id\":\"https:\\\/\\\/taxhelplaw.com\\\/sptax\\\/soluciones\\\/pasos-de-casos-problemas-con-impuestos-en-colorado\\\/colorado-aviso-de-determinacion-final-y-demanda-de-pago\\\/#breadcrumb\",\"itemListElement\":[{\"@type\":\"ListItem\",\"position\":1,\"name\":\"Home\",\"item\":\"https:\\\/\\\/taxhelplaw.com\\\/sptax\\\/\"},{\"@type\":\"ListItem\",\"position\":2,\"name\":\"Soluciones\",\"item\":\"https:\\\/\\\/taxhelplaw.com\\\/sptax\\\/soluciones\\\/\"},{\"@type\":\"ListItem\",\"position\":3,\"name\":\"El estado de Colorado\",\"item\":\"https:\\\/\\\/taxhelplaw.com\\\/sptax\\\/soluciones\\\/pasos-de-casos-problemas-con-impuestos-en-colorado\\\/\"},{\"@type\":\"ListItem\",\"position\":4,\"name\":\"Colorado &#8211; Aviso de Determinaci\u00f3n final y Demanda de pago\"}]},{\"@type\":\"WebSite\",\"@id\":\"https:\\\/\\\/taxhelplaw.com\\\/sptax\\\/#website\",\"url\":\"https:\\\/\\\/taxhelplaw.com\\\/sptax\\\/\",\"name\":\"J. David Hopkins, JD LLM\",\"description\":\"Maestr\u00eda en Derecho Tributario\",\"publisher\":{\"@id\":\"https:\\\/\\\/taxhelplaw.com\\\/sptax\\\/#organization\"},\"alternateName\":\"TaxHelpLaw en Espa\u00f1ol\",\"potentialAction\":[{\"@type\":\"SearchAction\",\"target\":{\"@type\":\"EntryPoint\",\"urlTemplate\":\"https:\\\/\\\/taxhelplaw.com\\\/sptax\\\/?s={search_term_string}\"},\"query-input\":{\"@type\":\"PropertyValueSpecification\",\"valueRequired\":true,\"valueName\":\"search_term_string\"}}],\"inLanguage\":\"es\"},{\"@type\":\"Organization\",\"@id\":\"https:\\\/\\\/taxhelplaw.com\\\/sptax\\\/#organization\",\"name\":\"TaxHelp, Inc.\",\"url\":\"https:\\\/\\\/taxhelplaw.com\\\/sptax\\\/\",\"logo\":{\"@type\":\"ImageObject\",\"inLanguage\":\"es\",\"@id\":\"https:\\\/\\\/taxhelplaw.com\\\/sptax\\\/#\\\/schema\\\/logo\\\/image\\\/\",\"url\":\"https:\\\/\\\/taxhelplaw.com\\\/sptax\\\/wp-content\\\/uploads\\\/2022\\\/01\\\/taxhelpenespanol.jpg\",\"contentUrl\":\"https:\\\/\\\/taxhelplaw.com\\\/sptax\\\/wp-content\\\/uploads\\\/2022\\\/01\\\/taxhelpenespanol.jpg\",\"width\":300,\"height\":101,\"caption\":\"TaxHelp, Inc.\"},\"image\":{\"@id\":\"https:\\\/\\\/taxhelplaw.com\\\/sptax\\\/#\\\/schema\\\/logo\\\/image\\\/\"}}]}<\/script>\n<!-- \/ Yoast SEO Premium plugin. -->","yoast_head_json":{"title":"Determinaci\u00f3n final y Demanda de pago - J. David Hopkins, JD LLM","description":"Determinaci\u00f3n final y Demanda de pago: su situaci\u00f3n no es irreversible, \u00a1TaxHelpLaw le mostrar\u00e1 c\u00f3mo hacerlo!","robots":{"index":"index","follow":"follow","max-snippet":"max-snippet:-1","max-image-preview":"max-image-preview:large","max-video-preview":"max-video-preview:-1"},"canonical":"https:\/\/taxhelplaw.com\/sptax\/soluciones\/pasos-de-casos-problemas-con-impuestos-en-colorado\/colorado-aviso-de-determinacion-final-y-demanda-de-pago\/","og_locale":"es_MX","og_type":"article","og_title":"Colorado - Aviso de Determinaci\u00f3n final y Demanda de pago","og_description":"Determinaci\u00f3n final y Demanda de pago: su situaci\u00f3n no es irreversible, \u00a1TaxHelpLaw le mostrar\u00e1 c\u00f3mo hacerlo!","og_url":"https:\/\/taxhelplaw.com\/sptax\/soluciones\/pasos-de-casos-problemas-con-impuestos-en-colorado\/colorado-aviso-de-determinacion-final-y-demanda-de-pago\/","og_site_name":"J. David Hopkins, JD LLM","article_modified_time":"2023-03-06T01:42:04+00:00","og_image":[{"url":"https:\/\/taxhelplaw.com\/sptax\/wp-content\/uploads\/2023\/03\/FinalDetermination-Demand-en.espanol-scaled.jpg","type":"","width":"","height":""}],"twitter_card":"summary_large_image","twitter_misc":{"Tiempo de lectura":"2 minutos"},"schema":{"@context":"https:\/\/schema.org","@graph":[{"@type":"WebPage","@id":"https:\/\/taxhelplaw.com\/sptax\/soluciones\/pasos-de-casos-problemas-con-impuestos-en-colorado\/colorado-aviso-de-determinacion-final-y-demanda-de-pago\/","url":"https:\/\/taxhelplaw.com\/sptax\/soluciones\/pasos-de-casos-problemas-con-impuestos-en-colorado\/colorado-aviso-de-determinacion-final-y-demanda-de-pago\/","name":"Determinaci\u00f3n final y Demanda de pago - J. David Hopkins, JD LLM","isPartOf":{"@id":"https:\/\/taxhelplaw.com\/sptax\/#website"},"primaryImageOfPage":{"@id":"https:\/\/taxhelplaw.com\/sptax\/soluciones\/pasos-de-casos-problemas-con-impuestos-en-colorado\/colorado-aviso-de-determinacion-final-y-demanda-de-pago\/#primaryimage"},"image":{"@id":"https:\/\/taxhelplaw.com\/sptax\/soluciones\/pasos-de-casos-problemas-con-impuestos-en-colorado\/colorado-aviso-de-determinacion-final-y-demanda-de-pago\/#primaryimage"},"thumbnailUrl":"https:\/\/taxhelplaw.com\/sptax\/wp-content\/uploads\/2023\/03\/FinalDetermination-Demand-en.espanol-scaled.jpg","datePublished":"2015-02-08T00:21:06+00:00","dateModified":"2023-03-06T01:42:04+00:00","description":"Determinaci\u00f3n final y Demanda de pago: su situaci\u00f3n no es irreversible, \u00a1TaxHelpLaw le mostrar\u00e1 c\u00f3mo hacerlo!","breadcrumb":{"@id":"https:\/\/taxhelplaw.com\/sptax\/soluciones\/pasos-de-casos-problemas-con-impuestos-en-colorado\/colorado-aviso-de-determinacion-final-y-demanda-de-pago\/#breadcrumb"},"inLanguage":"es","potentialAction":[{"@type":"ReadAction","target":["https:\/\/taxhelplaw.com\/sptax\/soluciones\/pasos-de-casos-problemas-con-impuestos-en-colorado\/colorado-aviso-de-determinacion-final-y-demanda-de-pago\/"]}]},{"@type":"ImageObject","inLanguage":"es","@id":"https:\/\/taxhelplaw.com\/sptax\/soluciones\/pasos-de-casos-problemas-con-impuestos-en-colorado\/colorado-aviso-de-determinacion-final-y-demanda-de-pago\/#primaryimage","url":"https:\/\/taxhelplaw.com\/sptax\/wp-content\/uploads\/2023\/03\/FinalDetermination-Demand-en.espanol-scaled.jpg","contentUrl":"https:\/\/taxhelplaw.com\/sptax\/wp-content\/uploads\/2023\/03\/FinalDetermination-Demand-en.espanol-scaled.jpg","width":1891,"height":2560},{"@type":"BreadcrumbList","@id":"https:\/\/taxhelplaw.com\/sptax\/soluciones\/pasos-de-casos-problemas-con-impuestos-en-colorado\/colorado-aviso-de-determinacion-final-y-demanda-de-pago\/#breadcrumb","itemListElement":[{"@type":"ListItem","position":1,"name":"Home","item":"https:\/\/taxhelplaw.com\/sptax\/"},{"@type":"ListItem","position":2,"name":"Soluciones","item":"https:\/\/taxhelplaw.com\/sptax\/soluciones\/"},{"@type":"ListItem","position":3,"name":"El estado de Colorado","item":"https:\/\/taxhelplaw.com\/sptax\/soluciones\/pasos-de-casos-problemas-con-impuestos-en-colorado\/"},{"@type":"ListItem","position":4,"name":"Colorado &#8211; Aviso de Determinaci\u00f3n final y Demanda de pago"}]},{"@type":"WebSite","@id":"https:\/\/taxhelplaw.com\/sptax\/#website","url":"https:\/\/taxhelplaw.com\/sptax\/","name":"J. David Hopkins, JD LLM","description":"Maestr\u00eda en Derecho Tributario","publisher":{"@id":"https:\/\/taxhelplaw.com\/sptax\/#organization"},"alternateName":"TaxHelpLaw en Espa\u00f1ol","potentialAction":[{"@type":"SearchAction","target":{"@type":"EntryPoint","urlTemplate":"https:\/\/taxhelplaw.com\/sptax\/?s={search_term_string}"},"query-input":{"@type":"PropertyValueSpecification","valueRequired":true,"valueName":"search_term_string"}}],"inLanguage":"es"},{"@type":"Organization","@id":"https:\/\/taxhelplaw.com\/sptax\/#organization","name":"TaxHelp, Inc.","url":"https:\/\/taxhelplaw.com\/sptax\/","logo":{"@type":"ImageObject","inLanguage":"es","@id":"https:\/\/taxhelplaw.com\/sptax\/#\/schema\/logo\/image\/","url":"https:\/\/taxhelplaw.com\/sptax\/wp-content\/uploads\/2022\/01\/taxhelpenespanol.jpg","contentUrl":"https:\/\/taxhelplaw.com\/sptax\/wp-content\/uploads\/2022\/01\/taxhelpenespanol.jpg","width":300,"height":101,"caption":"TaxHelp, Inc."},"image":{"@id":"https:\/\/taxhelplaw.com\/sptax\/#\/schema\/logo\/image\/"}}]}},"jetpack_sharing_enabled":true,"_links":{"self":[{"href":"https:\/\/taxhelplaw.com\/sptax\/wp-json\/wp\/v2\/pages\/287","targetHints":{"allow":["GET"]}}],"collection":[{"href":"https:\/\/taxhelplaw.com\/sptax\/wp-json\/wp\/v2\/pages"}],"about":[{"href":"https:\/\/taxhelplaw.com\/sptax\/wp-json\/wp\/v2\/types\/page"}],"author":[{"embeddable":true,"href":"https:\/\/taxhelplaw.com\/sptax\/wp-json\/wp\/v2\/users\/1"}],"replies":[{"embeddable":true,"href":"https:\/\/taxhelplaw.com\/sptax\/wp-json\/wp\/v2\/comments?post=287"}],"version-history":[{"count":11,"href":"https:\/\/taxhelplaw.com\/sptax\/wp-json\/wp\/v2\/pages\/287\/revisions"}],"predecessor-version":[{"id":7491,"href":"https:\/\/taxhelplaw.com\/sptax\/wp-json\/wp\/v2\/pages\/287\/revisions\/7491"}],"up":[{"embeddable":true,"href":"https:\/\/taxhelplaw.com\/sptax\/wp-json\/wp\/v2\/pages\/273"}],"wp:attachment":[{"href":"https:\/\/taxhelplaw.com\/sptax\/wp-json\/wp\/v2\/media?parent=287"}],"curies":[{"name":"wp","href":"https:\/\/api.w.org\/{rel}","templated":true}]}}