{"id":281,"date":"2015-02-07T06:17:34","date_gmt":"2015-02-07T06:17:34","guid":{"rendered":"http:\/\/taxhelplaw.com\/sp\/?page_id=281"},"modified":"2023-04-12T03:30:25","modified_gmt":"2023-04-12T03:30:25","slug":"carta-3219-y-carta-531-aviso-de-deficiencia","status":"publish","type":"page","link":"https:\/\/taxhelplaw.com\/sptax\/soluciones\/pasos-de-casos-auditorias\/carta-3219-y-carta-531-aviso-de-deficiencia\/","title":{"rendered":"Carta 3219 y Carta 531 &#8211;  Aviso de Deficiencia"},"content":{"rendered":"<p>Cartas 3219 y 531. Carta 3219 o Aviso 3219-N \"Aviso de Deficiencia. Aumento de la contribuci\u00f3n y aviso de su derecho a impugnar.\" Si usted no est\u00e1 de acuerdo con los resultados de la auditor\u00eda, el IRS va a determinar que usted debe impuestos y le enviar\u00e1n un Aviso de deficiencia (<em>abajo<\/em>). Usted solamente tiene 90 d\u00edas para reclamar en el tribunal tributario o se le aplicar\u00e1 el impuesto.<\/p>\n<p>En el tribunal tributario el juez proteger\u00e1 su derecho a tener un juicio justo y analizar\u00e1 completamente su caso, por lo tanto, este tribunal es m\u00e1s justo para presentar su evidencia.<\/p>\n<p>A pesar de que la segunda p\u00e1gina del Aviso de deficiencia lo invita a responder al IRS o al defensor de los contribuyentes, ellos no tienen el poder o autoridad para cambiar la decisi\u00f3n as\u00ed que no lo pueden ayudar. No responda al Aviso de deficiencia, en cambio reclame en el Tribunal tributario solamente o \u00a1perder\u00e1 su caso!<\/p>\n<p>El Aviso de deficiencia no es una factura. Si usted tiene un buen caso, tendr\u00e1 la oportunidad de disputarlo.<\/p>\n<p>Ya que la corte est\u00e1 involucrada, le aconsejamos la gu\u00eda de un abogado. Hemos dise\u00f1ado los <a title=\"Pasos de Casos \u2013 Corte\" href=\"\/\/taxhelplaw.com\/sptax\/soluciones\/pasos-de-casos-corte\/\"><span style=\"color: #0000ff;\">Pasos de Casos<\/span><\/a> a seguir para que usted traiga los documentos necesarios a su primera cita. Vamos a crear un <strong>Plan de Acci\u00f3n<\/strong> para resolver su problema con el IRS al menor costo posible.<\/p>\n<p>Si usted va al tribunal deber\u00e1 encontrar y organizar sus documentos de manera correcta y si no perder\u00e1 su caso.<\/p>\n<p>Usted puede contratar a un tenedor de libros, contador p\u00fablico o a nosotros para organizar sus expedientes.<\/p>\n<p>O puede ahorrar tiempo y dinero si se hace miembro de <a href=\"https:\/\/taxhelplaw.com\/sptax\/autodefensa-contra-una-auditoria-del-irs\/\"><span style=\"color: #0000ff;\">TaxHelpLaw.com<\/span><\/a>, un programa que lo ayuda a organizar sus documentos. Tambi\u00e9n, haga una cita con el Lic. Hopkins antes de su cita con el IRS.<\/p>\n<p>Generalmente, la Carta 3219 es el primer aviso que se recibe del IRS porque la persona se mud\u00f3 o los avisos anteriores se perdieron. Si este es el caso, significa que usted tiene declaraciones de impuestos <a title=\"Pasos de Casos \u2013 Solicitud de declaraci\u00f3n\" href=\"\/\/taxhelplaw.com\/sptax\/soluciones\/pasos-de-casos-solicitud-de-declaracion\/\"><span style=\"color: #0000ff;\">sin presentar<\/span><\/a>. Dependiendo de la situaci\u00f3n, una simple presentaci\u00f3n de impuestos puede ser todo lo que se necesita para solucionar el problema.<\/p>\n<p>La carta 531T es b\u00e1sicamente la misma que la Carta 3219\u00a0 -\u00a0 Aviso de Deficiencia. Si usted no reclama en el tribunal tributario dentro de 90 d\u00edas de la fecha de la carta, se le aplicar\u00e1 el impuesto. Hay varias razones por las cuales usted ha recibido esta carta as\u00ed que lo mejor es hablar con el abogado.<\/p>\n<p>A pesar de que esta carta lo invita a contactar al IRS para hacerles preguntas, ellos no pueden parar el periodo de tiempo y no lo pueden ayudar. No piense que el <a href=\"https:\/\/www.irs.gov\/es\/businesses\/small-businesses-self-employed\/irs-audits\" target=\"_blank\" rel=\"noopener\">IRS<\/a> est\u00e1 trabajando para ayudarlo y no deje que el tiempo se venza.<\/p>\n<p>El Aviso de deficiencia no es una factura. Si usted tiene un buen caso, tendr\u00e1 la oportunidad de disputarlo en el tribunal. El tribunal tributario es, por lo general, m\u00e1s justo que el IRS.<\/p>\n<p>Si usted ha recibodo las Cartas 3219 o\u00a0 531 p\u00f3ngase en contacto con el Lic. Hopkins para hacer una cita confidencial y \u00a1no se d\u00e9 por vencido!<\/p>\n<p>Carta 3219N:<\/p>\n<div class=\"one-half first\">\n<h6>Versi\u00f3n en ingl\u00e9s:<\/h6>\n<\/div>\n<div class-\"one-half\"><a href=\"https:\/\/taxhelplaw.com\/sptax\/wp-content\/uploads\/2015\/02\/Carta3219-1.jpg\" class=\"popup\">Letter 3219<\/a><\/div>\n<p>&nbsp;<br \/>\n<a style=\"display: block; z-index: 1;\" href=\"https:\/\/taxhelplaw.com\/sptax\/soluciones\/cobros\/\"><object style=\"pointer-events: none; z-index: -1; overflow: hidden; border: 0px; padding: 0px; margin: 0px; width: 700px; height: 850px;\" data=\"https:\/\/taxhelplaw.com\/sptax\/wp-content\/uploads\/2022\/10\/Aviso.3219-N.jpg\" width=\"710\" height=\"850\"><\/object><\/a><\/p>\n<p>Carta 531:<\/p>\n<div class=\"one-half first\">\n<h6>Versi\u00f3n en ingl\u00e9s:<\/h6>\n<\/div>\n<div class-\"one-half\"><a href=\"https:\/\/taxhelplaw.com\/sptax\/wp-content\/uploads\/2023\/04\/Ltr531-_Redacted-scaled.jpg\" class=\"popup\">Letter 531<\/a><\/div>\n<p>&nbsp;<\/p>\n<div>\n<h6>Nuestra traducci\u00f3n al espa\u00f1ol:<\/h6>\n<\/div>\n<p><a style=\"display: block; z-index: 1;\" href=\"https:\/\/taxhelplaw.com\/sptax\/soluciones\/cobros\/\"><object style=\"pointer-events: none; z-index: -1; overflow: hidden; border: 0px; padding: 0px; margin: 0px; width: 700px; height: 850px;\" data=\"https:\/\/taxhelplaw.com\/sptax\/wp-content\/uploads\/2023\/03\/Ltr-531.en_.espanol.jpg\" width=\"710\" height=\"850\"><\/object><\/a><\/p>\n<p>Carta 531-T:<\/p>\n<div class=\"one-half first\">\n<h6>Versi\u00f3n en ingl\u00e9s:<\/h6>\n<\/div>\n<div class-\"one-half\"><a href=\"https:\/\/taxhelplaw.com\/sptax\/wp-content\/uploads\/2023\/04\/531T-Notice-of-Deficiency-scaled.jpg\" class=\"popup\">Letter 531T<\/a><\/div>\n<p>&nbsp;<\/p>\n<div>\n<h6>Nuestra traducci\u00f3n al espa\u00f1ol:<\/h6>\n<\/div>\n<p><a style=\"display: block; z-index: 1;\" href=\"https:\/\/taxhelplaw.com\/sptax\/soluciones\/cobros\/\"><object style=\"pointer-events: none; z-index: -1; overflow: hidden; border: 0px; padding: 0px; margin: 0px; width: 700px; height: 850px;\" data=\"https:\/\/taxhelplaw.com\/sptax\/wp-content\/uploads\/2023\/03\/531T-Notice.of_.Deficiency.en_.espanol.jpg\" width=\"710\" height=\"850\"><\/object><\/a><\/p>\n<p><a href=\"https:\/\/taxhelplaw.com\/sptax\/sample-page-2\/contactenos\/\"><img loading=\"lazy\" decoding=\"async\" class=\"aligncenter size-full wp-image-3464\" title=\"Cartas 3219 y 531 del IRS\" src=\"https:\/\/taxhelplaw.com\/sptax\/wp-content\/uploads\/2022\/01\/taxhelpenespanol.jpg\" alt=\" Cartas 3219 y 531 del IRS. Abogado de derecho fiscal en Colorado Springs. Abogado de impuestos en Colorado Springs\" width=\"300\" height=\"101\" \/><\/a><\/p>\n","protected":false},"excerpt":{"rendered":"<p>Cartas 3219 y 531. Carta 3219 o Aviso 3219-N &#8220;Aviso de Deficiencia. Aumento de la contribuci\u00f3n y aviso de su derecho a impugnar.&#8221; Si usted no est\u00e1 de acuerdo con los resultados de la auditor\u00eda, el IRS va a determinar que usted debe impuestos y le enviar\u00e1n un Aviso de deficiencia (abajo). Usted solamente tiene [&hellip;]<\/p>\n","protected":false},"author":1,"featured_media":0,"parent":164,"menu_order":11,"comment_status":"closed","ping_status":"closed","template":"","meta":{"_genesis_hide_title":false,"_genesis_hide_breadcrumbs":false,"_genesis_hide_singular_image":false,"_genesis_hide_footer_widgets":false,"_genesis_custom_body_class":"","_genesis_custom_post_class":"","_genesis_layout":"","footnotes":""},"class_list":{"0":"post-281","1":"page","2":"type-page","3":"status-publish","5":"entry"},"yoast_head":"<!-- This site is optimized with the Yoast SEO Premium plugin v27.0 (Yoast SEO v27.4) - https:\/\/yoast.com\/product\/yoast-seo-premium-wordpress\/ -->\n<title>Cartas 3219 y 531 \u00a1No se d\u00e9 por vencido! - TaxHelpLaw<\/title>\n<meta name=\"description\" content=\"Cartas 3219 y 531 del IRS: Avisos de Deficiencia. Nuestro abogado de impuestos, el Lic. Hopkins lo ayuda a prepararse para su caso.\" \/>\n<meta name=\"robots\" content=\"index, follow, max-snippet:-1, max-image-preview:large, max-video-preview:-1\" \/>\n<link rel=\"canonical\" href=\"https:\/\/taxhelplaw.com\/sptax\/soluciones\/pasos-de-casos-auditorias\/carta-3219-y-carta-531-aviso-de-deficiencia\/\" \/>\n<meta property=\"og:locale\" content=\"es_MX\" \/>\n<meta property=\"og:type\" content=\"article\" \/>\n<meta property=\"og:title\" content=\"Carta 3219 y Carta 531 - Aviso de Deficiencia\" \/>\n<meta property=\"og:description\" content=\"Cartas 3219 y 531 del IRS: Avisos de Deficiencia. Nuestro abogado de impuestos, el Lic. Hopkins lo ayuda a prepararse para su caso.\" \/>\n<meta property=\"og:url\" content=\"https:\/\/taxhelplaw.com\/sptax\/soluciones\/pasos-de-casos-auditorias\/carta-3219-y-carta-531-aviso-de-deficiencia\/\" \/>\n<meta property=\"og:site_name\" content=\"J. David Hopkins, JD LLM\" \/>\n<meta property=\"article:modified_time\" content=\"2023-04-12T03:30:25+00:00\" \/>\n<meta property=\"og:image\" content=\"https:\/\/taxhelplaw.com\/sptax\/wp-content\/uploads\/2022\/01\/taxhelpenespanol.jpg\" \/>\n<meta name=\"twitter:card\" content=\"summary_large_image\" \/>\n<meta name=\"twitter:label1\" content=\"Tiempo de lectura\" \/>\n\t<meta name=\"twitter:data1\" content=\"3 minutos\" \/>\n<script type=\"application\/ld+json\" class=\"yoast-schema-graph\">{\"@context\":\"https:\\\/\\\/schema.org\",\"@graph\":[{\"@type\":\"WebPage\",\"@id\":\"https:\\\/\\\/taxhelplaw.com\\\/sptax\\\/soluciones\\\/pasos-de-casos-auditorias\\\/carta-3219-y-carta-531-aviso-de-deficiencia\\\/\",\"url\":\"https:\\\/\\\/taxhelplaw.com\\\/sptax\\\/soluciones\\\/pasos-de-casos-auditorias\\\/carta-3219-y-carta-531-aviso-de-deficiencia\\\/\",\"name\":\"Cartas 3219 y 531 \u00a1No se d\u00e9 por vencido! - TaxHelpLaw\",\"isPartOf\":{\"@id\":\"https:\\\/\\\/taxhelplaw.com\\\/sptax\\\/#website\"},\"primaryImageOfPage\":{\"@id\":\"https:\\\/\\\/taxhelplaw.com\\\/sptax\\\/soluciones\\\/pasos-de-casos-auditorias\\\/carta-3219-y-carta-531-aviso-de-deficiencia\\\/#primaryimage\"},\"image\":{\"@id\":\"https:\\\/\\\/taxhelplaw.com\\\/sptax\\\/soluciones\\\/pasos-de-casos-auditorias\\\/carta-3219-y-carta-531-aviso-de-deficiencia\\\/#primaryimage\"},\"thumbnailUrl\":\"https:\\\/\\\/taxhelplaw.com\\\/sptax\\\/wp-content\\\/uploads\\\/2022\\\/01\\\/taxhelpenespanol.jpg\",\"datePublished\":\"2015-02-07T06:17:34+00:00\",\"dateModified\":\"2023-04-12T03:30:25+00:00\",\"description\":\"Cartas 3219 y 531 del IRS: Avisos de Deficiencia. Nuestro abogado de impuestos, el Lic. Hopkins lo ayuda a prepararse para su caso.\",\"breadcrumb\":{\"@id\":\"https:\\\/\\\/taxhelplaw.com\\\/sptax\\\/soluciones\\\/pasos-de-casos-auditorias\\\/carta-3219-y-carta-531-aviso-de-deficiencia\\\/#breadcrumb\"},\"inLanguage\":\"es\",\"potentialAction\":[{\"@type\":\"ReadAction\",\"target\":[\"https:\\\/\\\/taxhelplaw.com\\\/sptax\\\/soluciones\\\/pasos-de-casos-auditorias\\\/carta-3219-y-carta-531-aviso-de-deficiencia\\\/\"]}]},{\"@type\":\"ImageObject\",\"inLanguage\":\"es\",\"@id\":\"https:\\\/\\\/taxhelplaw.com\\\/sptax\\\/soluciones\\\/pasos-de-casos-auditorias\\\/carta-3219-y-carta-531-aviso-de-deficiencia\\\/#primaryimage\",\"url\":\"https:\\\/\\\/taxhelplaw.com\\\/sptax\\\/wp-content\\\/uploads\\\/2022\\\/01\\\/taxhelpenespanol.jpg\",\"contentUrl\":\"https:\\\/\\\/taxhelplaw.com\\\/sptax\\\/wp-content\\\/uploads\\\/2022\\\/01\\\/taxhelpenespanol.jpg\",\"width\":300,\"height\":101},{\"@type\":\"BreadcrumbList\",\"@id\":\"https:\\\/\\\/taxhelplaw.com\\\/sptax\\\/soluciones\\\/pasos-de-casos-auditorias\\\/carta-3219-y-carta-531-aviso-de-deficiencia\\\/#breadcrumb\",\"itemListElement\":[{\"@type\":\"ListItem\",\"position\":1,\"name\":\"Home\",\"item\":\"https:\\\/\\\/taxhelplaw.com\\\/sptax\\\/\"},{\"@type\":\"ListItem\",\"position\":2,\"name\":\"Soluciones\",\"item\":\"https:\\\/\\\/taxhelplaw.com\\\/sptax\\\/soluciones\\\/\"},{\"@type\":\"ListItem\",\"position\":3,\"name\":\"Auditor\u00edas\",\"item\":\"https:\\\/\\\/taxhelplaw.com\\\/sptax\\\/soluciones\\\/pasos-de-casos-auditorias\\\/\"},{\"@type\":\"ListItem\",\"position\":4,\"name\":\"Carta 3219 y Carta 531 &#8211; Aviso de Deficiencia\"}]},{\"@type\":\"WebSite\",\"@id\":\"https:\\\/\\\/taxhelplaw.com\\\/sptax\\\/#website\",\"url\":\"https:\\\/\\\/taxhelplaw.com\\\/sptax\\\/\",\"name\":\"J. David Hopkins, JD LLM\",\"description\":\"Maestr\u00eda en Derecho Tributario\",\"publisher\":{\"@id\":\"https:\\\/\\\/taxhelplaw.com\\\/sptax\\\/#organization\"},\"alternateName\":\"TaxHelpLaw en Espa\u00f1ol\",\"potentialAction\":[{\"@type\":\"SearchAction\",\"target\":{\"@type\":\"EntryPoint\",\"urlTemplate\":\"https:\\\/\\\/taxhelplaw.com\\\/sptax\\\/?s={search_term_string}\"},\"query-input\":{\"@type\":\"PropertyValueSpecification\",\"valueRequired\":true,\"valueName\":\"search_term_string\"}}],\"inLanguage\":\"es\"},{\"@type\":\"Organization\",\"@id\":\"https:\\\/\\\/taxhelplaw.com\\\/sptax\\\/#organization\",\"name\":\"TaxHelp, Inc.\",\"url\":\"https:\\\/\\\/taxhelplaw.com\\\/sptax\\\/\",\"logo\":{\"@type\":\"ImageObject\",\"inLanguage\":\"es\",\"@id\":\"https:\\\/\\\/taxhelplaw.com\\\/sptax\\\/#\\\/schema\\\/logo\\\/image\\\/\",\"url\":\"https:\\\/\\\/taxhelplaw.com\\\/sptax\\\/wp-content\\\/uploads\\\/2022\\\/01\\\/taxhelpenespanol.jpg\",\"contentUrl\":\"https:\\\/\\\/taxhelplaw.com\\\/sptax\\\/wp-content\\\/uploads\\\/2022\\\/01\\\/taxhelpenespanol.jpg\",\"width\":300,\"height\":101,\"caption\":\"TaxHelp, Inc.\"},\"image\":{\"@id\":\"https:\\\/\\\/taxhelplaw.com\\\/sptax\\\/#\\\/schema\\\/logo\\\/image\\\/\"}}]}<\/script>\n<!-- \/ Yoast SEO Premium plugin. -->","yoast_head_json":{"title":"Cartas 3219 y 531 \u00a1No se d\u00e9 por vencido! - TaxHelpLaw","description":"Cartas 3219 y 531 del IRS: Avisos de Deficiencia. Nuestro abogado de impuestos, el Lic. Hopkins lo ayuda a prepararse para su caso.","robots":{"index":"index","follow":"follow","max-snippet":"max-snippet:-1","max-image-preview":"max-image-preview:large","max-video-preview":"max-video-preview:-1"},"canonical":"https:\/\/taxhelplaw.com\/sptax\/soluciones\/pasos-de-casos-auditorias\/carta-3219-y-carta-531-aviso-de-deficiencia\/","og_locale":"es_MX","og_type":"article","og_title":"Carta 3219 y Carta 531 - Aviso de Deficiencia","og_description":"Cartas 3219 y 531 del IRS: Avisos de Deficiencia. Nuestro abogado de impuestos, el Lic. Hopkins lo ayuda a prepararse para su caso.","og_url":"https:\/\/taxhelplaw.com\/sptax\/soluciones\/pasos-de-casos-auditorias\/carta-3219-y-carta-531-aviso-de-deficiencia\/","og_site_name":"J. David Hopkins, JD LLM","article_modified_time":"2023-04-12T03:30:25+00:00","og_image":[{"url":"https:\/\/taxhelplaw.com\/sptax\/wp-content\/uploads\/2022\/01\/taxhelpenespanol.jpg","type":"","width":"","height":""}],"twitter_card":"summary_large_image","twitter_misc":{"Tiempo de lectura":"3 minutos"},"schema":{"@context":"https:\/\/schema.org","@graph":[{"@type":"WebPage","@id":"https:\/\/taxhelplaw.com\/sptax\/soluciones\/pasos-de-casos-auditorias\/carta-3219-y-carta-531-aviso-de-deficiencia\/","url":"https:\/\/taxhelplaw.com\/sptax\/soluciones\/pasos-de-casos-auditorias\/carta-3219-y-carta-531-aviso-de-deficiencia\/","name":"Cartas 3219 y 531 \u00a1No se d\u00e9 por vencido! - TaxHelpLaw","isPartOf":{"@id":"https:\/\/taxhelplaw.com\/sptax\/#website"},"primaryImageOfPage":{"@id":"https:\/\/taxhelplaw.com\/sptax\/soluciones\/pasos-de-casos-auditorias\/carta-3219-y-carta-531-aviso-de-deficiencia\/#primaryimage"},"image":{"@id":"https:\/\/taxhelplaw.com\/sptax\/soluciones\/pasos-de-casos-auditorias\/carta-3219-y-carta-531-aviso-de-deficiencia\/#primaryimage"},"thumbnailUrl":"https:\/\/taxhelplaw.com\/sptax\/wp-content\/uploads\/2022\/01\/taxhelpenespanol.jpg","datePublished":"2015-02-07T06:17:34+00:00","dateModified":"2023-04-12T03:30:25+00:00","description":"Cartas 3219 y 531 del IRS: Avisos de Deficiencia. Nuestro abogado de impuestos, el Lic. Hopkins lo ayuda a prepararse para su caso.","breadcrumb":{"@id":"https:\/\/taxhelplaw.com\/sptax\/soluciones\/pasos-de-casos-auditorias\/carta-3219-y-carta-531-aviso-de-deficiencia\/#breadcrumb"},"inLanguage":"es","potentialAction":[{"@type":"ReadAction","target":["https:\/\/taxhelplaw.com\/sptax\/soluciones\/pasos-de-casos-auditorias\/carta-3219-y-carta-531-aviso-de-deficiencia\/"]}]},{"@type":"ImageObject","inLanguage":"es","@id":"https:\/\/taxhelplaw.com\/sptax\/soluciones\/pasos-de-casos-auditorias\/carta-3219-y-carta-531-aviso-de-deficiencia\/#primaryimage","url":"https:\/\/taxhelplaw.com\/sptax\/wp-content\/uploads\/2022\/01\/taxhelpenespanol.jpg","contentUrl":"https:\/\/taxhelplaw.com\/sptax\/wp-content\/uploads\/2022\/01\/taxhelpenespanol.jpg","width":300,"height":101},{"@type":"BreadcrumbList","@id":"https:\/\/taxhelplaw.com\/sptax\/soluciones\/pasos-de-casos-auditorias\/carta-3219-y-carta-531-aviso-de-deficiencia\/#breadcrumb","itemListElement":[{"@type":"ListItem","position":1,"name":"Home","item":"https:\/\/taxhelplaw.com\/sptax\/"},{"@type":"ListItem","position":2,"name":"Soluciones","item":"https:\/\/taxhelplaw.com\/sptax\/soluciones\/"},{"@type":"ListItem","position":3,"name":"Auditor\u00edas","item":"https:\/\/taxhelplaw.com\/sptax\/soluciones\/pasos-de-casos-auditorias\/"},{"@type":"ListItem","position":4,"name":"Carta 3219 y Carta 531 &#8211; Aviso de Deficiencia"}]},{"@type":"WebSite","@id":"https:\/\/taxhelplaw.com\/sptax\/#website","url":"https:\/\/taxhelplaw.com\/sptax\/","name":"J. David Hopkins, JD LLM","description":"Maestr\u00eda en Derecho Tributario","publisher":{"@id":"https:\/\/taxhelplaw.com\/sptax\/#organization"},"alternateName":"TaxHelpLaw en Espa\u00f1ol","potentialAction":[{"@type":"SearchAction","target":{"@type":"EntryPoint","urlTemplate":"https:\/\/taxhelplaw.com\/sptax\/?s={search_term_string}"},"query-input":{"@type":"PropertyValueSpecification","valueRequired":true,"valueName":"search_term_string"}}],"inLanguage":"es"},{"@type":"Organization","@id":"https:\/\/taxhelplaw.com\/sptax\/#organization","name":"TaxHelp, Inc.","url":"https:\/\/taxhelplaw.com\/sptax\/","logo":{"@type":"ImageObject","inLanguage":"es","@id":"https:\/\/taxhelplaw.com\/sptax\/#\/schema\/logo\/image\/","url":"https:\/\/taxhelplaw.com\/sptax\/wp-content\/uploads\/2022\/01\/taxhelpenespanol.jpg","contentUrl":"https:\/\/taxhelplaw.com\/sptax\/wp-content\/uploads\/2022\/01\/taxhelpenespanol.jpg","width":300,"height":101,"caption":"TaxHelp, Inc."},"image":{"@id":"https:\/\/taxhelplaw.com\/sptax\/#\/schema\/logo\/image\/"}}]}},"jetpack_sharing_enabled":true,"_links":{"self":[{"href":"https:\/\/taxhelplaw.com\/sptax\/wp-json\/wp\/v2\/pages\/281","targetHints":{"allow":["GET"]}}],"collection":[{"href":"https:\/\/taxhelplaw.com\/sptax\/wp-json\/wp\/v2\/pages"}],"about":[{"href":"https:\/\/taxhelplaw.com\/sptax\/wp-json\/wp\/v2\/types\/page"}],"author":[{"embeddable":true,"href":"https:\/\/taxhelplaw.com\/sptax\/wp-json\/wp\/v2\/users\/1"}],"replies":[{"embeddable":true,"href":"https:\/\/taxhelplaw.com\/sptax\/wp-json\/wp\/v2\/comments?post=281"}],"version-history":[{"count":13,"href":"https:\/\/taxhelplaw.com\/sptax\/wp-json\/wp\/v2\/pages\/281\/revisions"}],"predecessor-version":[{"id":7734,"href":"https:\/\/taxhelplaw.com\/sptax\/wp-json\/wp\/v2\/pages\/281\/revisions\/7734"}],"up":[{"embeddable":true,"href":"https:\/\/taxhelplaw.com\/sptax\/wp-json\/wp\/v2\/pages\/164"}],"wp:attachment":[{"href":"https:\/\/taxhelplaw.com\/sptax\/wp-json\/wp\/v2\/media?parent=281"}],"curies":[{"name":"wp","href":"https:\/\/api.w.org\/{rel}","templated":true}]}}