{"id":262,"date":"2015-02-07T16:11:50","date_gmt":"2015-02-07T16:11:50","guid":{"rendered":"http:\/\/taxhelplaw.com\/sp\/?page_id=262"},"modified":"2022-12-04T07:13:47","modified_gmt":"2022-12-04T07:13:47","slug":"pasos-de-casos-solicitud-de-declaracion","status":"publish","type":"page","link":"https:\/\/taxhelplaw.com\/sptax\/soluciones\/pasos-de-casos-solicitud-de-declaracion\/","title":{"rendered":"Solicitud de declaraci\u00f3n"},"content":{"rendered":"<p><strong>PASOS DE CASOS A SEGUIR PARA LOS IMPUESTOS SIN DECLARAR:<\/strong><\/p>\n<ol>\n<li>Obtenga las declaraciones de impuestos que usted piensa ha presentado.<\/li>\n<li>Obtenga todos los avisos del IRS.<\/li>\n<li>Si quisiera, llame al IRS al 1-800-829-1040 y pida la transcripci\u00f3n de su cuenta y la transcripci\u00f3n de salario e ingresos por los \u00faltimos 10 a\u00f1os. O p\u00eddala <a href=\"https:\/\/www.irs.gov\/es\/individuals\/get-transcript\" target=\"_blank\" rel=\"noopener\">online<\/a>.<\/li>\n<li>H\u00e1blele al Lic. Hopkins en Colorado Springs o Pueblo para hacer una cita o haga clic <a class=\"popup\" title=\"Mensaje\" href=\"https:\/\/taxhelplaw.com\/sptax\/firma\/contactenos\/cita\/\">aqu\u00ed<\/a> para enviar un recado.<\/li>\n<\/ol>\n<p><span style=\"font-size: 10pt;\"><em>*La consulta con el abogado fiscal ser\u00e1 m\u00e1s productiva si le habla al IRS al 1-800-829-1040 y solicita la transcripci\u00f3n de su cuenta y la transcripci\u00f3n de salario e ingresos. Vea abajo.<\/em><\/span><\/p>\n<p>Si usted ha recibido uno de estos avisos, el IRS piensa que usted les debe y tiene que presentar una declaraci\u00f3n de impuestos. Generalmente, estos no son casos dif\u00edciles pero depende de los problemas. El abogado fiscal tiene que saber qu\u00e9 documentos suyos tiene el IRS. Despu\u00e9s, tenemos que ver si est\u00e1n correctos y obtener la evidencia para las deducciones.<\/p>\n<p>Por favor NO complete ning\u00fan cuestionario del IRS hasta que haya hablado con el Lic. Hopkins. Lo que usted env\u00eda por escrito ser\u00e1 usado en su contra.<\/p>\n<p>Esta carta del IRS es el primer paso del proceso en su contra as\u00ed que el abogado tiene tiempo de resolver el caso antes de que se convierta en un problema grave.<\/p>\n<p>Tener impuestos sin declarar tiene consecuencias positivas y negativas. Si los impuestos sin declarar son viejos, es posible que el periodo de cobro se haya vencido y tal vez se pueda obtener una liberaci\u00f3n de gravamen.<\/p>\n<p>Pero si los impuestos sin declarar son m\u00e1s recientes, usted posiblemente ha perdido beneficios que hubiera tenido si hubiera presentado los impuestos a tiempo.<\/p>\n<p>Ahora es el tiempo indicado para resolver su problema de una manera inteligente, antes de que el IRS lo perjudique creando su propia declaraci\u00f3n de impuestos.<\/p>\n<p>A veces hay varios a\u00f1os que resolver. Cada a\u00f1o presenta diferentes problemas y soluciones as\u00ed que intentar resolver todo apresuradamente, sin analizar las opciones, lo puede perjudicar.<\/p>\n<p>Si el IRS le ha embargado su sueldo o cuenta bancaria, por favor complete los pasos de arriba y tambi\u00e9n los Pasos de Casos a seguir para <a title=\"Pasos de Casos \u2013 Cobros\" href=\"\/\/taxhelplaw.com\/sptax\/soluciones\/cobros\/\"><strong>Cobros<\/strong><\/a> antes de hacer una cita con el Lic. Hopkins.<\/p>\n<p>Si usted est\u00e1 preocupado porque piensa que no va a encontrar los documentos necesarios para presentar declaraciones de impuestos vencidos, no se preocupe. El abogado de TaxHelpLaw es un experto en descubrir evidencia. Por favor siga esta gu\u00eda de ayuda para <a title=\"Pasos de Casos \u2013 Documentos perdidos\" href=\"\/\/taxhelplaw.com\/sptax\/soluciones\/pasos-de-casos-documentos-perdidos\/\"><strong>Documentos Perdidos<\/strong><\/a>.<\/p>\n<p>Nosotros prepararemos un <strong>Plan de Acci\u00f3n<\/strong> contra el IRS espec\u00edficamente para sus necesidades y circunstancias.<\/p>\n<p>&nbsp;<\/p>\n<p><a href=\"https:\/\/taxhelplaw.com\/sptax\/sample-page-2\/contactenos\/\"><img loading=\"lazy\" decoding=\"async\" class=\"aligncenter size-full wp-image-3464\" title=\"Declaraciones de impuestos sin presentar\" src=\"https:\/\/taxhelplaw.com\/sptax\/wp-content\/uploads\/2022\/01\/taxhelpenespanol.jpg\" alt=\"Declaraciones de impuestos sin presentar. Abogado de derecho fiscal en Colorado Springs. Abogado de impuestos en Colorado Springs\" width=\"300\" height=\"101\" \/><\/a><\/p>\n<p><em><span style=\"font-size: 10pt;\">* Las transcripciones de salario e ingresos son expedientes generados por computadoras del IRS basados en su trabajo, banco, compania de hipoteca, etc. y muestran en detalle su cuenta con el IRS. Si a usted le da nervios hablarles, entonces traiga todo lo mas pueda a la entrevista con el abogado. Si le habla al IRS, puede ser que sean rigidos pero no se preocupe, usted necesita las transcripciones de salario e ingresos y la transcripcion de su cuenta con el IRS. Digales que no esta preparado para hablar todavia y necesita esos documentos para obtener ayuda legal. No discuta!<\/span><\/em><\/p>\n<p>&nbsp;<\/p>\n","protected":false},"excerpt":{"rendered":"<p>PASOS DE CASOS A SEGUIR PARA LOS IMPUESTOS SIN DECLARAR: Obtenga las declaraciones de impuestos que usted piensa ha presentado. Obtenga todos los avisos del IRS. Si quisiera, llame al IRS al 1-800-829-1040 y pida la transcripci\u00f3n de su cuenta y la transcripci\u00f3n de salario e ingresos por los \u00faltimos 10 a\u00f1os. O p\u00eddala online. [&hellip;]<\/p>\n","protected":false},"author":1,"featured_media":0,"parent":94,"menu_order":4,"comment_status":"closed","ping_status":"closed","template":"","meta":{"_genesis_hide_title":false,"_genesis_hide_breadcrumbs":false,"_genesis_hide_singular_image":false,"_genesis_hide_footer_widgets":false,"_genesis_custom_body_class":"","_genesis_custom_post_class":"","_genesis_layout":"","footnotes":""},"class_list":{"0":"post-262","1":"page","2":"type-page","3":"status-publish","5":"entry"},"yoast_head":"<!-- This site is optimized with the Yoast SEO Premium plugin v27.0 (Yoast SEO v27.3) - https:\/\/yoast.com\/product\/yoast-seo-premium-wordpress\/ -->\n<title>\u00bfTiene declaraciones de impuestos sin presentar? - TaxHelpLaw<\/title>\n<meta name=\"description\" content=\"Declaraciones de impuestos sin presentar: aqu\u00ed encontrar\u00e1 pasos a seguir para prepararse. Nuestro abogado lo asesora.\" \/>\n<meta name=\"robots\" content=\"index, follow, max-snippet:-1, max-image-preview:large, max-video-preview:-1\" \/>\n<link rel=\"canonical\" href=\"https:\/\/taxhelplaw.com\/sptax\/soluciones\/pasos-de-casos-solicitud-de-declaracion\/\" \/>\n<meta property=\"og:locale\" content=\"es_MX\" \/>\n<meta property=\"og:type\" content=\"article\" \/>\n<meta property=\"og:title\" content=\"Solicitud de declaraci\u00f3n\" \/>\n<meta property=\"og:description\" content=\"Declaraciones de impuestos sin presentar: aqu\u00ed encontrar\u00e1 pasos a seguir para prepararse. Nuestro abogado lo asesora.\" \/>\n<meta property=\"og:url\" content=\"https:\/\/taxhelplaw.com\/sptax\/soluciones\/pasos-de-casos-solicitud-de-declaracion\/\" \/>\n<meta property=\"og:site_name\" content=\"J. David Hopkins, JD LLM\" \/>\n<meta property=\"article:modified_time\" content=\"2022-12-04T07:13:47+00:00\" \/>\n<meta property=\"og:image\" content=\"https:\/\/taxhelplaw.com\/sptax\/wp-content\/uploads\/2022\/01\/taxhelpenespanol.jpg\" \/>\n<meta name=\"twitter:card\" content=\"summary_large_image\" \/>\n<meta name=\"twitter:label1\" content=\"Tiempo de lectura\" \/>\n\t<meta name=\"twitter:data1\" content=\"3 minutos\" \/>\n<script type=\"application\/ld+json\" class=\"yoast-schema-graph\">{\"@context\":\"https:\\\/\\\/schema.org\",\"@graph\":[{\"@type\":\"WebPage\",\"@id\":\"https:\\\/\\\/taxhelplaw.com\\\/sptax\\\/soluciones\\\/pasos-de-casos-solicitud-de-declaracion\\\/\",\"url\":\"https:\\\/\\\/taxhelplaw.com\\\/sptax\\\/soluciones\\\/pasos-de-casos-solicitud-de-declaracion\\\/\",\"name\":\"\u00bfTiene declaraciones de impuestos sin presentar? - TaxHelpLaw\",\"isPartOf\":{\"@id\":\"https:\\\/\\\/taxhelplaw.com\\\/sptax\\\/#website\"},\"primaryImageOfPage\":{\"@id\":\"https:\\\/\\\/taxhelplaw.com\\\/sptax\\\/soluciones\\\/pasos-de-casos-solicitud-de-declaracion\\\/#primaryimage\"},\"image\":{\"@id\":\"https:\\\/\\\/taxhelplaw.com\\\/sptax\\\/soluciones\\\/pasos-de-casos-solicitud-de-declaracion\\\/#primaryimage\"},\"thumbnailUrl\":\"https:\\\/\\\/taxhelplaw.com\\\/sptax\\\/wp-content\\\/uploads\\\/2022\\\/01\\\/taxhelpenespanol.jpg\",\"datePublished\":\"2015-02-07T16:11:50+00:00\",\"dateModified\":\"2022-12-04T07:13:47+00:00\",\"description\":\"Declaraciones de impuestos sin presentar: aqu\u00ed encontrar\u00e1 pasos a seguir para prepararse. Nuestro abogado lo asesora.\",\"breadcrumb\":{\"@id\":\"https:\\\/\\\/taxhelplaw.com\\\/sptax\\\/soluciones\\\/pasos-de-casos-solicitud-de-declaracion\\\/#breadcrumb\"},\"inLanguage\":\"es\",\"potentialAction\":[{\"@type\":\"ReadAction\",\"target\":[\"https:\\\/\\\/taxhelplaw.com\\\/sptax\\\/soluciones\\\/pasos-de-casos-solicitud-de-declaracion\\\/\"]}]},{\"@type\":\"ImageObject\",\"inLanguage\":\"es\",\"@id\":\"https:\\\/\\\/taxhelplaw.com\\\/sptax\\\/soluciones\\\/pasos-de-casos-solicitud-de-declaracion\\\/#primaryimage\",\"url\":\"https:\\\/\\\/taxhelplaw.com\\\/sptax\\\/wp-content\\\/uploads\\\/2022\\\/01\\\/taxhelpenespanol.jpg\",\"contentUrl\":\"https:\\\/\\\/taxhelplaw.com\\\/sptax\\\/wp-content\\\/uploads\\\/2022\\\/01\\\/taxhelpenespanol.jpg\",\"width\":300,\"height\":101},{\"@type\":\"BreadcrumbList\",\"@id\":\"https:\\\/\\\/taxhelplaw.com\\\/sptax\\\/soluciones\\\/pasos-de-casos-solicitud-de-declaracion\\\/#breadcrumb\",\"itemListElement\":[{\"@type\":\"ListItem\",\"position\":1,\"name\":\"Home\",\"item\":\"https:\\\/\\\/taxhelplaw.com\\\/sptax\\\/\"},{\"@type\":\"ListItem\",\"position\":2,\"name\":\"Soluciones\",\"item\":\"https:\\\/\\\/taxhelplaw.com\\\/sptax\\\/soluciones\\\/\"},{\"@type\":\"ListItem\",\"position\":3,\"name\":\"Solicitud de declaraci\u00f3n\"}]},{\"@type\":\"WebSite\",\"@id\":\"https:\\\/\\\/taxhelplaw.com\\\/sptax\\\/#website\",\"url\":\"https:\\\/\\\/taxhelplaw.com\\\/sptax\\\/\",\"name\":\"J. David Hopkins, JD LLM\",\"description\":\"Maestr\u00eda en Derecho Tributario\",\"publisher\":{\"@id\":\"https:\\\/\\\/taxhelplaw.com\\\/sptax\\\/#organization\"},\"alternateName\":\"TaxHelpLaw en Espa\u00f1ol\",\"potentialAction\":[{\"@type\":\"SearchAction\",\"target\":{\"@type\":\"EntryPoint\",\"urlTemplate\":\"https:\\\/\\\/taxhelplaw.com\\\/sptax\\\/?s={search_term_string}\"},\"query-input\":{\"@type\":\"PropertyValueSpecification\",\"valueRequired\":true,\"valueName\":\"search_term_string\"}}],\"inLanguage\":\"es\"},{\"@type\":\"Organization\",\"@id\":\"https:\\\/\\\/taxhelplaw.com\\\/sptax\\\/#organization\",\"name\":\"TaxHelp, Inc.\",\"url\":\"https:\\\/\\\/taxhelplaw.com\\\/sptax\\\/\",\"logo\":{\"@type\":\"ImageObject\",\"inLanguage\":\"es\",\"@id\":\"https:\\\/\\\/taxhelplaw.com\\\/sptax\\\/#\\\/schema\\\/logo\\\/image\\\/\",\"url\":\"https:\\\/\\\/taxhelplaw.com\\\/sptax\\\/wp-content\\\/uploads\\\/2022\\\/01\\\/taxhelpenespanol.jpg\",\"contentUrl\":\"https:\\\/\\\/taxhelplaw.com\\\/sptax\\\/wp-content\\\/uploads\\\/2022\\\/01\\\/taxhelpenespanol.jpg\",\"width\":300,\"height\":101,\"caption\":\"TaxHelp, Inc.\"},\"image\":{\"@id\":\"https:\\\/\\\/taxhelplaw.com\\\/sptax\\\/#\\\/schema\\\/logo\\\/image\\\/\"}}]}<\/script>\n<!-- \/ Yoast SEO Premium plugin. -->","yoast_head_json":{"title":"\u00bfTiene declaraciones de impuestos sin presentar? - TaxHelpLaw","description":"Declaraciones de impuestos sin presentar: aqu\u00ed encontrar\u00e1 pasos a seguir para prepararse. Nuestro abogado lo asesora.","robots":{"index":"index","follow":"follow","max-snippet":"max-snippet:-1","max-image-preview":"max-image-preview:large","max-video-preview":"max-video-preview:-1"},"canonical":"https:\/\/taxhelplaw.com\/sptax\/soluciones\/pasos-de-casos-solicitud-de-declaracion\/","og_locale":"es_MX","og_type":"article","og_title":"Solicitud de declaraci\u00f3n","og_description":"Declaraciones de impuestos sin presentar: aqu\u00ed encontrar\u00e1 pasos a seguir para prepararse. Nuestro abogado lo asesora.","og_url":"https:\/\/taxhelplaw.com\/sptax\/soluciones\/pasos-de-casos-solicitud-de-declaracion\/","og_site_name":"J. David Hopkins, JD LLM","article_modified_time":"2022-12-04T07:13:47+00:00","og_image":[{"url":"https:\/\/taxhelplaw.com\/sptax\/wp-content\/uploads\/2022\/01\/taxhelpenespanol.jpg","type":"","width":"","height":""}],"twitter_card":"summary_large_image","twitter_misc":{"Tiempo de lectura":"3 minutos"},"schema":{"@context":"https:\/\/schema.org","@graph":[{"@type":"WebPage","@id":"https:\/\/taxhelplaw.com\/sptax\/soluciones\/pasos-de-casos-solicitud-de-declaracion\/","url":"https:\/\/taxhelplaw.com\/sptax\/soluciones\/pasos-de-casos-solicitud-de-declaracion\/","name":"\u00bfTiene declaraciones de impuestos sin presentar? - TaxHelpLaw","isPartOf":{"@id":"https:\/\/taxhelplaw.com\/sptax\/#website"},"primaryImageOfPage":{"@id":"https:\/\/taxhelplaw.com\/sptax\/soluciones\/pasos-de-casos-solicitud-de-declaracion\/#primaryimage"},"image":{"@id":"https:\/\/taxhelplaw.com\/sptax\/soluciones\/pasos-de-casos-solicitud-de-declaracion\/#primaryimage"},"thumbnailUrl":"https:\/\/taxhelplaw.com\/sptax\/wp-content\/uploads\/2022\/01\/taxhelpenespanol.jpg","datePublished":"2015-02-07T16:11:50+00:00","dateModified":"2022-12-04T07:13:47+00:00","description":"Declaraciones de impuestos sin presentar: aqu\u00ed encontrar\u00e1 pasos a seguir para prepararse. Nuestro abogado lo asesora.","breadcrumb":{"@id":"https:\/\/taxhelplaw.com\/sptax\/soluciones\/pasos-de-casos-solicitud-de-declaracion\/#breadcrumb"},"inLanguage":"es","potentialAction":[{"@type":"ReadAction","target":["https:\/\/taxhelplaw.com\/sptax\/soluciones\/pasos-de-casos-solicitud-de-declaracion\/"]}]},{"@type":"ImageObject","inLanguage":"es","@id":"https:\/\/taxhelplaw.com\/sptax\/soluciones\/pasos-de-casos-solicitud-de-declaracion\/#primaryimage","url":"https:\/\/taxhelplaw.com\/sptax\/wp-content\/uploads\/2022\/01\/taxhelpenespanol.jpg","contentUrl":"https:\/\/taxhelplaw.com\/sptax\/wp-content\/uploads\/2022\/01\/taxhelpenespanol.jpg","width":300,"height":101},{"@type":"BreadcrumbList","@id":"https:\/\/taxhelplaw.com\/sptax\/soluciones\/pasos-de-casos-solicitud-de-declaracion\/#breadcrumb","itemListElement":[{"@type":"ListItem","position":1,"name":"Home","item":"https:\/\/taxhelplaw.com\/sptax\/"},{"@type":"ListItem","position":2,"name":"Soluciones","item":"https:\/\/taxhelplaw.com\/sptax\/soluciones\/"},{"@type":"ListItem","position":3,"name":"Solicitud de declaraci\u00f3n"}]},{"@type":"WebSite","@id":"https:\/\/taxhelplaw.com\/sptax\/#website","url":"https:\/\/taxhelplaw.com\/sptax\/","name":"J. David Hopkins, JD LLM","description":"Maestr\u00eda en Derecho Tributario","publisher":{"@id":"https:\/\/taxhelplaw.com\/sptax\/#organization"},"alternateName":"TaxHelpLaw en Espa\u00f1ol","potentialAction":[{"@type":"SearchAction","target":{"@type":"EntryPoint","urlTemplate":"https:\/\/taxhelplaw.com\/sptax\/?s={search_term_string}"},"query-input":{"@type":"PropertyValueSpecification","valueRequired":true,"valueName":"search_term_string"}}],"inLanguage":"es"},{"@type":"Organization","@id":"https:\/\/taxhelplaw.com\/sptax\/#organization","name":"TaxHelp, Inc.","url":"https:\/\/taxhelplaw.com\/sptax\/","logo":{"@type":"ImageObject","inLanguage":"es","@id":"https:\/\/taxhelplaw.com\/sptax\/#\/schema\/logo\/image\/","url":"https:\/\/taxhelplaw.com\/sptax\/wp-content\/uploads\/2022\/01\/taxhelpenespanol.jpg","contentUrl":"https:\/\/taxhelplaw.com\/sptax\/wp-content\/uploads\/2022\/01\/taxhelpenespanol.jpg","width":300,"height":101,"caption":"TaxHelp, Inc."},"image":{"@id":"https:\/\/taxhelplaw.com\/sptax\/#\/schema\/logo\/image\/"}}]}},"jetpack_sharing_enabled":true,"_links":{"self":[{"href":"https:\/\/taxhelplaw.com\/sptax\/wp-json\/wp\/v2\/pages\/262","targetHints":{"allow":["GET"]}}],"collection":[{"href":"https:\/\/taxhelplaw.com\/sptax\/wp-json\/wp\/v2\/pages"}],"about":[{"href":"https:\/\/taxhelplaw.com\/sptax\/wp-json\/wp\/v2\/types\/page"}],"author":[{"embeddable":true,"href":"https:\/\/taxhelplaw.com\/sptax\/wp-json\/wp\/v2\/users\/1"}],"replies":[{"embeddable":true,"href":"https:\/\/taxhelplaw.com\/sptax\/wp-json\/wp\/v2\/comments?post=262"}],"version-history":[{"count":7,"href":"https:\/\/taxhelplaw.com\/sptax\/wp-json\/wp\/v2\/pages\/262\/revisions"}],"predecessor-version":[{"id":4343,"href":"https:\/\/taxhelplaw.com\/sptax\/wp-json\/wp\/v2\/pages\/262\/revisions\/4343"}],"up":[{"embeddable":true,"href":"https:\/\/taxhelplaw.com\/sptax\/wp-json\/wp\/v2\/pages\/94"}],"wp:attachment":[{"href":"https:\/\/taxhelplaw.com\/sptax\/wp-json\/wp\/v2\/media?parent=262"}],"curies":[{"name":"wp","href":"https:\/\/api.w.org\/{rel}","templated":true}]}}