{"id":189,"date":"2015-02-07T02:48:30","date_gmt":"2015-02-07T02:48:30","guid":{"rendered":"http:\/\/taxhelplaw.com\/sp\/?page_id=189"},"modified":"2023-02-08T18:28:27","modified_gmt":"2023-02-08T18:28:27","slug":"aviso-cp75","status":"publish","type":"page","link":"https:\/\/taxhelplaw.com\/sptax\/soluciones\/pasos-de-casos-auditorias\/aviso-cp75\/","title":{"rendered":"Aviso CP75"},"content":{"rendered":"<p>Los avisos CP75 (y tambi\u00e9n CP75A \u2013D)\u00a0 \"Nosotros estamos examinando su Formulario 1040 de 20- -. Petici\u00f3n de documentos de apoyo\" se usan para informarle acerca de una carta de notificaci\u00f3n de auditor\u00eda, generalmente relacionada con el cr\u00e9dito por ingreso de trabajo, jefe de familia o exenciones de dependencia. A menudo incluyen los formularios 886-H-<a class=\"popup\" title=\"Formulario 886-H-HOH\" href=\"\/sptax\/wp-content\/uploads\/2015\/02\/Form886-H-HOH-1.pdf\" target=\"_blank\" rel=\"noopener\"><strong><span style=\"color: #0000ff;\">HOH<\/span><\/strong><\/a>, 886-H-<a class=\"popup\" title=\"Formulario 886-H-DEP\" href=\"\/sptax\/wp-content\/uploads\/2015\/02\/Form-886-H-DEP-1.pdf\" target=\"_blank\" rel=\"noopener\"><strong><span style=\"color: #0000ff;\">DEP<\/span><\/strong><\/a>, o 886-H-<a class=\"popup\" title=\"Formulario 886-H-EIC\" href=\"\/sptax\/wp-content\/uploads\/2015\/02\/Form886-H-EIC1-1.pdf\" target=\"_blank\" rel=\"noopener\"><strong><span style=\"color: #0000ff;\">EIC<\/span><\/strong><\/a> con preguntas que usted debe responder y una lista de documentos que usted necesitar\u00e1. Tambi\u00e9n pueden adjuntar el Formulario <strong><span style=\"color: #0000ff;\">4564<\/span><\/strong> o el Formulario <a title=\"Formulario 886A\" href=\"\/\/taxhelplaw.com\/sptax\/soluciones\/pasos-de-casos-auditorias\/formulario-886a\/\"><strong><span style=\"color: #0000ff;\">886A<\/span><\/strong><\/a>.<\/p>\n<p>Generalmente, usted tiene que verificar que tiene derecho a reclamar al dependiente que le permiti\u00f3 recibir el cr\u00e9dito por ingreso de trabajo. Por lo tanto, el <a href=\"https:\/\/www.irs.gov\/es\/taxtopics\/tc654\" target=\"_blank\" rel=\"noopener\">IRS<\/a> va a querer documentaci\u00f3n demostrando que usted al dependiente y tiene derecho al cr\u00e9dito. Esto tomar\u00e1 cierto esfuerzo para conseguir.<\/p>\n<p>El IRS a menudo le pide m\u00e1s informaci\u00f3n de lo que realmente necesita, pero usted tambi\u00e9n tiene la obligaci\u00f3n de presentar su caso de manera adecuada. Si usted no responde correctamente el IRS rechazar\u00e1 su caso.<\/p>\n<p>La informaci\u00f3n que necesita reunir es muy personal. El IRS le preguntar\u00e1 d\u00f3nde ha vivido, con qui\u00e9n, contribuciones al hogar y su estilo de vida. Usted debe recoger los registros de viviendas, escuelas, m\u00e9dicos, judiciales, y de las agencias gubernamentales para probar su caso.<\/p>\n<p>Debido a que una auditor\u00eda es un proceso legal, se aconseja la ayuda de un abogado. Para que la reuni\u00f3n con el abogado sea m\u00e1s productiva hemos dise\u00f1ado <a title=\"Pasos de Casos \u2013 Auditorias\" href=\"\/\/taxhelplaw.com\/sptax\/soluciones\/pasos-de-casos-auditorias\/\"><strong><span style=\"color: #0000ff;\">Pasos de Casos<\/span><\/strong><\/a> a seguir. El abogado puede crear un plan de acci\u00f3n para enfrentar al IRS.<\/p>\n<p>Alguien tiene que organizar los registros para el IRS. Lo puede hacer usted o puede contratar a un contador o tenedor de libros, pero le costar\u00e1 dinero.<\/p>\n<p><span style=\"text-decoration: underline;\">Prep\u00e1rese solo<\/span>: Si quiere ahorrar dinero y prepararse solo, la manera m\u00e1s \u00fatil y econ\u00f3mica es que usted organice y prepare los archivos pero obtenga la gu\u00eda de un abogado. Por lo tanto, hemos creado el sitio de internet <a href=\"https:\/\/taxhelplaw.com\/sptax\/autodefensa-contra-una-auditoria-del-irs\/\"><span style=\"color: #0000ff;\">TaxHelpLaw.com<\/span><\/a> para que pueda prepararse para la auditor\u00eda del IRS. Tiene videos, grabaciones, y gu\u00edas para estar listo para el IRS. Para responder espec\u00edficamente al Aviso75A, hay una secci\u00f3n del programa dedicada exclusivamente a cuestiones relacionadas con el cr\u00e9dito por ingreso del trabajo.<\/p>\n<p>Tiene sentido que usted organice sus archivos ya que usted entiende sus asuntos y puede obtener documentos r\u00e1pidamente. Cuando est\u00e9 listo, obtenga asesoramiento legal.<\/p>\n<p><span style=\"text-decoration: underline;\">Documentos perdidos<\/span>: Puede ser que ciertas personas tengan miedo de la auditor\u00eda porque no han mantenido sus registros, o los han perdido o no est\u00e1n disponibles. Sin embargo, a no ser que usted haya usado dinero en efectivo, los documentos bancarios y de tarjetas de cr\u00e9dito se pueden volver a crear. Y, aun si ha utilizado una gran cantidad de dinero en efectivo, podemos obtener declaraciones juradas o utilizar los est\u00e1ndares de la industria para obtener una cifra negociada razonable. <em>Vea<\/em> documentos <a title=\"Pasos de Casos \u2013 Documentos perdidos\" href=\"\/\/taxhelplaw.com\/sptax\/soluciones\/pasos-de-casos-documentos-perdidos\/\"><strong><span style=\"color: #0000ff;\">perdidos<\/span><\/strong><\/a>.<\/p>\n<p><span style=\"text-decoration: underline;\">Asesoramiento legal<\/span>: En cualquier momento se puede poner en contacto con el Lic. Hopkins de TaxHelpLaw si necesita ayuda legal con el Aviso CP75. \u00a1Vea los <a title=\"Pasos de Casos \u2013 Auditorias\" href=\"\/\/taxhelplaw.com\/sptax\/soluciones\/pasos-de-casos-auditorias\/\"><strong><span style=\"color: #0000ff;\">Pasos de Casos<\/span><\/strong><\/a> para que la reuni\u00f3n sea m\u00e1s productiva!<\/p>\n<p><a title=\"Pasos de Casos \u2013 Auditorias\" href=\"\/\/taxhelplaw.com\/sptax\/soluciones\/pasos-de-casos-auditorias\/\"><img loading=\"lazy\" decoding=\"async\" class=\"alignnone size-large wp-image-212\" src=\"\/sptax\/wp-content\/uploads\/2015\/02\/AvisoCP75-1-791x1024.jpg\" alt=\"AvisoCP75\" width=\"1251\" height=\"1664\" \/><\/a><\/p>\n<p><a href=\"https:\/\/taxhelplaw.com\/sptax\/sample-page-2\/contactenos\/\"><img loading=\"lazy\" decoding=\"async\" class=\"aligncenter size-full wp-image-3464\" title=\"Aviso CP75 del IRS\" src=\"https:\/\/taxhelplaw.com\/sptax\/wp-content\/uploads\/2022\/01\/taxhelpenespanol.jpg\" alt=\"Aviso CP75 del IRS Abogado de derecho fiscal en Colorado Springs. Abogado de impuestos en Colorado Springs\" width=\"300\" height=\"101\" \/><\/a><\/p>\n","protected":false},"excerpt":{"rendered":"<p>Los avisos CP75 (y tambi\u00e9n CP75A \u2013D)\u00a0 &#8220;Nosotros estamos examinando su Formulario 1040 de 20- -. Petici\u00f3n de documentos de apoyo&#8221; se usan para informarle acerca de una carta de notificaci\u00f3n de auditor\u00eda, generalmente relacionada con el cr\u00e9dito por ingreso de trabajo, jefe de familia o exenciones de dependencia. A menudo incluyen los formularios 886-H-HOH, [&hellip;]<\/p>\n","protected":false},"author":1,"featured_media":0,"parent":164,"menu_order":1,"comment_status":"closed","ping_status":"closed","template":"","meta":{"_genesis_hide_title":false,"_genesis_hide_breadcrumbs":false,"_genesis_hide_singular_image":false,"_genesis_hide_footer_widgets":false,"_genesis_custom_body_class":"","_genesis_custom_post_class":"","_genesis_layout":"","footnotes":""},"class_list":{"0":"post-189","1":"page","2":"type-page","3":"status-publish","5":"entry"},"yoast_head":"<!-- This site is optimized with the Yoast SEO Premium plugin v27.0 (Yoast SEO v27.4) - https:\/\/yoast.com\/product\/yoast-seo-premium-wordpress\/ -->\n<title>Avisos CP75 del IRS - TaxHelpLaw en Espa\u00f1ol<\/title>\n<meta name=\"description\" content=\"Los Avisos CP75 se usa para informarle a cerca de una carta de notificaci\u00f3n de auditor\u00eda. Responda correctamente.\" \/>\n<meta name=\"robots\" content=\"index, follow, max-snippet:-1, max-image-preview:large, max-video-preview:-1\" \/>\n<link rel=\"canonical\" href=\"https:\/\/taxhelplaw.com\/sptax\/soluciones\/pasos-de-casos-auditorias\/aviso-cp75\/\" \/>\n<meta property=\"og:locale\" content=\"es_MX\" \/>\n<meta property=\"og:type\" content=\"article\" \/>\n<meta property=\"og:title\" content=\"Aviso CP75\" \/>\n<meta property=\"og:description\" content=\"Los Avisos CP75 se usa para informarle a cerca de una carta de notificaci\u00f3n de auditor\u00eda. Responda correctamente.\" \/>\n<meta property=\"og:url\" content=\"https:\/\/taxhelplaw.com\/sptax\/soluciones\/pasos-de-casos-auditorias\/aviso-cp75\/\" \/>\n<meta property=\"og:site_name\" content=\"J. David Hopkins, JD LLM\" \/>\n<meta property=\"article:modified_time\" content=\"2023-02-08T18:28:27+00:00\" \/>\n<meta property=\"og:image\" content=\"https:\/\/taxhelplaw.com\/sptax\/wp-content\/uploads\/2022\/01\/taxhelpenespanol.jpg\" \/>\n<meta name=\"twitter:card\" content=\"summary_large_image\" \/>\n<meta name=\"twitter:label1\" content=\"Tiempo de lectura\" \/>\n\t<meta name=\"twitter:data1\" content=\"3 minutos\" \/>\n<script type=\"application\/ld+json\" class=\"yoast-schema-graph\">{\"@context\":\"https:\\\/\\\/schema.org\",\"@graph\":[{\"@type\":\"WebPage\",\"@id\":\"https:\\\/\\\/taxhelplaw.com\\\/sptax\\\/soluciones\\\/pasos-de-casos-auditorias\\\/aviso-cp75\\\/\",\"url\":\"https:\\\/\\\/taxhelplaw.com\\\/sptax\\\/soluciones\\\/pasos-de-casos-auditorias\\\/aviso-cp75\\\/\",\"name\":\"Avisos CP75 del IRS - TaxHelpLaw en Espa\u00f1ol\",\"isPartOf\":{\"@id\":\"https:\\\/\\\/taxhelplaw.com\\\/sptax\\\/#website\"},\"primaryImageOfPage\":{\"@id\":\"https:\\\/\\\/taxhelplaw.com\\\/sptax\\\/soluciones\\\/pasos-de-casos-auditorias\\\/aviso-cp75\\\/#primaryimage\"},\"image\":{\"@id\":\"https:\\\/\\\/taxhelplaw.com\\\/sptax\\\/soluciones\\\/pasos-de-casos-auditorias\\\/aviso-cp75\\\/#primaryimage\"},\"thumbnailUrl\":\"https:\\\/\\\/taxhelplaw.com\\\/sptax\\\/wp-content\\\/uploads\\\/2022\\\/01\\\/taxhelpenespanol.jpg\",\"datePublished\":\"2015-02-07T02:48:30+00:00\",\"dateModified\":\"2023-02-08T18:28:27+00:00\",\"description\":\"Los Avisos CP75 se usa para informarle a cerca de una carta de notificaci\u00f3n de auditor\u00eda. Responda correctamente.\",\"breadcrumb\":{\"@id\":\"https:\\\/\\\/taxhelplaw.com\\\/sptax\\\/soluciones\\\/pasos-de-casos-auditorias\\\/aviso-cp75\\\/#breadcrumb\"},\"inLanguage\":\"es\",\"potentialAction\":[{\"@type\":\"ReadAction\",\"target\":[\"https:\\\/\\\/taxhelplaw.com\\\/sptax\\\/soluciones\\\/pasos-de-casos-auditorias\\\/aviso-cp75\\\/\"]}]},{\"@type\":\"ImageObject\",\"inLanguage\":\"es\",\"@id\":\"https:\\\/\\\/taxhelplaw.com\\\/sptax\\\/soluciones\\\/pasos-de-casos-auditorias\\\/aviso-cp75\\\/#primaryimage\",\"url\":\"https:\\\/\\\/taxhelplaw.com\\\/sptax\\\/wp-content\\\/uploads\\\/2022\\\/01\\\/taxhelpenespanol.jpg\",\"contentUrl\":\"https:\\\/\\\/taxhelplaw.com\\\/sptax\\\/wp-content\\\/uploads\\\/2022\\\/01\\\/taxhelpenespanol.jpg\",\"width\":300,\"height\":101},{\"@type\":\"BreadcrumbList\",\"@id\":\"https:\\\/\\\/taxhelplaw.com\\\/sptax\\\/soluciones\\\/pasos-de-casos-auditorias\\\/aviso-cp75\\\/#breadcrumb\",\"itemListElement\":[{\"@type\":\"ListItem\",\"position\":1,\"name\":\"Home\",\"item\":\"https:\\\/\\\/taxhelplaw.com\\\/sptax\\\/\"},{\"@type\":\"ListItem\",\"position\":2,\"name\":\"Soluciones\",\"item\":\"https:\\\/\\\/taxhelplaw.com\\\/sptax\\\/soluciones\\\/\"},{\"@type\":\"ListItem\",\"position\":3,\"name\":\"Auditor\u00edas\",\"item\":\"https:\\\/\\\/taxhelplaw.com\\\/sptax\\\/soluciones\\\/pasos-de-casos-auditorias\\\/\"},{\"@type\":\"ListItem\",\"position\":4,\"name\":\"Aviso CP75\"}]},{\"@type\":\"WebSite\",\"@id\":\"https:\\\/\\\/taxhelplaw.com\\\/sptax\\\/#website\",\"url\":\"https:\\\/\\\/taxhelplaw.com\\\/sptax\\\/\",\"name\":\"J. David Hopkins, JD LLM\",\"description\":\"Maestr\u00eda en Derecho Tributario\",\"publisher\":{\"@id\":\"https:\\\/\\\/taxhelplaw.com\\\/sptax\\\/#organization\"},\"alternateName\":\"TaxHelpLaw en Espa\u00f1ol\",\"potentialAction\":[{\"@type\":\"SearchAction\",\"target\":{\"@type\":\"EntryPoint\",\"urlTemplate\":\"https:\\\/\\\/taxhelplaw.com\\\/sptax\\\/?s={search_term_string}\"},\"query-input\":{\"@type\":\"PropertyValueSpecification\",\"valueRequired\":true,\"valueName\":\"search_term_string\"}}],\"inLanguage\":\"es\"},{\"@type\":\"Organization\",\"@id\":\"https:\\\/\\\/taxhelplaw.com\\\/sptax\\\/#organization\",\"name\":\"TaxHelp, Inc.\",\"url\":\"https:\\\/\\\/taxhelplaw.com\\\/sptax\\\/\",\"logo\":{\"@type\":\"ImageObject\",\"inLanguage\":\"es\",\"@id\":\"https:\\\/\\\/taxhelplaw.com\\\/sptax\\\/#\\\/schema\\\/logo\\\/image\\\/\",\"url\":\"https:\\\/\\\/taxhelplaw.com\\\/sptax\\\/wp-content\\\/uploads\\\/2022\\\/01\\\/taxhelpenespanol.jpg\",\"contentUrl\":\"https:\\\/\\\/taxhelplaw.com\\\/sptax\\\/wp-content\\\/uploads\\\/2022\\\/01\\\/taxhelpenespanol.jpg\",\"width\":300,\"height\":101,\"caption\":\"TaxHelp, Inc.\"},\"image\":{\"@id\":\"https:\\\/\\\/taxhelplaw.com\\\/sptax\\\/#\\\/schema\\\/logo\\\/image\\\/\"}}]}<\/script>\n<!-- \/ Yoast SEO Premium plugin. -->","yoast_head_json":{"title":"Avisos CP75 del IRS - TaxHelpLaw en Espa\u00f1ol","description":"Los Avisos CP75 se usa para informarle a cerca de una carta de notificaci\u00f3n de auditor\u00eda. Responda correctamente.","robots":{"index":"index","follow":"follow","max-snippet":"max-snippet:-1","max-image-preview":"max-image-preview:large","max-video-preview":"max-video-preview:-1"},"canonical":"https:\/\/taxhelplaw.com\/sptax\/soluciones\/pasos-de-casos-auditorias\/aviso-cp75\/","og_locale":"es_MX","og_type":"article","og_title":"Aviso CP75","og_description":"Los Avisos CP75 se usa para informarle a cerca de una carta de notificaci\u00f3n de auditor\u00eda. Responda correctamente.","og_url":"https:\/\/taxhelplaw.com\/sptax\/soluciones\/pasos-de-casos-auditorias\/aviso-cp75\/","og_site_name":"J. David Hopkins, JD LLM","article_modified_time":"2023-02-08T18:28:27+00:00","og_image":[{"url":"https:\/\/taxhelplaw.com\/sptax\/wp-content\/uploads\/2022\/01\/taxhelpenespanol.jpg","type":"","width":"","height":""}],"twitter_card":"summary_large_image","twitter_misc":{"Tiempo de lectura":"3 minutos"},"schema":{"@context":"https:\/\/schema.org","@graph":[{"@type":"WebPage","@id":"https:\/\/taxhelplaw.com\/sptax\/soluciones\/pasos-de-casos-auditorias\/aviso-cp75\/","url":"https:\/\/taxhelplaw.com\/sptax\/soluciones\/pasos-de-casos-auditorias\/aviso-cp75\/","name":"Avisos CP75 del IRS - TaxHelpLaw en Espa\u00f1ol","isPartOf":{"@id":"https:\/\/taxhelplaw.com\/sptax\/#website"},"primaryImageOfPage":{"@id":"https:\/\/taxhelplaw.com\/sptax\/soluciones\/pasos-de-casos-auditorias\/aviso-cp75\/#primaryimage"},"image":{"@id":"https:\/\/taxhelplaw.com\/sptax\/soluciones\/pasos-de-casos-auditorias\/aviso-cp75\/#primaryimage"},"thumbnailUrl":"https:\/\/taxhelplaw.com\/sptax\/wp-content\/uploads\/2022\/01\/taxhelpenespanol.jpg","datePublished":"2015-02-07T02:48:30+00:00","dateModified":"2023-02-08T18:28:27+00:00","description":"Los Avisos CP75 se usa para informarle a cerca de una carta de notificaci\u00f3n de auditor\u00eda. Responda correctamente.","breadcrumb":{"@id":"https:\/\/taxhelplaw.com\/sptax\/soluciones\/pasos-de-casos-auditorias\/aviso-cp75\/#breadcrumb"},"inLanguage":"es","potentialAction":[{"@type":"ReadAction","target":["https:\/\/taxhelplaw.com\/sptax\/soluciones\/pasos-de-casos-auditorias\/aviso-cp75\/"]}]},{"@type":"ImageObject","inLanguage":"es","@id":"https:\/\/taxhelplaw.com\/sptax\/soluciones\/pasos-de-casos-auditorias\/aviso-cp75\/#primaryimage","url":"https:\/\/taxhelplaw.com\/sptax\/wp-content\/uploads\/2022\/01\/taxhelpenespanol.jpg","contentUrl":"https:\/\/taxhelplaw.com\/sptax\/wp-content\/uploads\/2022\/01\/taxhelpenespanol.jpg","width":300,"height":101},{"@type":"BreadcrumbList","@id":"https:\/\/taxhelplaw.com\/sptax\/soluciones\/pasos-de-casos-auditorias\/aviso-cp75\/#breadcrumb","itemListElement":[{"@type":"ListItem","position":1,"name":"Home","item":"https:\/\/taxhelplaw.com\/sptax\/"},{"@type":"ListItem","position":2,"name":"Soluciones","item":"https:\/\/taxhelplaw.com\/sptax\/soluciones\/"},{"@type":"ListItem","position":3,"name":"Auditor\u00edas","item":"https:\/\/taxhelplaw.com\/sptax\/soluciones\/pasos-de-casos-auditorias\/"},{"@type":"ListItem","position":4,"name":"Aviso CP75"}]},{"@type":"WebSite","@id":"https:\/\/taxhelplaw.com\/sptax\/#website","url":"https:\/\/taxhelplaw.com\/sptax\/","name":"J. David Hopkins, JD LLM","description":"Maestr\u00eda en Derecho Tributario","publisher":{"@id":"https:\/\/taxhelplaw.com\/sptax\/#organization"},"alternateName":"TaxHelpLaw en Espa\u00f1ol","potentialAction":[{"@type":"SearchAction","target":{"@type":"EntryPoint","urlTemplate":"https:\/\/taxhelplaw.com\/sptax\/?s={search_term_string}"},"query-input":{"@type":"PropertyValueSpecification","valueRequired":true,"valueName":"search_term_string"}}],"inLanguage":"es"},{"@type":"Organization","@id":"https:\/\/taxhelplaw.com\/sptax\/#organization","name":"TaxHelp, Inc.","url":"https:\/\/taxhelplaw.com\/sptax\/","logo":{"@type":"ImageObject","inLanguage":"es","@id":"https:\/\/taxhelplaw.com\/sptax\/#\/schema\/logo\/image\/","url":"https:\/\/taxhelplaw.com\/sptax\/wp-content\/uploads\/2022\/01\/taxhelpenespanol.jpg","contentUrl":"https:\/\/taxhelplaw.com\/sptax\/wp-content\/uploads\/2022\/01\/taxhelpenespanol.jpg","width":300,"height":101,"caption":"TaxHelp, Inc."},"image":{"@id":"https:\/\/taxhelplaw.com\/sptax\/#\/schema\/logo\/image\/"}}]}},"jetpack_sharing_enabled":true,"_links":{"self":[{"href":"https:\/\/taxhelplaw.com\/sptax\/wp-json\/wp\/v2\/pages\/189","targetHints":{"allow":["GET"]}}],"collection":[{"href":"https:\/\/taxhelplaw.com\/sptax\/wp-json\/wp\/v2\/pages"}],"about":[{"href":"https:\/\/taxhelplaw.com\/sptax\/wp-json\/wp\/v2\/types\/page"}],"author":[{"embeddable":true,"href":"https:\/\/taxhelplaw.com\/sptax\/wp-json\/wp\/v2\/users\/1"}],"replies":[{"embeddable":true,"href":"https:\/\/taxhelplaw.com\/sptax\/wp-json\/wp\/v2\/comments?post=189"}],"version-history":[{"count":12,"href":"https:\/\/taxhelplaw.com\/sptax\/wp-json\/wp\/v2\/pages\/189\/revisions"}],"predecessor-version":[{"id":6628,"href":"https:\/\/taxhelplaw.com\/sptax\/wp-json\/wp\/v2\/pages\/189\/revisions\/6628"}],"up":[{"embeddable":true,"href":"https:\/\/taxhelplaw.com\/sptax\/wp-json\/wp\/v2\/pages\/164"}],"wp:attachment":[{"href":"https:\/\/taxhelplaw.com\/sptax\/wp-json\/wp\/v2\/media?parent=189"}],"curies":[{"name":"wp","href":"https:\/\/api.w.org\/{rel}","templated":true}]}}