{"id":164,"date":"2015-02-06T04:30:52","date_gmt":"2015-02-06T04:30:52","guid":{"rendered":"http:\/\/taxhelplaw.com\/sp\/?page_id=164"},"modified":"2023-04-02T03:27:48","modified_gmt":"2023-04-02T03:27:48","slug":"pasos-de-casos-auditorias","status":"publish","type":"page","link":"https:\/\/taxhelplaw.com\/sptax\/soluciones\/pasos-de-casos-auditorias\/","title":{"rendered":"Auditor\u00edas"},"content":{"rendered":"<p>PASOS DE CASOS A SEGUIR PARA UNA AUDITOR\u00cdA:<\/p>\n<ol>\n<li>Solicite una <a href=\"https:\/\/taxhelplaw.com\/sptax\/recursos-gratis\/transcripciones\/\" target=\"_blank\" rel=\"noopener\">transcripci\u00f3n de ingresos y salarios<\/a> del IRS por el a\u00f1o en cuesti\u00f3n.<\/li>\n<li>Obtenga el Aviso de Auditor\u00eda.<\/li>\n<li>Obtenga su declaraci\u00f3n de impuestos.<\/li>\n<li>Consiga documentos que usted considere de importancia.<\/li>\n<li>H\u00e1blele al Lic. Hopkins en Denver o Colorado Springs y haga una cita o haga clic <a class=\"popup\" title=\"Mensaje\" href=\"https:\/\/taxhelplaw.com\/sptax\/firma\/contactenos\/cita\/\">aqu\u00ed<\/a> para enviar un mensaje.<\/li>\n<li>Traiga todos estos documentos a la cita.<br \/>\n\u00a1Nos vemos!<\/li>\n<\/ol>\n<p>Hay varios avisos de auditor\u00eda que son similares, vea los ejemplos. El IRS pide su respuesta de tres maneras: por <a title=\"Carta 566\" href=\"\/\/taxhelplaw.com\/sptax\/soluciones\/pasos-de-casos-auditorias\/carta-566\/\">correspondencia<\/a>, en la <a title=\"Carta 2202\" href=\"\/\/taxhelplaw.com\/sptax\/soluciones\/pasos-de-casos-auditorias\/carta-2202\/\">oficina<\/a> del IRS, o en su <a title=\"Carta 3572\" href=\"\/\/taxhelplaw.com\/sptax\/soluciones\/pasos-de-casos-auditorias\/carta-3572\/\">casa o negocio<\/a>.<\/p>\n<p>La auditor\u00eda por correspondencia es la m\u00e1s favorable mientras que la \u00faltima es la m\u00e1s grave. Una auditor\u00eda no es solamente una revisi\u00f3n de sus libros de contabilidad, es un proceso legal para investigarlo a usted.<\/p>\n<p>En cualquier proceso legal, lo mejor es buscar ayuda profesional, aunque usted contin\u00fae el proceso solo. Ya que cada caso es diferente, no hay un formulario general para responderle al IRS. Nosotros le formularemos una respuesta.<\/p>\n<p>Es muy importante no confundir una Auditor\u00eda con un proceso de <a title=\"Pasos de Casos \u2013 Errores de Declaraci\u00f3n\" href=\"\/\/taxhelplaw.com\/sptax\/soluciones\/pasos-de-casos-errores-de-declaracion\/\">Error de c\u00e1lculo<\/a>. Una carta de Error de c\u00e1lculo se recibe cuando los expedientes del IRS son diferentes de los suyos. Una auditor\u00eda del IRS es un proceso legal de investigaci\u00f3n.<\/p>\n<p>El IRS no puede comenzar a cobrarle o apropiarse de sus reembolsos as\u00ed que no se preocupe. Ellos quieren revisar y hacer copias de sus papeles personales. Generalmente, piden m\u00e1s documentos de lo que necesitan as\u00ed que tiene que tener cuidado. Siempre es mejor ponerse en contacto con un abogado fiscal antes de ponerse en contacto con el IRS.<\/p>\n<p>Por favor no complete ning\u00fan cuestionario del IRS hasta que haya hablado con el Lic. Hopkins. <em>Vea<\/em> el Formulario <a class=\"popup\" title=\"Formulario 11652\" href=\"\/sptax\/wp-content\/uploads\/2015\/02\/F11652-1.pdf\" target=\"_blank\" rel=\"noopener\">11652<\/a>. \u00a1Lo que usted manda por escrito ser\u00e1 usado en su contra! Por favor revise la lista de <a title=\"Preguntas del IRS en un Audit\u00f3ria\" href=\"https:\/\/taxhelplaw.com\/sptax\/wp-content\/uploads\/2023\/01\/IRS-Preguntas.de_.Entrevista-sp.pdf\" class=\"popup\" rel=\"noopener\">preguntas<\/a> que el IRS le va a hacer durante la entrevista cara a cara, y prep\u00e1rese para las respuestas.<\/p>\n<p>Usted va a tener que probar cada aspecto de su caso o ser\u00e1 rechazado. Sobre todo, no deje que el IRS lo asesore, es mejor recibir ayuda profesional de un abogado fiscal.<\/p>\n<p>Las razones m\u00e1s comunes por las cuales la gente pierde su caso son porque est\u00e1n mal preparados, han cometido errores de procedimiento, o son desorganizados.<\/p>\n<p>Los <a class=\"popup\" title=\"Consejos del IRS\" href=\"\/sptax\/wp-content\/uploads\/2015\/02\/IRSTips-1.pdf\" target=\"_blank\" rel=\"noopener\">consejos<\/a> del IRS para prepararse para una auditor\u00eda son totalmente in\u00fatiles.<\/p>\n<p>Por eso dise\u00f1amos el sitio <a href=\"https:\/\/taxhelplaw.com\/sptax\/autodefensa-contra-una-auditoria-del-irs\/\" target=\"_blank\" rel=\"noopener\">TaxHelpLaw.com<\/a>, para mostrarle c\u00f3mo hay que prepararse para el IRS.<\/p>\n<p><span style=\"text-decoration: underline;\">Representaci\u00f3n para la auditor\u00eda<\/span>: Cuando alguien es auditado, generalmente van al preparador de impuestos para que los represente, lo cual es entendible pero peligroso.<\/p>\n<p>El trabajo de los preparadores de impuestos y contadores p\u00fablicos es preparar impuestos y llevar la contabilidad pero no est\u00e1n acostumbrados a defender a los clientes en las cortes. Los abogados, en cambio, est\u00e1n entrenados para defenderlo en la corte y usar todas las herramientas legales necesarias para su beneficio.<\/p>\n<p>Los preparadores de impuestos y los contadores proveen la evidencia para respaldar el caso.<\/p>\n<p>Por lo tanto, lo ideal para enfrentar su auditor\u00eda ser\u00eda tener la ayuda de un contador p\u00fablico o <a class=\"popup\" title=\"TaxHelpReturns\" href=\"https:\/\/taxhelpreturns.com\" target=\"_blank\" rel=\"noopener\">TaxHelpReturns<\/a>\u00a0 para preparar los documentos, y un abogado que lo represente ante el IRS. De esta manera obtendr\u00eda un defensor y un registro eficiente de los documentos. En cualquier caso, alguien tendr\u00e1 que preparar los documentos.<\/p>\n<p>Si usted necesita contratar a alguien o no, depender\u00e1 de lo problem\u00e1tico y arriesgado de su caso. De ser un problema menor, posiblemente usted lo podr\u00eda hacer solo con un poco de ayuda legal. Si el caso es m\u00e1s grave, lo mejor ser\u00eda contratar a un contador y un abogado.<\/p>\n<p>Pero claro, el costo puede ser inaccesible.<\/p>\n<p><span style=\"text-decoration: underline;\">Auto preparaci\u00f3n<\/span>: la manera m\u00e1s econ\u00f3mica para prepararse para una auditor\u00eda del IRS es usando el programa de <a title=\"TaxHelp Audit - Ahorra dinero y tiempo\" href=\"https:\/\/taxhelplaw.com\/sptax\/autodefensa-contra-una-auditoria-del-irs\/\" target=\"_blank\" rel=\"noopener\">TaxHelpLaw.com<\/a> y preparar los documentos usted mismo. Luego, busque asesoramiento del Lic. Hopkins antes de responderle al IRS.<\/p>\n<p>La ventaja de prepararse solo es que usted entiende sus negocios y sabe d\u00f3nde est\u00e1n sus documentos, a diferencia de un abogado o contador p\u00fablico. Usted podr\u00eda categorizar y tabular su caso m\u00e1s eficientemente. \u00a1El sitio TaxHelpLaw.com le muestra c\u00f3mo hacerlo!<\/p>\n<p>Tal vez usted decida contratar al Lic. Hopkins para que lo represente o tal vez decida proceder solo pero una vez que usted tiene sus documentos en orden, entonces puede hacer mejores decisiones.<\/p>\n<p><span style=\"text-decoration: underline;\"><strong>Pr\u00f3rroga de tiempo<\/strong><\/span>: Si usted ha recibido un aviso pero tiene poco tiempo para responder, podr\u00eda ponerse en contacto con el inspector del IRS para pedir tiempo adicional hasta que pueda hablar con el abogado fiscal. Generalmente otorgan m\u00e1s tiempo. <em>Vea<\/em> los <a title=\"Pasos de Casos \u2013 Pr\u00f3rrogas\" href=\"\/\/taxhelplaw.com\/sptax\/soluciones\/pasos-de-casos-prorrogas\/\" target=\"_blank\" rel=\"noopener\">Pasos de Casos<\/a> a seguir para la Pr\u00f3rroga de tiempo.<\/p>\n<p>El IRS generalmente tiene 3 a\u00f1os para las auditor\u00edas. Si este per\u00edodo se est\u00e1 acabando, tal vez le pidan que firme un consentimiento para extender este per\u00edodo (Formulario <a class=\"popup\" title=\"Formulario 872\" href=\"\/sptax\/wp-content\/uploads\/2015\/02\/Form-872-1.pdf\" target=\"_blank\" rel=\"noopener\">872<\/a>). Por favor no firme este documento sin recibir ayuda legal. Nosotros generalmente no concedemos estas pr\u00f3rrogas al IRS.<\/p>\n<p>Al final de la auditor\u00eda el IRS le enviar\u00e1 una <a href=\"https:\/\/www.irs.gov\/pub\/irs-pdf\/p5sp.pdf\" class=\"popup\">publicaci\u00f3n 5<\/a> explicando (d\u00e9bilmente) el proceso de <a title=\"Apelacion - Ahorra dinero y tiempo\" href=\"https:\/\/taxhelplaw.com\/sptax\/soluciones\/pasos-de-casos-apelaciones-del-irs\/\" target=\"_blank\" rel=\"noopener\">la apelaci\u00f3n<\/a>.<\/p>\n<p>&nbsp;<\/p>\n<p><a href=\"https:\/\/taxhelplaw.com\/sptax\/sample-page-2\/contactenos\/\"><img loading=\"lazy\" decoding=\"async\" class=\"aligncenter size-full wp-image-3464\" title=\"Auditor\u00edas del IRS\" src=\"https:\/\/taxhelplaw.com\/sptax\/wp-content\/uploads\/2022\/01\/taxhelpenespanol.jpg\" alt=\"Auditor\u00edas del IRS. Abogado de derecho fiscal en Colorado Springs. Abogado de impuestos en Colorado Springs\" width=\"300\" height=\"101\" \/><\/a><\/p>\n<p>&nbsp;<\/p>\n<p><em>Las transcripciones de salario e ingresos son expedientes generados por computadoras del IRS basados en su trabajo, banco, compa\u00f1\u00eda de hipoteca, etc. El nombre formal de este documento en Ingl\u00e9s es Informational Return Master File Index (IRMF) y su usted pide la transcripci\u00f3n de salario e ingresos, le enviar\u00e1n este documento.<\/em><\/p>\n","protected":false},"excerpt":{"rendered":"<p>PASOS DE CASOS A SEGUIR PARA UNA AUDITOR\u00cdA: Solicite una transcripci\u00f3n de ingresos y salarios del IRS por el a\u00f1o en cuesti\u00f3n. Obtenga el Aviso de Auditor\u00eda. Obtenga su declaraci\u00f3n de impuestos. Consiga documentos que usted considere de importancia. H\u00e1blele al Lic. Hopkins en Denver o Colorado Springs y haga una cita o haga clic [&hellip;]<\/p>\n","protected":false},"author":1,"featured_media":0,"parent":94,"menu_order":3,"comment_status":"closed","ping_status":"closed","template":"","meta":{"_genesis_hide_title":false,"_genesis_hide_breadcrumbs":false,"_genesis_hide_singular_image":false,"_genesis_hide_footer_widgets":false,"_genesis_custom_body_class":"","_genesis_custom_post_class":"","_genesis_layout":"","footnotes":""},"class_list":{"0":"post-164","1":"page","2":"type-page","3":"status-publish","5":"entry"},"yoast_head":"<!-- This site is optimized with the Yoast SEO Premium plugin v27.0 (Yoast SEO v27.3) - https:\/\/yoast.com\/product\/yoast-seo-premium-wordpress\/ -->\n<title>Auditor\u00edas del IRS. Gane con el abogado- TaxHelpLaw<\/title>\n<meta name=\"description\" content=\"Auditor\u00edas: nuestro abogado fiscal, el Lic. Hopkins, ha preparado pasos a seguir para ayudarlo a confrontar estos casos.\" \/>\n<meta name=\"robots\" content=\"index, follow, max-snippet:-1, max-image-preview:large, max-video-preview:-1\" \/>\n<link rel=\"canonical\" href=\"https:\/\/taxhelplaw.com\/sptax\/soluciones\/pasos-de-casos-auditorias\/\" \/>\n<meta property=\"og:locale\" content=\"es_MX\" \/>\n<meta property=\"og:type\" content=\"article\" \/>\n<meta property=\"og:title\" content=\"Auditor\u00edas\" \/>\n<meta property=\"og:description\" content=\"Auditor\u00edas: nuestro abogado fiscal, el Lic. Hopkins, ha preparado pasos a seguir para ayudarlo a confrontar estos casos.\" \/>\n<meta property=\"og:url\" content=\"https:\/\/taxhelplaw.com\/sptax\/soluciones\/pasos-de-casos-auditorias\/\" \/>\n<meta property=\"og:site_name\" content=\"J. David Hopkins, JD LLM\" \/>\n<meta property=\"article:modified_time\" content=\"2023-04-02T03:27:48+00:00\" \/>\n<meta property=\"og:image\" content=\"https:\/\/taxhelplaw.com\/sptax\/wp-content\/uploads\/2022\/01\/taxhelpenespanol.jpg\" \/>\n<meta name=\"twitter:card\" content=\"summary_large_image\" \/>\n<meta name=\"twitter:label1\" content=\"Tiempo de lectura\" \/>\n\t<meta name=\"twitter:data1\" content=\"5 minutos\" \/>\n<script type=\"application\/ld+json\" class=\"yoast-schema-graph\">{\"@context\":\"https:\\\/\\\/schema.org\",\"@graph\":[{\"@type\":\"WebPage\",\"@id\":\"https:\\\/\\\/taxhelplaw.com\\\/sptax\\\/soluciones\\\/pasos-de-casos-auditorias\\\/\",\"url\":\"https:\\\/\\\/taxhelplaw.com\\\/sptax\\\/soluciones\\\/pasos-de-casos-auditorias\\\/\",\"name\":\"Auditor\u00edas del IRS. Gane con el abogado- TaxHelpLaw\",\"isPartOf\":{\"@id\":\"https:\\\/\\\/taxhelplaw.com\\\/sptax\\\/#website\"},\"primaryImageOfPage\":{\"@id\":\"https:\\\/\\\/taxhelplaw.com\\\/sptax\\\/soluciones\\\/pasos-de-casos-auditorias\\\/#primaryimage\"},\"image\":{\"@id\":\"https:\\\/\\\/taxhelplaw.com\\\/sptax\\\/soluciones\\\/pasos-de-casos-auditorias\\\/#primaryimage\"},\"thumbnailUrl\":\"https:\\\/\\\/taxhelplaw.com\\\/sptax\\\/wp-content\\\/uploads\\\/2022\\\/01\\\/taxhelpenespanol.jpg\",\"datePublished\":\"2015-02-06T04:30:52+00:00\",\"dateModified\":\"2023-04-02T03:27:48+00:00\",\"description\":\"Auditor\u00edas: nuestro abogado fiscal, el Lic. Hopkins, ha preparado pasos a seguir para ayudarlo a confrontar estos casos.\",\"breadcrumb\":{\"@id\":\"https:\\\/\\\/taxhelplaw.com\\\/sptax\\\/soluciones\\\/pasos-de-casos-auditorias\\\/#breadcrumb\"},\"inLanguage\":\"es\",\"potentialAction\":[{\"@type\":\"ReadAction\",\"target\":[\"https:\\\/\\\/taxhelplaw.com\\\/sptax\\\/soluciones\\\/pasos-de-casos-auditorias\\\/\"]}]},{\"@type\":\"ImageObject\",\"inLanguage\":\"es\",\"@id\":\"https:\\\/\\\/taxhelplaw.com\\\/sptax\\\/soluciones\\\/pasos-de-casos-auditorias\\\/#primaryimage\",\"url\":\"https:\\\/\\\/taxhelplaw.com\\\/sptax\\\/wp-content\\\/uploads\\\/2022\\\/01\\\/taxhelpenespanol.jpg\",\"contentUrl\":\"https:\\\/\\\/taxhelplaw.com\\\/sptax\\\/wp-content\\\/uploads\\\/2022\\\/01\\\/taxhelpenespanol.jpg\",\"width\":300,\"height\":101},{\"@type\":\"BreadcrumbList\",\"@id\":\"https:\\\/\\\/taxhelplaw.com\\\/sptax\\\/soluciones\\\/pasos-de-casos-auditorias\\\/#breadcrumb\",\"itemListElement\":[{\"@type\":\"ListItem\",\"position\":1,\"name\":\"Home\",\"item\":\"https:\\\/\\\/taxhelplaw.com\\\/sptax\\\/\"},{\"@type\":\"ListItem\",\"position\":2,\"name\":\"Soluciones\",\"item\":\"https:\\\/\\\/taxhelplaw.com\\\/sptax\\\/soluciones\\\/\"},{\"@type\":\"ListItem\",\"position\":3,\"name\":\"Auditor\u00edas\"}]},{\"@type\":\"WebSite\",\"@id\":\"https:\\\/\\\/taxhelplaw.com\\\/sptax\\\/#website\",\"url\":\"https:\\\/\\\/taxhelplaw.com\\\/sptax\\\/\",\"name\":\"J. David Hopkins, JD LLM\",\"description\":\"Maestr\u00eda en Derecho Tributario\",\"publisher\":{\"@id\":\"https:\\\/\\\/taxhelplaw.com\\\/sptax\\\/#organization\"},\"alternateName\":\"TaxHelpLaw en Espa\u00f1ol\",\"potentialAction\":[{\"@type\":\"SearchAction\",\"target\":{\"@type\":\"EntryPoint\",\"urlTemplate\":\"https:\\\/\\\/taxhelplaw.com\\\/sptax\\\/?s={search_term_string}\"},\"query-input\":{\"@type\":\"PropertyValueSpecification\",\"valueRequired\":true,\"valueName\":\"search_term_string\"}}],\"inLanguage\":\"es\"},{\"@type\":\"Organization\",\"@id\":\"https:\\\/\\\/taxhelplaw.com\\\/sptax\\\/#organization\",\"name\":\"TaxHelp, Inc.\",\"url\":\"https:\\\/\\\/taxhelplaw.com\\\/sptax\\\/\",\"logo\":{\"@type\":\"ImageObject\",\"inLanguage\":\"es\",\"@id\":\"https:\\\/\\\/taxhelplaw.com\\\/sptax\\\/#\\\/schema\\\/logo\\\/image\\\/\",\"url\":\"https:\\\/\\\/taxhelplaw.com\\\/sptax\\\/wp-content\\\/uploads\\\/2022\\\/01\\\/taxhelpenespanol.jpg\",\"contentUrl\":\"https:\\\/\\\/taxhelplaw.com\\\/sptax\\\/wp-content\\\/uploads\\\/2022\\\/01\\\/taxhelpenespanol.jpg\",\"width\":300,\"height\":101,\"caption\":\"TaxHelp, Inc.\"},\"image\":{\"@id\":\"https:\\\/\\\/taxhelplaw.com\\\/sptax\\\/#\\\/schema\\\/logo\\\/image\\\/\"}}]}<\/script>\n<!-- \/ Yoast SEO Premium plugin. -->","yoast_head_json":{"title":"Auditor\u00edas del IRS. Gane con el abogado- TaxHelpLaw","description":"Auditor\u00edas: nuestro abogado fiscal, el Lic. Hopkins, ha preparado pasos a seguir para ayudarlo a confrontar estos casos.","robots":{"index":"index","follow":"follow","max-snippet":"max-snippet:-1","max-image-preview":"max-image-preview:large","max-video-preview":"max-video-preview:-1"},"canonical":"https:\/\/taxhelplaw.com\/sptax\/soluciones\/pasos-de-casos-auditorias\/","og_locale":"es_MX","og_type":"article","og_title":"Auditor\u00edas","og_description":"Auditor\u00edas: nuestro abogado fiscal, el Lic. Hopkins, ha preparado pasos a seguir para ayudarlo a confrontar estos casos.","og_url":"https:\/\/taxhelplaw.com\/sptax\/soluciones\/pasos-de-casos-auditorias\/","og_site_name":"J. David Hopkins, JD LLM","article_modified_time":"2023-04-02T03:27:48+00:00","og_image":[{"url":"https:\/\/taxhelplaw.com\/sptax\/wp-content\/uploads\/2022\/01\/taxhelpenespanol.jpg","type":"","width":"","height":""}],"twitter_card":"summary_large_image","twitter_misc":{"Tiempo de lectura":"5 minutos"},"schema":{"@context":"https:\/\/schema.org","@graph":[{"@type":"WebPage","@id":"https:\/\/taxhelplaw.com\/sptax\/soluciones\/pasos-de-casos-auditorias\/","url":"https:\/\/taxhelplaw.com\/sptax\/soluciones\/pasos-de-casos-auditorias\/","name":"Auditor\u00edas del IRS. Gane con el abogado- TaxHelpLaw","isPartOf":{"@id":"https:\/\/taxhelplaw.com\/sptax\/#website"},"primaryImageOfPage":{"@id":"https:\/\/taxhelplaw.com\/sptax\/soluciones\/pasos-de-casos-auditorias\/#primaryimage"},"image":{"@id":"https:\/\/taxhelplaw.com\/sptax\/soluciones\/pasos-de-casos-auditorias\/#primaryimage"},"thumbnailUrl":"https:\/\/taxhelplaw.com\/sptax\/wp-content\/uploads\/2022\/01\/taxhelpenespanol.jpg","datePublished":"2015-02-06T04:30:52+00:00","dateModified":"2023-04-02T03:27:48+00:00","description":"Auditor\u00edas: nuestro abogado fiscal, el Lic. Hopkins, ha preparado pasos a seguir para ayudarlo a confrontar estos casos.","breadcrumb":{"@id":"https:\/\/taxhelplaw.com\/sptax\/soluciones\/pasos-de-casos-auditorias\/#breadcrumb"},"inLanguage":"es","potentialAction":[{"@type":"ReadAction","target":["https:\/\/taxhelplaw.com\/sptax\/soluciones\/pasos-de-casos-auditorias\/"]}]},{"@type":"ImageObject","inLanguage":"es","@id":"https:\/\/taxhelplaw.com\/sptax\/soluciones\/pasos-de-casos-auditorias\/#primaryimage","url":"https:\/\/taxhelplaw.com\/sptax\/wp-content\/uploads\/2022\/01\/taxhelpenespanol.jpg","contentUrl":"https:\/\/taxhelplaw.com\/sptax\/wp-content\/uploads\/2022\/01\/taxhelpenespanol.jpg","width":300,"height":101},{"@type":"BreadcrumbList","@id":"https:\/\/taxhelplaw.com\/sptax\/soluciones\/pasos-de-casos-auditorias\/#breadcrumb","itemListElement":[{"@type":"ListItem","position":1,"name":"Home","item":"https:\/\/taxhelplaw.com\/sptax\/"},{"@type":"ListItem","position":2,"name":"Soluciones","item":"https:\/\/taxhelplaw.com\/sptax\/soluciones\/"},{"@type":"ListItem","position":3,"name":"Auditor\u00edas"}]},{"@type":"WebSite","@id":"https:\/\/taxhelplaw.com\/sptax\/#website","url":"https:\/\/taxhelplaw.com\/sptax\/","name":"J. David Hopkins, JD LLM","description":"Maestr\u00eda en Derecho Tributario","publisher":{"@id":"https:\/\/taxhelplaw.com\/sptax\/#organization"},"alternateName":"TaxHelpLaw en Espa\u00f1ol","potentialAction":[{"@type":"SearchAction","target":{"@type":"EntryPoint","urlTemplate":"https:\/\/taxhelplaw.com\/sptax\/?s={search_term_string}"},"query-input":{"@type":"PropertyValueSpecification","valueRequired":true,"valueName":"search_term_string"}}],"inLanguage":"es"},{"@type":"Organization","@id":"https:\/\/taxhelplaw.com\/sptax\/#organization","name":"TaxHelp, Inc.","url":"https:\/\/taxhelplaw.com\/sptax\/","logo":{"@type":"ImageObject","inLanguage":"es","@id":"https:\/\/taxhelplaw.com\/sptax\/#\/schema\/logo\/image\/","url":"https:\/\/taxhelplaw.com\/sptax\/wp-content\/uploads\/2022\/01\/taxhelpenespanol.jpg","contentUrl":"https:\/\/taxhelplaw.com\/sptax\/wp-content\/uploads\/2022\/01\/taxhelpenespanol.jpg","width":300,"height":101,"caption":"TaxHelp, Inc."},"image":{"@id":"https:\/\/taxhelplaw.com\/sptax\/#\/schema\/logo\/image\/"}}]}},"jetpack_sharing_enabled":true,"_links":{"self":[{"href":"https:\/\/taxhelplaw.com\/sptax\/wp-json\/wp\/v2\/pages\/164","targetHints":{"allow":["GET"]}}],"collection":[{"href":"https:\/\/taxhelplaw.com\/sptax\/wp-json\/wp\/v2\/pages"}],"about":[{"href":"https:\/\/taxhelplaw.com\/sptax\/wp-json\/wp\/v2\/types\/page"}],"author":[{"embeddable":true,"href":"https:\/\/taxhelplaw.com\/sptax\/wp-json\/wp\/v2\/users\/1"}],"replies":[{"embeddable":true,"href":"https:\/\/taxhelplaw.com\/sptax\/wp-json\/wp\/v2\/comments?post=164"}],"version-history":[{"count":17,"href":"https:\/\/taxhelplaw.com\/sptax\/wp-json\/wp\/v2\/pages\/164\/revisions"}],"predecessor-version":[{"id":7690,"href":"https:\/\/taxhelplaw.com\/sptax\/wp-json\/wp\/v2\/pages\/164\/revisions\/7690"}],"up":[{"embeddable":true,"href":"https:\/\/taxhelplaw.com\/sptax\/wp-json\/wp\/v2\/pages\/94"}],"wp:attachment":[{"href":"https:\/\/taxhelplaw.com\/sptax\/wp-json\/wp\/v2\/media?parent=164"}],"curies":[{"name":"wp","href":"https:\/\/api.w.org\/{rel}","templated":true}]}}